-- Table structure for table `route`
--

CREATE TABLE `route` (
  `id` int(11) NOT NULL,
  `route_internal_name` varchar(255) DEFAULT NULL,
  `route_name` varchar(255) DEFAULT NULL,
  `state` int(11) DEFAULT NULL,
  `wb_eb` varchar(255) DEFAULT NULL,
  `route_make` text,
  `description` text,
  `image_thumb` varchar(255) DEFAULT NULL,
  `imageHeader1` varchar(255) DEFAULT NULL,
  `created_at` datetime NOT NULL
) ENGINE=InnoDB DEFAULT CHARSET=latin1;

--
-- Dumping data for table `route`
--

INSERT INTO `route` (`id`, `route_internal_name`, `route_name`, `state`, `wb_eb`, `route_make`, `description`, `image_thumb`, `imageHeader1`, `created_at`) VALUES
(92, 'Recommended EB-OK1 | 728-490 | TX to OKC Western Ave', 'Recommended Route', 4, 'eb', '728,506,505,723,601,478,477,605,642,643,501,500,476,475,634,631,451,468,467,466,599,819,649,650,520,482,636,481,635,480,479,600,818,474,560,817,912,816,521,815,449,490', NULL, '201904021913161554232396bFAqQS7rxD.png', NULL, '2019-04-02 20:00:23'),
(93, 'Recommended EB-OK2 | 487-446 | OKC to E Arcadia', 'Recommended Route', 4, 'eb', '487,488,854,486,722,904,448,447,851,446', NULL, '2019040219454715542343477W8eVaCZSF.png', NULL, '2019-04-02 20:07:23'),
(94, 'Recommended EB-OK3 | 814-x | Arcadia Old Loop', 'Recommended Route', 4, 'eb', '814', NULL, '201904022007021554235622cpmswgMh2D.png', NULL, '2019-04-02 20:07:42'),
(95, 'Recommended EB-OK4 | 445-637 | Arcadia Old Loop to Wellston', 'Recommended Route', 4, 'eb', '445,595,603,670,637', NULL, '201904022011251554235885XxxK1Wd7OH.png', NULL, '2019-04-03 16:20:10'),
(96, 'Recommended EB-OK5 | 499-497 | Old Ozark Trail', 'Recommended Route', 4, 'eb', '499,498,497', NULL, '201904022107371554239257a76gotSP4C.png', NULL, '2019-04-02 21:07:37'),
(97, 'Recommended EB-OK6 | 495-769 | Old Ozark Trail to Tulsa 11th and Cheyenne Ave', 'Recommended Route', 4, 'eb', '495,494,766,509,510,508,507,910,690,514,769', NULL, '201904022128091554240489KRqzOh06r2.png', NULL, '2019-04-02 22:43:24'),
(98, 'Recommended EB-OK7 | 687-899 | 11th & Cheyenne to Route 66 Rising', 'Recommended Route', 4, 'eb', '687,513,688,645,773,850,911,644,511,899', NULL, '2019040221311715542406776GR1bxiv76.png', NULL, '2019-04-02 22:39:13'),
(99, 'Recommended EB-OK8 | 930-465 | Tulsa to Claremore', 'Recommended Route', 4, 'eb', '930,515,632,452,668,810,811,465', NULL, '201904022137591554241079vcWE0Cyzv8.png', NULL, '2019-04-02 22:41:44'),
(100, 'Recommended EB-OK9 | 598-463 | Claremore', 'Recommended Route', 4, 'eb', '598,463', NULL, '201904022139091554241149fvBICyxKHu.png', NULL, '2019-04-02 22:41:25'),
(101, 'Recommended EB-OK10 | 809-909 | Foyil old alignment', 'Recommended Route', 4, 'eb', '809,686,909', NULL, '201904022142491554241369CLcDAQ9mDE.png', NULL, '2019-04-02 22:41:00'),
(102, 'Recommended EB-OK11 | 461-629 | Chelsea to Afton', 'Recommended Route', 4, 'eb', '461,460,459,648,519,516,779,517,732,444,443,630,629', NULL, '201904022203361554242616gj1kYGy66s.png', NULL, '2019-04-02 22:40:40'),
(103, 'Recommended EB-OK12 | 442 | Afton north-east curve', 'Recommended Route', 4, 'eb', '442', NULL, '201904022204471554242687c7rhISbiwu.png', NULL, '2019-04-02 22:40:20'),
(104, 'Recommended EB-OK13 | 485-639 | Afton to Commerce', 'Recommended Route', 4, 'eb', '485,907,638,483,484,760,639', NULL, '201904022209481554242988l6oX86HhG8.png', NULL, '2019-04-02 22:40:03'),
(105, 'Recommended EB-OK14 | 470-472 | Commerce old alignment', 'Recommended Route', 4, 'eb', '470,473,472', NULL, '201904022213591554243239AQVm79Htdd.png', NULL, '2019-04-02 22:39:47'),
(106, 'Recommended EB-OK15 | 469-290 | Commerce to KS', 'Recommended Route', 4, 'eb', '469,906', NULL, '201904022216101554243370oINUxyA2bO.png', NULL, '2019-04-02 22:39:31'),
(108, 'Recommended WB-OK1 | 724-469 | KS to Commerce', 'Recommended Route', 4, 'wb', '724,906,469', NULL, '201904022315581554246958Blo3dmXydI.png', NULL, '2019-04-02 23:15:58'),
(109, 'Recommended WB-OK2 | 472-473 | Commerce old alignment', 'Recommended Route', 4, 'wb', '472,473,470', NULL, '201904022317051554247025BPv6jiP31I.png', NULL, '2019-04-02 23:17:05'),
(110, 'Recommended WB-OK3 | 639-485 | Commerce to Afton', 'Recommended Route', 4, 'wb', '639,760,484,483,638,907,485', NULL, '201904022332201554247940DZm6LkMXoV.png', NULL, '2019-04-02 23:32:20'),
(111, 'Recommended WB-OK4 | 442 | Afton north-east', 'Recommended Route', 4, 'wb', '442', NULL, '201904022344401554248680tKo022RGwg.png', NULL, '2019-04-02 23:44:40'),
(112, 'Recommended WB-OK5 | 629-648 | Afton to Chelsea', 'Recommended Route', 4, 'wb', '629,630,443,444,732,517,779,516,519,648', NULL, '2019040223475715542488774gKInFSSrS.png', NULL, '2019-04-02 23:47:57'),
(113, 'Recommended WB-OK6 | 459 | Chelsea old bridge alignment', 'Recommended Route', 4, 'wb', '459', NULL, '201904022349481554248988ufEeEjghr6.png', NULL, '2019-04-02 23:49:48'),
(114, 'Recommended WB-OK7 | 461 | Chelsea', 'Recommended Route', 4, 'wb', '461', NULL, '2019040223514615542491063E9xVAe5bg.png', NULL, '2019-04-02 23:51:46'),
(115, 'Recommended WB-OK8 | 909-809 | Foyil old alignment', 'Recommended Route', 4, 'wb', '909,686,809', NULL, '201904022353351554249215vanFkZ2a0P.png', NULL, '2019-04-02 23:53:35'),
(116, 'Recommended WB-OK9 | 463-598 | Claremore', 'Recommended Route', 4, 'wb', '463,598', NULL, '201904022355381554249338Ek0hwtKTWf.png', NULL, '2019-04-02 23:55:38'),
(117, 'Recommended WB-OK10 | 465-899 | Catoosa to Tulsa Rising', 'Recommended Route', 4, 'wb', '465,811,810,668,452,632,515,930,899', NULL, '201904022357591554249479FeUogopuRL.png', NULL, '2019-04-02 23:57:59'),
(118, 'Recommended WB-OK11 | 511-687 | Tulsa Rising to 11th & Cheyenne Ave', 'Recommended Route', 4, 'wb', '511,644,911,850,773,645,688,513,687', NULL, '201904022359391554249579AMMZitZ9wE.png', NULL, '2019-04-03 00:00:15'),
(119, 'Recommended WB-OK12 | 514-495 | 11th & Cheyenne Ave to Gas Pump Auto Museum', 'Recommended Route', 4, 'wb', '514,690,769,910,507,508,510,509,766,494,495', NULL, '201904030002561554249776hhwYyNr0rT.png', NULL, '2019-04-03 00:02:56'),
(120, 'Recommended WB-OK13 | 640-499 | Old Ozark Trail', 'Recommended Route', 4, 'wb', '640,497,498,499', NULL, '201904030005011554249901forWbdV9KC.png', NULL, '2019-04-03 00:05:01'),
(121, 'Recommended WB-OK14 | 602-458 | Old Ozark Trail to Warwick', 'Recommended Route', 4, 'wb', '602,641,450,679,502,503,453,454,456,457,597,458', NULL, '201904030008461554250126iwiy3N8VhV.png', NULL, '2019-04-03 00:08:46'),
(122, 'Recommended WB-OK15 | 637-445 | Wellston to Arcadia', 'Recommended Route', 4, 'wb', '637,670,603,595,445', NULL, '201904030010261554250226tBZ7n5XZZV.png', NULL, '2019-04-03 00:10:26'),
(123, 'Recommended WB-OK16 | 814 | Old Arcadia Alignment', 'Recommended Route', 4, 'wb', '814', NULL, '201904030011221554250282tr5cgbxebk.png', NULL, '2019-04-03 00:11:22'),
(124, 'Recommended WB-OK17 | 446-722 | Arcadia to OKC', 'Recommended Route', 4, 'wb', '446,851,447,448,904,722', NULL, '201904030013251554250405JeX5giV4g0.png', NULL, '2019-04-03 00:13:25'),
(125, 'Recommended WB-OK18 | 486-487 | OKC 23rd st', 'Recommended Route', 4, 'wb', '486,854,487', NULL, '201904031553421554306822dZe2gSY4Wf.png', NULL, '2019-04-03 15:53:42'),
(126, 'Recommended WB-OK19 | 488-728 | OKC to TX', 'Recommended Route', 4, 'wb', '488,490,449,521,912,817,560,474,818,600,479,480,635,481,636,482,520,650,819,599,466,467,451,631,634,475,476,500,501,642,605,477,478,601,723,505,506,728', NULL, '201904031611261554307886GG1DtpjqIx.png', NULL, '2019-04-03 16:11:56'),
(127, 'Recommended EB-OK4.7 | 458-602 | Wellston to Old Ozark Trail', 'Recommended Route', 4, 'wb', '458,597,457,456,454,453,503,502,813,679,450,641,602', NULL, '2019040316212615543084868pEFSLbfu7.png', NULL, '2019-04-03 16:21:26'),
(128, 'Alt EB-OK4.3 | 651 | Wellston', 'Wellston Old Loop', 4, 'wb', '651', 'Three-mile loop of older Route 66 alignment through Wellston, Oklahoma.', '201904031824001554315840w5mrYaxvhC.png', NULL, '2019-04-03 18:24:00'),
(129, 'Recommended EB-OK4.3 | empty | Wellston', 'Recommended Route', 4, 'wb', NULL, NULL, '201904031625251554308725qsiCfSxnsQ.png', NULL, '2019-04-03 16:25:25'),
(130, 'Alt WB-OK4.3 | 651 | Wellston', 'Recommended Route', 4, 'wb', '651', NULL, '2019040318233915543158192kQB5gxdbL.png', NULL, '2019-04-03 18:23:39'),
(131, 'Recommended WB-OK4.3 | empty | Wellston', 'Recommended Route', 4, 'wb', NULL, NULL, '201904031640141554309614tTX7rP0ixO.png', NULL, '2019-04-03 16:40:44'),
(132, 'Recommended KS-WB1 | 725-297 | MO border to Main & 7th', 'Recommended Route', 3, 'wb', '725,771,293,564,294,296,297', NULL, '201904031724201554312260WQJf7YABYK.png', NULL, '2019-04-03 17:24:20'),
(133, 'Recommended KS-WB2 | 297-x | Main & 7th to Rainbow Bridge', 'Recommended Route', 3, 'wb', '297,849,871,299,301,905,302', NULL, '201904031725561554312356grnsk8ZQyj.png', NULL, '2019-04-03 17:25:56'),
(134, 'Recommended KS-WB3 | 289 | Rainbow Bridge', 'Recommended Route', 3, 'wb', '289', NULL, '201904031726331554312393TUCX1qHTHt.png', NULL, '2019-04-03 17:26:33'),
(135, 'ALT KS-WB3b | blank | Route 66 around Rainbow Bridge', 'Alt Route', 3, 'wb', NULL, 'Bypass the Rainbow Bridge. You will travel next to the bridge on a newer alignment. This is recommended for large or heavy vehicles.', '201904031822551554315775XB3n7u1h1X.png', NULL, '2019-04-03 19:07:58'),
(136, 'Recommended KS-WB4 | 290-292 | Rainbow Bridge to OK', 'Recommended Route', 3, 'wb', '290,932,292', NULL, '201904031729381554312578288yn92SDm.png', NULL, '2019-04-03 18:11:18'),
(139, 'Recommended KS-EB1 | 724-x | KS to Baxter Springs', 'Recommended Route', 3, 'eb', '724,292,932,290', NULL, '201904031814071554315247yVLqrtdmyo.png', NULL, '2019-04-03 18:14:07'),
(140, 'Recommended KS-EB2 | 289 | Rainbow Bridge', 'Recommended Route', 3, 'eb', '289', NULL, '201904031815101554315310ezhttb9PDO.png', NULL, '2019-04-03 18:15:10'),
(141, 'ALT KS-EB2a | blank | Rainbow Bridge bypass', 'Alternate Route', 3, 'eb', NULL, 'Bypass the Rainbow Bridge. You will travel next to the bridge on a newer alignment. This is recommended for large or heavy vehicles.', '201904031823141554315794Iwfagz0yky.png', NULL, '2019-04-03 19:07:34'),
(142, 'Recommended KS-EB3 | 302-297 | Rainbow bridge to 7th & Main (Galena)', 'Recommended Route', 3, 'eb', '302,905,301,299,871,849,297', NULL, '201904031818091554315489G49PB9SfEk.png', NULL, '2019-04-03 18:18:09'),
(143, 'Recommended KS-EB4 | x-x | 7th & Main (Galena) to MO', 'Recommended Route', 3, 'eb', '296,294,564,293,771', NULL, '201904031819111554315551rjGRhBIAa7.png', NULL, '2019-04-03 18:19:11'),
(144, 'Recommended IL-WB1 | 781-12 | Chicago START to Harlem & Ogden Ave', 'Recommended Route', 1, 'wb', '781,844,5,6,843,7,845,9,10,11,12', 'Recommended start of Route 66 in Chicago, Illinois.', '201904040053361554339216t4ZkoTrHdl.png', NULL, '2019-04-04 00:53:36'),
(145, 'Recommended IL-WB2 | 846 | Hofman Tower segment', 'Recommended Route', 1, 'wb', '846', '1926-1929 alignment of Route 66 through a more congested area, that includes the Hofmann Tower. [2.3 miles]', '201904040054361554339276OhdnVX4dm8.png', NULL, '2019-04-06 16:28:05'),
(146, 'Recommended IL-WB3 | 848-15 | Lawndale Ave & Joliet Rd to RT53 split', 'Recommended Route', 1, 'wb', '848,847,13,15', NULL, '201904040103231554339803P4IjmH9nmI.png', NULL, '2019-04-04 21:53:28'),
(147, 'Recommended IL-WB4 | 18-33 | RT53 split to Speedways', 'Recommended Route', 1, 'wb', '18,19,20,21,574,731,29,30,575,573,32,33', NULL, '201904040106051554339965vVwBWHJIvH.png', NULL, '2019-04-04 01:12:07'),
(148, 'Recommended IL-WB5 | 35-41 | Speedways to Polkadot DriveIn', 'Recommended Route', 1, 'wb', '35,36,37,569,38,40,669,570,572,571,863,41', NULL, '201904040108071554340087Lq2bW0QyzV.png', NULL, '2019-04-04 01:12:31'),
(149, 'Recommended IL-WB6 | 43-44 | Braidwood split to Gardner Split', 'Recommended Route', 1, 'wb', '43,576,44', NULL, '2019040401094215543401825PuJgxPsrk.png', NULL, '2019-04-04 01:12:50'),
(150, 'Recommended IL-WB7 | 213-46 | Gardner Split to Gardner split south', 'Recommended Route', 1, 'wb', '213,45,47,46', NULL, '201904040111371554340297CAKoAlEZuL.png', NULL, '2019-04-04 01:13:09'),
(151, 'Recommended IL-WB8 | blank | Gardner split south to Dwight split north', 'Recommended Route', 1, 'wb', NULL, NULL, '201904040114401554340480KGThoSw7x5.png', NULL, '2019-04-04 01:14:40'),
(152, 'Recommended IL-WB9 | 48-50 | Dwight IL', 'Recommended Route', 1, 'wb', '48,49,200,50', NULL, '201904040116271554340587rNbXL8PGv8.png', NULL, '2019-04-04 01:16:27'),
(153, 'Recommended IL-WB10 | blank | Dwight split south to Odell split north', 'Recommended Route', 1, 'wb', NULL, NULL, '2019040401173815543406582O4amYq24j.png', NULL, '2019-04-04 01:17:38'),
(154, 'Recommended IL-WB11 | 610-52 | Odell IL', 'Recommended Route', 1, 'wb', '610,51,52', NULL, '201904040118411554340721thJPUVbJGk.png', NULL, '2019-04-04 01:18:41'),
(155, 'Recommended IL-WB12 | 789-183 | Odell split south to Pontiac split north', 'Recommended Route', 1, 'wb', '789,183', NULL, '201904040120351554340835bezxwduJBn.png', NULL, '2019-04-04 01:20:35'),
(156, 'Recommended IL-WB13 | 53-56 | Pontiac IL', 'Recommended Route', 1, 'wb', '53,54,55,260,936,56', NULL, '201904040122041554340924i8FhVXbxjr.png', NULL, '2019-04-04 01:59:33'),
(157, 'Recommended IL-WB14 | 261-798 | Pontiac split south to Lexington north split', 'Recommended Route', 1, 'wb', '261,798', NULL, '201904040123301554341010b4btKkCnCq.png', NULL, '2019-04-04 01:23:30'),
(158, 'Side Trip | Downtown Pontiac IL', 'Downtown Pontiac', 1, NULL, NULL, 'This Side Trip to Downtown Pontiac, Illinois, includes the Route 66 Museum, Pontiac Automobile Museum, historic Square, and other attractions. Highly recommended Side Trip!', '201904040140511554342051bCr0845jyO.png', NULL, '2019-04-04 01:40:51'),
(159, 'Recommended IL-WB15 | 223-224 | Lexington north split to Lexington 66 & Main st', 'Recommended Route', 1, 'wb', '223,562,224', NULL, '201904041708131554397693mVcmGdDRbR.png', NULL, '2019-04-04 17:08:13'),
(160, 'Recommended IL-WB16 | 225 | Lexington split south to Towanda split north', 'Recommended Route', 1, 'wb', '225', NULL, '201904041714381554398078vk463KWvIY.png', NULL, '2019-04-04 17:14:38'),
(161, 'Recommended IL-WB17 | 282 | Towanda split north to main intersection', 'Recommended Route', 1, 'wb', '282', NULL, '2019040417161715543981775rkwZvzRaI.png', NULL, '2019-04-04 17:16:17'),
(162, 'Recommended IL-WB18 | 281-284 | Towanda Dead Mans Curve', 'Recommended Route', 1, 'wb', '281,284', NULL, '201904041717351554398255V4NKSDQIqR.png', NULL, '2019-04-04 17:17:35'),
(163, 'Recommended IL-WB19 | 285 | Towanda split south to Normal', 'Recommended Route', 1, 'wb', '285', NULL, '201904041722471554398567m3kNPLrkVG.png', NULL, '2019-04-04 17:22:47'),
(164, 'Recommended IL-WB20 | 568-730 | Normal to Bloomington split at Center & Oakland', 'Recommended Route', 1, 'wb', '568,249,250,251,169,730', NULL, '201904041727581554398878pyPZbObU3u.png', NULL, '2019-04-04 17:27:58'),
(165, 'Recommended IL-WB21 | 694-841 | Bloomington split at Center & Oakland to Morris & Veterans Pkwy', 'Recommended Route', 1, 'wb', '694,841', NULL, '201904041729171554398957GS5EUrmR4L.png', NULL, '2019-04-04 17:56:02'),
(166, 'Recommended IL-WB22 | 170-244 | Bloomington split at Morris & Veterans Pkwy to Atlanta split north', 'Recommended Route', 1, 'wb', '170,242,254,244', NULL, '201904041731541554399114yUdJfwIxLS.png', NULL, '2019-04-04 17:31:54'),
(167, 'Recommended IL-WB23 | 159-164 | Atlanta IL', 'Recommended Route', 1, 'wb', '159,161,160,162,163,164', NULL, '201904041733011554399181qarBNRBT2X.png', NULL, '2019-04-04 17:33:01'),
(168, 'Recommended IL-WB24 | 563-232 | Lincoln IL', 'Recommended Route', 1, 'wb', '563,229,228,232', NULL, '201904041739521554399592P5KeVUlNjJ.png', NULL, '2019-04-04 17:39:52'),
(169, 'Recommended IL-WB25 | blank | Lincoln IL RT66 between Stringer Ave and Kenwood Dr', 'Recommended Route', 1, 'wb', NULL, NULL, '201904041741161554399676e9vcQ6AC33.png', NULL, '2019-04-04 17:41:16'),
(170, 'Recommended IL-WB26 | 233 | Lincoln IL north side Ghost Bridge loop', 'Recommended Route', 1, 'wb', '233', NULL, '201904041742311554399751jCscbwYbi4.png', NULL, '2019-04-04 17:55:19'),
(171, 'Recommended IL-WB27 | 174-210 | Lincoln IL RT66 at Broadwell Dr to Williamsville IL split north', 'Recommended Route', 1, 'wb', '174,175,210', NULL, '201904041754581554400498vS7rbUuIck.png', NULL, '2019-04-04 17:55:36'),
(172, 'Recommended IL-WB28 | 742-287 | Williamsville IL split north to RT66 & Stuttle Rd', 'Recommended Route', 1, 'wb', '742,287', NULL, '201904041759371554400777JToZn5zxpD.png', NULL, '2019-04-04 18:13:42'),
(173, 'Recommended IL-WB29 | 253-618 | Williamsville IL RT66 & Stuttle Rd to Springfield IL split at 9th & Capitol Ave', 'Recommended Route', 1, 'wb', '253,271,265,674,618', NULL, '2019040418095915544013995MNH88NwAD.png', NULL, '2019-04-04 18:09:59'),
(174, 'Recommended IL-WB30 | 264-613 | Springfield IL split at 9th & Capitol Ave to split at I-55 & Palm Rd', 'Recommended Route', 1, 'wb', '264,902,663,268,269,613', NULL, '201904041812511554401571sOhWUAxbn2.png', NULL, '2019-04-04 19:19:24'),
(175, 'Recommended IL-WB31 | 800 | Springfield IL split at I-55 & Palm Rd to Chatham', 'Recommended Route', 1, 'wb', '800', NULL, '201904041918231554405503ykqNBqKXSG.png', NULL, '2019-04-04 19:18:45'),
(176, 'Recommended IL-WB32 | 167 | Chatham IL intersection to Thayer IL split north', 'Recommended Route', 1, 'wb', '167', NULL, '2019040419212615544056864bxFuWi7qR.png', NULL, '2019-04-04 19:21:46'),
(177, 'Recommended IL-WB33 | blank | Thayer IL Route 4', 'Recommended Route', 1, 'wb', NULL, NULL, '201904041922401554405760LDdNf7Sbh2.png', NULL, '2019-04-04 19:23:00'),
(178, 'Recommended IL-WB34 | 215 | Thayer IL split south to Girard split south', 'Recommended Route', 1, 'wb', '215', NULL, '201904041924381554405878VhBo4RAG2P.png', NULL, '2019-04-04 19:24:38'),
(179, 'Recommended IL-WB35 | blank | Girard IL split south to Nilwood IL | old alignment', 'Recommended Route', 1, 'wb', NULL, NULL, '201904041930001554406200CBwpOdg8jH.png', NULL, '2019-04-04 19:30:00'),
(180, 'Recommended IL-WB36 | blank | Nilwood IL | Route 4 from Nilwood to old alignment turn', 'Recommended Route', 1, 'wb', NULL, NULL, '201904041932081554406328qpDXVKNjpL.png', NULL, '2019-04-04 19:32:08'),
(181, 'Recommended IL-WB37 | 248 | Nilwood IL Turkey Tracks old alignment', 'Recommended Route', 1, 'wb', '248', NULL, '201904041933101554406390volFFqxn0X.png', NULL, '2019-04-04 19:33:10'),
(182, 'Recommended IL-WB38 | 182-181 | Nilwood IL Turkey Tracks old alignment split south to Deerfield Rd split north', 'Recommended Route', 1, 'wb', '182,176,177,178,180,179,181', NULL, '201904041939461554406786zn4KLTkk6h.png', NULL, '2019-04-04 19:39:46'),
(183, 'Recommended IL-WB39 | blank | Route 4 Deerfield Rd', 'Recommended Route', 1, 'wb', NULL, NULL, '2019040419405215544068524WFWkPlV25.png', NULL, '2019-04-04 19:40:52'),
(184, 'Recommended IL-WB40 | 746 | Route 4 Deerfield Rd split south to Fritz Ln', 'Recommended Route', 1, 'wb', '746', NULL, '201904041943101554406990W14IHr4Iyc.png', NULL, '2019-04-04 19:43:10'),
(185, 'Recommended IL-WB41 | blank | Route 4 around Fritz Ln', 'Recommended Route', 1, 'wb', NULL, NULL, '201904041943561554407036PiPoNmEC5S.png', NULL, '2019-04-04 19:43:56'),
(186, 'Recommended IL-WB42 | 278-609 | Route 4 Fritz Ln split south to Route 4 & Williamson Rd (Alignments Join)', 'Recommended Route', 1, 'wb', '278,609', NULL, '2019040419462715544071873iIgJupaEY.png', NULL, '2019-04-04 19:46:27'),
(187, 'Recommended IL-WB43 | 280-218 | Route 4 & Williamson Rd (Alignments Join) to Hamel IL', 'Recommended Route', 1, 'wb', '280,288,218', NULL, '201904042006381554408398Ey1zKkZwyL.png', NULL, '2019-04-04 20:19:49'),
(188, 'Recommended IL-WB44 | blank | Hamel IL to Edwardsville split at RT159', 'Recommended Route', 1, 'wb', NULL, NULL, '201904042117011554412621CYSS5pmJti.png', NULL, '2019-04-04 21:17:01'),
(189, 'Recommended IL-WB45 | 245-246 | Edwardsville split at RT159 down 157 to split at RT203', 'Recommended Route', 1, 'wb', '245,246', NULL, '201904042119061554412746HmdTOAEdKG.png', NULL, '2019-04-04 21:38:43'),
(190, 'Recommended IL-WB47 | 939-286 | Chain of Rocks Bridge down Route 3 to McKinley Bridge at MO', 'Recommended Route', 1, 'wb', '939,286', NULL, '201904042136531554413813tSSQKULa7m.png', NULL, '2019-04-06 17:58:41'),
(191, 'Recommended IL-WB46 | 217 | RT203 split to Chain of Rocks Bridge', 'Recommended Route', 1, 'wb', '217', NULL, '201904042139571554413997ok6kpsP9Qr.png', NULL, '2019-04-04 21:40:23'),
(192, 'Recommended IL-EB1 | blank | MO state line at McKinley Bridge to Chain of Rocks Bridge', 'Recommended Route', 1, 'eb', NULL, NULL, '201904051835451554489345LzLOqpB6dP.png', NULL, '2019-04-05 18:35:45'),
(193, 'Recommended IL-EB2 | 217 | Chain of Rocks Bridge to RT203', 'Recommended Route', 1, 'eb', '217', NULL, '201904051836391554489399qs1l2gwbVW.png', NULL, '2019-04-05 18:36:39'),
(194, 'Recommended IL-EB3 | 246-245 | RT203 split to Edwardsville IL', 'Recommended Route', 1, 'eb', '246,245', NULL, '201904051837441554489464cFNRh0Nw8d.png', NULL, '2019-04-05 18:37:44'),
(195, 'Recommended IL-EB4 | blank | Edwardsville IL split to Hamel IL', 'Recommended Route', 1, 'eb', NULL, NULL, '201904051838381554489518LBAushOXI9.png', NULL, '2019-04-05 18:38:38'),
(196, 'Recommended IL-EB5 | 218-288 | Hamel IL to RT4 split', 'Recommended Route', 1, 'eb', '218,288', NULL, '201904051840261554489626wgX4VY0Ur0.png', NULL, '2019-04-05 18:40:26'),
(197, 'Recommended IL-EB6 | 280-609 | RT4 split to Alignments split at RT4 & Williamson Rd', 'Recommended Route', 1, 'eb', '280,609', NULL, '201904051841481554489708x3vtc2vcMT.png', NULL, '2019-04-05 18:43:09'),
(198, 'Recommended IL-EB7 | 278 | Split at RT4 & Williamson Rd to Fritz Ln', 'Recommended Route', 1, 'eb', '278', NULL, '201904051842401554489760Xea9AXGsPW.png', NULL, '2019-04-05 18:44:28'),
(199, 'Recommended IL-EB8 | blank | RT4 bypass around Fritz Ln', 'Recommended Route', 1, 'eb', NULL, NULL, '201904051847011554490021H90EiGQIqh.png', NULL, '2019-04-05 18:54:05'),
(200, 'Recommended IL-EB9 | 746 | RT4 at Fritz Ln split north to Deerfield Rd split south', 'Recommended Route', 1, 'eb', '746', NULL, '2019040518580915544906897ql4myin5Q.png', NULL, '2019-04-05 18:58:09'),
(201, 'Recommended IL-EB10 | blank | RT4 Deerfield Rd bypass', 'Recommended Route', 1, 'eb', NULL, NULL, '2019040518584915544907294qwpKyxr9w.png', NULL, '2019-04-05 18:58:49'),
(202, 'Recommended IL-EB11 | 181-182 | RT4 Deerfield Rd split north to RT4 & Allen Rd split', 'Recommended Route', 1, 'eb', '181,179,180,177,178,176,182', NULL, '201904051900441554490844YM7GW9Ebux.png', NULL, '2019-04-05 19:01:03'),
(203, 'Recommended IL-EB12 | 248 | RT4 & Allen Rd split (Turkey Tracks) to RT4 & Donaldson Rd', 'Recommended Route', 1, 'eb', '248', NULL, '201904051902441554490964rhm3EEb7e1.png', NULL, '2019-04-05 19:02:44'),
(204, 'Recommended IL-EB13 | blank | RT4 & Donaldson Rd to RT4 Nilwood IL', 'Recommended Route', 1, 'eb', NULL, NULL, '201904051904071554491047S6IhoNtdvr.png', NULL, '2019-04-05 19:04:07'),
(205, 'Recommended IL-EB14 | blank | RT4 Nilwood IL on old alignment to Girard IL split', 'Recommended Route', 1, 'eb', NULL, NULL, '2019040519051015544911108IsNGHbeqa.png', NULL, '2019-04-05 19:05:10'),
(206, 'Recommended IL-EB15 | blank | Girard IL split south to Thayer IL split south', 'Recommended Route', 1, 'eb', '215', NULL, '2019040519065815544912183Uf5KiZ3Ac.png', NULL, '2019-04-05 19:19:10'),
(207, 'Recommended IL-EB16 | blank | Thayer IL between splits on RT4', 'Recommended Route', 1, 'eb', NULL, NULL, '201904051907451554491265qmwY0WtgeI.png', NULL, '2019-04-05 19:07:45'),
(208, 'Recommended IL-EB17 | 677-167 | Thayer IL split north to Chatham IL main intersection', 'Recommended Route', 1, 'eb', '677,167', NULL, '201904051909271554491367JcbAEoUywj.png', NULL, '2019-04-05 19:21:31'),
(209, 'Recommended IL-EB18 | blank | Chatham IL main intersection to I-55 & Palm Rd', 'Recommended Route', 1, 'eb', NULL, NULL, '201904051911111554491471xGoRj564Fi.png', NULL, '2019-04-05 19:11:11'),
(210, 'Recommended IL-EB19 | 613-264 | I-55 & Palm Rd -> Springfield IL split at 9th & Capitol Ave', 'Recommended Route', 1, 'eb', '613,269,268,663,902,264', NULL, '201904051918371554491917wGt6spRnR2.png', NULL, '2019-04-05 19:18:37'),
(211, 'Recommended IL-EB20 | 272-253 | Springfield IL split at 9th & Capitol Ave -> Williamsville IL split', 'Recommended Route', 1, 'eb', '272,263,258,257,256,674,618,265,271,253', NULL, '201904051924051554492245nuMBvsEvz7.png', NULL, '2019-04-05 19:24:27'),
(212, 'Recommended IL-EB21 | 287-742 | Williamsville IL', 'Recommended Route', 1, 'eb', '287,742', NULL, '201904052221351554502895iRi6ZXux30.png', NULL, '2019-04-05 22:21:35'),
(213, 'Recommended IL-EB22 | 210-235 | Williamsville IL split north -> Lincoln IL split at RT66 & Broadwell Dr', 'Recommended Route', 1, 'eb', '210,207,206,208,209,175,174,235', NULL, '201904052223561554503036xDigFhl7FI.png', NULL, '2019-04-05 22:23:56'),
(214, 'Recommended IL-EB23 | 233-234 | Lincoln IL split at RT66 & Broadwell Dr -> RT66 & Kenwood Dr split', 'Recommended Route', 1, 'eb', '233,234', NULL, '201904052225251554503125Fxku0gJDkQ.png', NULL, '2019-04-05 22:25:25'),
(215, 'Recommended IL-EB24 | blank | Lincoln IL RT66 & Kenwood Dr split -> RT66 & Stringer Ave', 'Recommended Route', 1, 'eb', NULL, NULL, '2019040522262015545031802rVvPqBAX9.png', NULL, '2019-04-05 22:26:20'),
(216, 'Recommended IL-EB25 | 232-563 | Lincoln IL RT66 & Stringer Ave -> North Lincoln split', 'Recommended Route', 1, 'eb', '232,228,229,230,231,563', NULL, '201904052227471554503267dAFulFAgHT.png', NULL, '2019-04-05 22:27:47'),
(217, 'Recommended IL-EB26 | blank | North Lincoln IL RT66 split -> Atlanta IL split south', 'Recommended Route', 1, 'eb', NULL, NULL, '2019040522302915545034299KZJmbrc2G.png', NULL, '2019-04-05 22:30:29'),
(218, 'Recommended IL-EB27 | 164-159 | Atlanta IL', 'Recommended Route', 1, 'eb', '164,163,162,160,161,159', NULL, '201904052232171554503537bC6Vasxejz.png', NULL, '2019-04-05 22:32:17'),
(219, 'Recommended IL-EB28 | 244-170 | Atlanta IL split north -> Bloomington IL split at Veterans Pkwy & Morris Ave', 'Recommended Route', 1, 'eb', '244,243,254,242,170', NULL, '201904052235001554503700jlrzzwq1dJ.png', NULL, '2019-04-05 22:35:00'),
(220, 'Recommended IL-EB29 | 841-694 | Bloomington IL split at Veterans Pkwy & Morris Ave -> Main st split', 'Recommended Route', 1, 'eb', '841,694', NULL, '201904052236461554503806LuJolWdFMR.png', NULL, '2019-04-05 22:36:46'),
(221, 'Recommended IL-EB30 | 730-568 | Bloomington IL Main st split -> Normal IL split at Shelbourne Dr & Towanda Ave', 'Recommended Route', 1, 'eb', '730,169,251,250,249,568', NULL, '201904052240531554504053WkJ5LZpQri.png', NULL, '2019-04-05 22:40:53'),
(222, 'Recommended IL-EB31 | 285 | Normal IL split at Shelbourne Dr & Towanda Ave -> Towanda IL split south', 'Recommended Route', 1, 'eb', '285', NULL, '201904052241561554504116Wx2IqbVH3I.png', NULL, '2019-04-05 22:41:56'),
(223, 'Recommended IL-EB32 | 284-281 | Towanda IL split south -> Dead Man Curve -> RT66 & Jefferson St', 'Recommended Route', 1, 'eb', '284,281', NULL, '201904052243341554504214JE6wgVdDZH.png', NULL, '2019-04-05 22:43:34'),
(224, 'Recommended IL-EB33 | 282 | Towanda IL split at RT66 & Jefferson St -> RT66 & Jackson St', 'Recommended Route', 1, 'eb', '282', NULL, '2019040522451115545043118LpuakLZhG.png', NULL, '2019-04-05 22:45:11'),
(225, 'Recommended IL-EB34 | blank | Towanda IL RT66 & Jackson St -> Lexington IL at Grove St split', 'Recommended Route', 1, 'eb', NULL, NULL, '201904052247371554504457WoG4PtIdhd.png', NULL, '2019-04-05 22:47:37'),
(226, 'Recommended IL-EB35 | blank | Towanda IL split at RT66 & Jackson St -> Lexington IL split at Grove st', 'Recommended Route', 1, 'eb', NULL, NULL, '201904061521481554564108IeFoGqUrhJ.png', NULL, '2019-04-06 15:29:01'),
(227, 'Recommended IL-EB36 | 225 | Lexington IL split at Grove st -> Spencer & Main', 'Recommended Route', 1, 'eb', '225', NULL, '201904061522581554564178Ou70NCjuNq.png', NULL, '2019-04-06 15:29:24'),
(228, 'Recommended IL-EB37 | 224-223 | Lexington IL split at Spencer & Main -> Memory Lane -> Lexington IL split north', 'Recommended Route', 1, 'eb', '224,562,223', NULL, '201904061524551554564295FFrZyBVLnl.png', NULL, '2019-04-06 15:29:47'),
(229, 'Recommended IL-EB38 | 798-261 | Lexington IL split north -> Chenoa -> Pontiac IL split at Reynolds st', 'Recommended Route', 1, 'eb', '798,261', NULL, '201904061526141554564374IKRC1qM85W.png', NULL, '2019-04-06 15:30:19'),
(230, 'Recommended IL-EB39 | 56-53 | Pontiac IL split at Reynolds st -> split at RT66 & Old Log Cabin', 'Recommended Route', 1, 'eb', '56,57,837,797,799,260,55,54,53', NULL, '201904061528301554564510IsTh30CIdB.png', NULL, '2019-04-06 15:30:39'),
(231, 'Recommended IL-EB40 | 183-789 | Pontiac IL split at RT66 & Old Log Cabin -> Odell IL split south', 'Recommended Route', 1, 'eb', '183,789', NULL, '201904061532101554564730v6dlIxCRgs.png', NULL, '2019-04-06 15:32:10'),
(232, 'Recommended IL-EB41 | 52-610 | Odell IL', 'Recommended Route', 1, 'eb', '52,51,610', NULL, '201904061533111554564791Fnb8PT8mT9.png', NULL, '2019-04-06 15:33:11'),
(233, 'Recommended IL-EB42 | blank | Odell IL split north -> Dwight IL split south', 'Recommended Route', 1, 'eb', NULL, NULL, '201904061534141554564854RC8H5dLIk2.png', NULL, '2019-04-06 15:34:14'),
(234, 'Recommended IL-EB43 | 50-48 | Dwight IL', 'Recommended Route', 1, 'eb', '50,200,49,48', NULL, '201904061535391554564939yF11BU5pJk.png', NULL, '2019-04-06 15:35:39'),
(235, 'Recommended IL-EB44 | blank | Dwight IL split north -> Gardner IL split south', 'Recommended Route', 1, 'eb', NULL, NULL, '201904061536551554565015nzToQK2a7K.png', NULL, '2019-04-06 15:36:55'),
(236, 'Recommended IL-EB45 | 46-213 |Gardner IL', 'Recommended Route', 1, 'eb', '46,47,45,213', NULL, '201904061537521554565072V0u4kcFPbc.png', NULL, '2019-04-06 15:37:52'),
(237, 'Recommended IL-EB46 | 44-43 |Gardner IL split at RT53 & Washington st -> Braidwood IL split at Main st', 'Recommended Route', 1, 'eb', '44,576,43', NULL, '201904061539141554565154FmNq39tqNF.png', NULL, '2019-04-06 15:39:36'),
(238, 'Recommended IL-EB47 | 41-35 | Braidwood IL split at Main st -> Elwood Split', 'Recommended Route', 1, 'eb', '41,863,571,572,669,570,40,38,569,37,36,35', NULL, '201904061541391554565299QaN3W5q7UQ.png', NULL, '2019-04-06 15:41:39'),
(239, 'Recommended IL-EB48 | blank | Elwood IL RT53 bypass old alignment', 'Recommended Route', 1, 'eb', NULL, NULL, '201904061542501554565370SBnvLEiyOr.png', NULL, '2019-04-06 15:42:50'),
(240, 'Recommended IL-EB49 | 33-18 | Elwood IL split at RT53 & Brown Rd -> split at I-55 & Joliet Rd', 'Recommended Route', 1, 'eb', '33,32,573,575,30,29,23,731,22,574,21,20,19,18', NULL, '201904061545041554565504r8gNeGY3GX.png', NULL, '2019-04-06 15:45:04'),
(241, 'Recommended IL-EB50 | 15-848 | Split at I-55 & Joliet Rd -> split RT66 & Lawndale Ave', 'Recommended Route', 1, 'eb', '15,13,847,848', NULL, '201904061547001554565620VT9ihAd3NI.png', NULL, '2019-04-06 15:47:00'),
(242, 'Recommended IL-EB51 | 846 | Split at RT66 & Lawndale Ave -> Hofmann Tower -> split at Ogden Ave & Harlem Ave', 'Recommended Route', 1, 'eb', '846', '1926-1929 alignment of Route 66 through a more congested area, that includes the Hofmann Tower. [2.3 miles]', '201904061548221554565702Lu4W8I2ZOA.png', NULL, '2019-04-06 16:28:31'),
(243, 'Recommended IL-EB52 | 12-781 | Split at Ogden Ave & Harlem Ave -> END OF ROUTE in Chicago', 'Recommended Route', 1, 'eb', '12,11,10,9,845,8,7,937,781', NULL, '201904061600091554566409kBN2hdVpF0.png', NULL, '2019-04-06 16:00:46'),
(244, 'ALT IL-WB2A | blank | Hofman Tower bypass', 'Joliet Road', 1, 'wb', NULL, 'Newer 1930s alignment of Route 66 that is easier and faster to travel. [2.2 miles]', '201904061615071554567307TMnkumUSDP.png', NULL, '2019-04-06 16:26:45'),
(245, 'ALT IL-EB51A | blank | Bypass Hofmann Tower', 'Joliet Road', 1, 'eb', NULL, 'Newer 1930s alignment of Route 66 that is easier and faster to travel. [2.2 miles]', '201904061616591554567419R7tJ1z6Qyu.png', NULL, '2019-04-06 16:27:07'),
(246, 'Recommended MO-WB1 | 940 | IL state line at McKinley Bridge -> St. Louis split at I-70', 'Recommended Route', 2, 'wb', '940', NULL, '2019040700121115545959319UIfAb1reX.png', NULL, '2019-04-07 00:12:11'),
(247, 'Recommended MO-WB2 | 201-378 | St. Louis split at McKinley St & I-70 -> Downtown St. Louis -> split at 366 & Watson Rd', 'Recommended Route', 2, 'wb', '201,376,594,202,778,377,378', NULL, '201904070022471554596567lV67l8kN6x.png', NULL, '2019-04-07 00:22:47'),
(248, 'Recommended MO-WB3 | 329-325 | St. Louis area split at 366 & Watson Rd -> RT66 & Teardrop Rd', 'Recommended Route', 2, 'wb', '329,593,801,802,348,385,386,387,384,370,371,372,381,708,383,565,304,335,318,319,322,320,323,857,375,373,707,353,357,356,354,355,803,345,330,612,331,325', NULL, '2019040700524215545983620uNTS2hkI8.png', NULL, '2019-04-10 14:33:13'),
(249, 'Recommended MO-WB4 | 326-328 | RT66 & Teardrop Rd split north -> RT66 & Teardrop Rd split south', 'Recommended Route', 2, 'wb', '326,592,327,328', NULL, '201904101455041554908104ag8toT46Wt.png', NULL, '2019-04-10 14:55:04'),
(250, 'Recommended MO-WB5 | 380-350 | RT66 & Teardrop Rd split south -> split', 'Recommended Route', 2, 'wb', '380,388,804,870,682,908,761,390,351,706,352,336,703,337,622,338,869,339,340,928,704,858,705,350', NULL, '201904101511551554909115apTfM6HmDk.png', NULL, '2019-04-10 15:33:44'),
(251, 'Recommended MO-WB6 | 316 | Split to I-44 -> Rest Stop ->', 'Recommended Route', 2, 'wb', '316', NULL, '20190410153528155491052885WRXxaJAc.png', NULL, '2019-04-10 15:35:28'),
(252, 'Recommended MO-WB7 | 346-360 | Split to I-44 at Tower Rd -> Springfield MO split Kearney st & Glenstone ave', 'Recommended Route', 2, 'wb', '346,347,623,862,709,805,806,360', NULL, '2019041015515415549115147uHnLb1QfI.png', NULL, '2019-04-10 15:51:54'),
(253, 'Recommended MO-WB8 | 780-369 | Springfield MO', 'Recommended Route', 2, 'wb', '780,784,358,361,362,363,364,365,366,367,368,369', NULL, '201904101554551554911695r9kKhw8OiU.png', NULL, '2019-04-10 15:54:55'),
(254, 'Recommended MO-WB9 | 359-660 | Springfield MO split B-44 & Wet Bypass -> split 266 & 96', 'Recommended Route', 2, 'wb', '359,659,660', NULL, '201904101601491554912109gWU3IFk9UE.png', NULL, '2019-04-10 16:01:49'),
(255, 'Recommended MO-WB10 | 349 | Split 266 & 96 east -> Split 266 & 96 west', 'Recommended Route', 2, 'wb', '349', NULL, '201904101603121554912192MnCGcBplm6.png', NULL, '2019-04-10 16:03:12'),
(256, 'Recommended MO-WB11 | 342-700 | Split 266 & 96 west -> Split RT66 & Old 66 Blvd east', 'Recommended Route', 2, 'wb', '342,343,344,700', NULL, '201904101618461554913126d5TrRKoAUJ.png', NULL, '2019-04-10 16:18:46'),
(257, 'Recommended MO-WB12 | 619 | Split RT66 & Old 66 Blvd east -> Old 66 Blvd -> split west', 'Recommended Route', 2, 'wb', '619', NULL, '201904101620111554913211PKtwfKVISZ.png', NULL, '2019-04-10 16:20:11'),
(258, 'Recommended MO-WB13 | 807-394 | Split RT66 & Old 66 Blvd west -> Split Webb City at RT66 & Broadway st', 'Recommended Route', 2, 'wb', '807,620,808,307,308,310,738,309,312,313,314,315,774,901,566,567,305,903,391,394', NULL, '201904101648301554914910EpljDYLT0W.png', NULL, '2019-04-10 16:48:30'),
(259, 'Recommended MO-WB14 | 621 | Split Webb City at RT66 & Broadway st -> Joplin MO Main st & 2nd St', 'Recommended Route', 2, 'wb', '621', NULL, '2019041016511215549150720sfpn6PvPr.png', NULL, '2019-04-10 16:51:12'),
(260, 'Recommended MO-WB15 | 332-333 | Joplin MO Main st & 2nd St -> Joplin MO -> Split near KS border', 'Recommended Route', 2, 'wb', '332,842,333', NULL, '201904101657311554915451YZfTtMlecd.png', NULL, '2019-04-10 16:57:31'),
(261, 'Recommended MO-WB16 | blank | Joplin MO split near KS border -> KS', 'Recommended Route', 2, 'wb', NULL, NULL, '201904101703381554915818nKuvbplbOO.png', NULL, '2019-04-10 17:03:38'),
(262, 'Recommended MO-EB1 | 942 | KS -> Joplin MO split near KS border', 'Recommended Route', 2, 'eb', '942', NULL, '201904101811111554919871xzslkcu6wW.png', NULL, '2019-04-10 18:11:11'),
(263, 'Recommended MO-EB2 | 333-332 | Joplin MO split near KS border -> Joplin MO Main st & 2nd St', 'Recommended Route', 2, 'eb', '333,842,332', NULL, '201904101812451554919965Fndt4Weg0a.png', NULL, '2019-04-10 18:12:45'),
(264, 'Recommended MO-EB3 | 621 | Joplin MO Main st & 2nd St', 'Recommended Route', 2, 'eb', '621', NULL, '2019041018133015549200104YnStkeWo6.png', NULL, '2019-04-10 18:13:56'),
(265, 'Recommended MO-EB4 | 394-807 | Webb City MO -> Carthage MO split old alignment south', 'Recommended Route', 2, 'eb', '394,391,903,305,566,567,901,774,315,314,313,312,309,738,310,308,307,808,620,807', NULL, '2019041018170315549202234ayybZjJRt.png', NULL, '2019-04-10 18:17:03'),
(266, 'Recommended MO-EB5 | 619 | Carthage MO old 66 Blvd', 'Recommended Route', 2, 'eb', '619', NULL, '201904101817571554920277UzrRprDEOO.png', NULL, '2019-04-10 18:17:57'),
(267, 'Recommended MO-EB6 | 306-342 | Carthage MO old 66 Blvd split east -> RT66 & 96', 'Recommended Route', 2, 'eb', '306,700,344,343,342', NULL, '201904101820061554920406JOYWX4hILg.png', NULL, '2019-04-10 18:20:06'),
(268, 'Recommended MO-EB7 | 349 | RT66 & 96 -> split 266 & 96 (east split)', 'Recommended Route', 2, 'eb', '349', NULL, '201904101821261554920486WTimo9Gr5U.png', NULL, '2019-04-10 18:21:48'),
(269, 'Recommended MO-EB8 | 660-359 | RT66/266 & 96 (east split) -> Springfield MO split at Chestnut Expy & West Bypass', 'Recommended Route', 2, 'eb', '660,659,359', NULL, '201904101823511554920631axoxn2LIu6.png', NULL, '2019-04-10 18:23:51'),
(270, 'Recommended MO-EB9 | 369-780 |Springfield MO split at Chestnut Expy & West Bypass -> split Kearney st & Glenstone Ave', 'Recommended Route', 2, 'eb', '369,368,367,366,365,364,363,362,361,358,784,780', NULL, '201904101825441554920744hoxS46XMBs.png', NULL, '2019-04-10 18:25:44'),
(271, 'Recommended MO-EB10 | 360-346 | Springfield MO split Kearney st & Glenstone Ave -> split at Tower Rd', 'Recommended Route', 2, 'eb', '360,806,805,709,341,862,623,347,346', NULL, '201904101827541554920874iSSI7eg9bM.png', NULL, '2019-04-10 18:27:54'),
(272, 'Recommended MO-EB11 | 317 | Springfield MO split at Tower Rd -> I-44 Rest Stop -> Split at Conway MO', 'Recommended Route', 2, 'eb', '317', NULL, '201904101829021554920942gAz6zkNIps.png', NULL, '2019-04-10 18:29:02'),
(273, 'Recommended MO-EB12 | 350-380 | Split at Conway MO -> Devil\'s Elbow MO split at Teardrop Rd south', 'Recommended Route', 2, 'eb', '350,705,858,704,928,340,339,869,338,622,337,703,336,352,706,351,390,389,761,908,682,870,804,388,380', NULL, '201904101832321554921152wyqxyI8eXa.png', NULL, '2019-04-10 18:32:32'),
(274, 'Recommended MO-EB13 | 328-326 |Devil\'s Elbow MO Teardrop Rd', 'Recommended Route', 2, 'eb', '328,327,592,326', NULL, '201904101833381554921218QoQA0reO1O.png', NULL, '2019-04-10 18:33:38'),
(275, 'Recommended MO-EB14 | 325-329 | Devil\'s Elbow MO at Teardrop Rd split east -> split St Louis Watson Rd & 366', 'Recommended Route', 2, 'eb', '325,331,330,612,803,345,355,354,356,357,353,707,373,375,857,323,320,322,319,318,335,304,565,383,381,708,382,372,371,370,384,387,386,385,348,802,801,593,329', NULL, '2019041018393815549215789BVLxGK4Lv.png', NULL, '2019-04-10 18:39:38'),
(276, 'Recommended MO-EB15 | 378-201 | St Louis split at Watson Rd & 366 -> Split at I-70 & McKinley St (bridge)', 'Recommended Route', 2, 'eb', '378,377,778,203,202,594,376,201', NULL, '201904101842041554921724NuzZSFDPCm.png', NULL, '2019-04-10 18:42:04'),
(277, 'Recommended MO-EB16 | 938 | St Louis split at I-70 & McKinley St -> IL', 'Recommended Route', 2, 'eb', '938', NULL, '201904101843291554921809x5N5z9Pza5.png', NULL, '2019-04-10 18:43:29'),
(278, 'Recommended TX-WB1 | 945-656 | OK -> Amarillo TX split east', 'Recommended Route', 5, 'wb', '945,541,542,543,548,544,545,546,547,655,536,537,538,539,525,526,654,533,534,535,540,656', NULL, '201904110313091554952389T4sPG7XYdC.png', NULL, '2019-04-11 03:13:09'),
(279, 'Recommended TX-WB2 | 527-661 | Amarillo TX split east -> split west B-40 & I-40', 'Recommended Route', 5, 'wb', '527,652,673,661', NULL, '2019041117422415550045449EPN5wlOCU.png', NULL, '2019-04-11 17:42:24'),
(280, 'Recommended TX-WB3 | 531-524 | Amarillo TX split west B-40 & I-40 -> split at NM/TX border', 'Recommended Route', 5, 'wb', '531,530,532,923,683,763,739,522,559,523,524', NULL, '201904111745281555004728Gd9VHjPNSV.png', NULL, '2019-04-12 19:45:55'),
(281, 'Recommended TX-EB2 | 523-530 | Split at NM/TX border -> Amarillo TX split west B-40 & I-40', 'Recommended Route', 5, 'eb', '523,524,559,522,739,763,683,923,532,531,530', NULL, '2019041117491215550049522iFWFT5nr1.png', NULL, '2019-04-12 19:51:10'),
(282, 'Recommended TX-EB3 | 661-527 | Amarillo TX split west B-40 & I-40 -> Amarillo TX -> split east', 'Recommended Route', 5, 'eb', '661,673,652,527', NULL, '201904111750441555005044InKWsP9r0e.png', NULL, '2019-04-12 19:51:35'),
(283, 'Recommended TX-EB4 | 656-541 | Amarillo TX split east -> OK', 'Recommended Route', 5, 'eb', '656,540,535,534,533,654,526,525,539,538,537,536,655,546,547,545,544,548,543,542,541', NULL, '201904111753251555005205e1f0GWkv1r.png', NULL, '2019-04-12 19:52:03'),
(284, 'Recommended TX-WB4 | blank | Split at NM/TX border -> NM', 'Recommended Route', 5, 'wb', NULL, NULL, '201904121947151555098435o3v2Eb9dHu.png', NULL, '2019-04-12 19:47:15'),
(285, 'Recommended TX-EB1 | 958-960 | NM -> split at NM/TX border', 'Recommended Route', 5, 'eb', '958,960', NULL, '201904121950031555098603NVRFCZT2e4.png', NULL, '2019-04-12 19:50:03'),
(286, 'Recommended NM-WB1 | 957-955 | TX -> San Jon NM split', 'Recommended Route', 6, 'wb', '957,959,423,955', NULL, '201904132102401555189360SAm6XXMq3V.png', NULL, '2019-04-13 21:02:40'),
(287, 'Recommended NM-WB2 | 717-718 | San Jon NM split -> split I-40/54/Frontage Rd', 'Recommended Route', 6, 'wb', '717,820,428,935,431,432,434,433,435,436,437,438,440,439,626,821,822,718', NULL, '201904132105401555189540eJ31OvokrU.png', NULL, '2019-04-13 21:05:40'),
(288, 'Recommended NM-WB3 | blank | Split I-40/54/Frontage Rd -> split I-40 at exit 311', 'Recommended Route', 6, 'wb', NULL, NULL, '201904132107201555189640766R7092Ij.png', NULL, '2019-04-13 21:07:20'),
(289, 'Recommended NM-WB4 | blank | Split I-40 at exit 311 -> split I-40 at exit 291 (Cuervo NM)', 'Recommended Route', 6, 'wb', NULL, NULL, '201904132108591555189739NqjN7kgJCC.png', NULL, '2019-04-13 21:08:59'),
(290, 'Recommended NM-WB5 | 684 | Split I-40 at exit 291 (Cuervo NM) -> Cuervo NM -> Split I-40 at exit 291', 'Recommended Route', 6, 'wb', '684', NULL, '201904132110381555189838Foqu33r8pO.png', NULL, '2019-04-13 21:10:38'),
(291, 'Recommended NM-WB6 | 424-426 | Cuervo NM Split I-40 at exit 291 -> Santa Rosa NM -> Split I-40 & Route 84', 'Recommended Route', 6, 'wb', '424,425,426', NULL, '201904132112271555189947BOSssBepWn.png', NULL, '2019-04-13 21:12:27'),
(292, 'Recommended NM-WB7 | 625 | Split I-40 at exit 291 ->Split at 84 & I-25', 'Recommend Route (Santa Fe, NM)', 6, 'wb', '625', NULL, '201904132116271555190187Lk80FCX8co.png', NULL, '2019-04-13 23:56:11'),
(293, 'Recommended NM-WB8 | blank | Split at 84 & I-25 -> Split at I-25 exit 307', 'Recommended Route', 6, 'wb', NULL, NULL, '201904132357321555199852Hg0tmUuXHz.png', NULL, '2019-04-13 23:57:32'),
(294, 'Recommended NM-WB9 | 421 | Split at I-25 exit 307 -> Pecos Loop -> I-25 exit 299', 'Recommended Route', 6, 'wb', '421', NULL, '2019041323584315551999231sxwLeg5Z6.png', NULL, '2019-04-13 23:58:43'),
(295, 'Recommended NM-WB10 | 715-714 | Santa Fe NM split at 466 & Old Pecos Trail -> SANTA FE NM -> split 14 (Cerrillos Rd) & Michaels Dr', 'Recommended Route', 6, 'wb', '715,714', NULL, '201904140001291555200089O0k8RrLf0W.png', NULL, '2019-04-14 00:01:29'),
(296, 'Recommended NM-WB11 | x-x | Santa Fe NM split 14 (Cerrillos Rd) & Michaels Dr -> I-25 -> I-25 exit 248', 'Recommended Route', 6, 'wb', '733', NULL, '201904140002371555200157ruycbxinoy.png', NULL, '2019-04-14 00:02:37'),
(297, 'Recommended NM-WB12 | blank | I-25 exit 248 -> Albuquerque NM split at Central Ave & I-25', 'Recommended Route', 6, 'wb', NULL, NULL, '201904140005461555200346vPKdF1JVa7.png', NULL, '2019-04-14 00:05:46'),
(298, 'Recommended NM-WB13 | blank | Albuquerque NM split at Central Ave & I-25 -> split at Central Ave & 3rd St', 'Recommended Route', 6, 'wb', NULL, NULL, '201904140007171555200437cxDF631gbU.png', NULL, '2019-04-14 00:07:17'),
(299, 'Recommended NM-WB14 | 765-710 | Albuquerque NM split at Central Ave & 3rd St -> Split at I-40 exit 140', 'Recommended Route', 6, 'wb', '765,397,689,406,398,399,710', NULL, '201904140009001555200540udzw2ZKiBk.png', NULL, '2019-04-14 00:09:00'),
(300, 'Recommended NM-WB15 | 402 | Albuquerque NM split at I-40 exit 140 -> short turn off at historic bridge -> back onto I-40', 'Recommended Route', 6, 'wb', '402', NULL, '201904140010241555200624OvrLMGK5z4.png', NULL, '2019-04-14 00:10:24'),
(301, 'Recommended NM-WB16 | 403 | Albuquerque NM split at I-40 exit 140 (west) -> I-40 exit 126', 'Recommended Route', 6, 'wb', '403', NULL, '201904140012111555200731WO6QeNkuDU.png', NULL, '2019-04-14 00:12:11'),
(302, 'Recommended NM-WB17 | blank | I-40 exit 126 -> I-40 exit 117', 'Recommended Route', 6, 'wb', NULL, NULL, '201904140016201555200980dbdI6W1xai.png', NULL, '2019-04-14 00:16:20'),
(303, 'Recommended NM-WB18 | 420 | I-40 exit 117 -> Old Route 66 Rd loop -> Laguna NM CIRCLE/exit 114', 'Recommended Route', 6, 'wb', '420', NULL, '201904140018041555201084ffuBsvP9hs.png', NULL, '2019-04-14 00:18:04'),
(304, 'Recommended NM-WB19 | blank | Laguna NM split at CIRCLE/exit 114 -> split at 124 & Rio San Jose Rd', 'Recommended Route', 6, 'wb', NULL, NULL, '201904140019511555201191BYBNDBZqtl.png', NULL, '2019-04-14 00:19:51'),
(305, 'Recommended NM-WB20 | blank | Laguna NM split at 124 & Rio San Jose Rd -> 124 -> 124 & Old Paguate Rd', 'Recommended Route', 6, 'wb', NULL, NULL, '201904140020581555201258xrxTyQ6dTa.png', NULL, '2019-04-14 00:21:41'),
(306, 'Recommended NM-WB21 | 713 | New Laguna NM split at 124 & Old Paguate Rd -> split at Cubero Loop (east)', 'Recommended Route', 6, 'wb', '713', NULL, '201904140035201555202120GSL8kyXu2U.png', NULL, '2019-04-14 00:35:20'),
(308, 'Recommended NM-WB22 | blank | Split at Cubero Loop (east) -> bypass Cubero Loop -> split at Cubero Loop (west)', 'Recommended Route', 6, 'wb', NULL, NULL, '201904140045501555202750yb2pHk7vTV.png', NULL, '2019-04-14 00:45:50'),
(309, 'Recommended NM-WB23 | 409-826 | Split at Cubero Loop (west) -> split at 124 & Anzac Rd (east)', 'Recommended Route', 6, 'wb', '409,826', NULL, '201904140047181555202838f1hXoJaytt.png', NULL, '2019-04-14 01:26:41'),
(310, 'Recommended NM-WB24 | blank | Split at 124 & Anzac Rd (east) -> Frontage Rd -> split at 124 & Anzac Rd (west)', 'Recommended Route', 6, 'wb', NULL, NULL, '2019041401285915552053392jcKv3OkIb.png', NULL, '2019-04-14 01:28:59'),
(311, 'Recommended NM-WB25 | blank | Split at 124 & Anzac Rd (west) -> split I-40 exit 89 & RT66', 'Recommended Route', 6, 'wb', NULL, NULL, '201904140131051555205465oxlcT5xPnk.png', NULL, '2019-04-14 01:31:05'),
(312, 'Recommended NM-WB26 | 415-410| Split I-40 exit 89 & RT66 -> GRANTS NM -> split at Continental Divide', 'Recommended Route', 6, 'wb', '415,416,922,417,418,410', NULL, '201904140133561555205636rzG4lBiw3M.png', NULL, '2019-04-14 01:33:56'),
(313, 'Recommended NM-WB27 | blank | Split I-40 exit 47 (at Continental Divide) -> split at I-40 exit 36', 'Recommended Route', 6, 'wb', NULL, NULL, '201904140136581555205818crRT42IAVJ.png', NULL, '2019-04-14 01:36:58'),
(314, 'Recommended NM-WB28 | blank | Split I-40 exit 36 -> RT66 -> I-40 exit 26', 'Recommended Route', 6, 'wb', NULL, NULL, '201904140139101555205950ykyVdgeEhl.png', NULL, '2019-04-14 01:39:10'),
(315, 'Recommended NM-WB29 | 413-740 | Split I-40 exit 26 -> GALLUP NM -> split at I-40 exit 16 & B-40', 'Recommended Route', 6, 'wb', '413,414,740', NULL, '201904140141031555206063g1I7lrwF4K.png', NULL, '2019-04-14 16:26:46'),
(316, 'Recommended NM-WB30 | blank | Split I-40 exit 16 & B-40 -> I-40 exit 8', 'Recommended Route', 6, 'wb', NULL, NULL, '201904140143271555206207q5GloaYNdM.png', NULL, '2019-04-14 01:43:27'),
(317, 'Recommended NM-WB31 | 93 | Split I-40 exit 8 -> AZ', 'Recommended Route', 6, 'wb', '93', NULL, '201904140146031555206363Qyb08QfNtC.png', NULL, '2019-04-14 01:46:03'),
(318, 'Recommended NM-EB1 | 962-93 | AZ (RT 118) -> split I-40 exit 8', 'Recommended Route', 6, 'eb', '962,93', NULL, '201904141618471555258727zt2PMPnEK8.png', NULL, '2019-04-14 16:18:47'),
(319, 'Recommended NM-EB2 | blank | Split I-40 exit 8 -> split I-40 exit 16 & B-40', 'Recommended Route', 6, 'eb', NULL, NULL, '201904141622121555258932vbJK8h0cn6.png', NULL, '2019-04-14 16:22:12'),
(320, 'Recommended NM-EB3 | 740-413 | Split I-40 exit 16 & B-40 -> GALLUP NM -> split I-40 & exit 26', 'Recommended Route', 6, 'eb', '740,414,413', NULL, '201904141625381555259138mLa5vlwlbJ.png', NULL, '2019-04-14 16:25:38'),
(321, 'Recommended NM-EB4 | blank | Split I-40 & exit 26 -> RT66 -> split I-40 exit 36', 'Recommended Route', 6, 'eb', NULL, NULL, '201904141642241555260144rKhimgQpOd.png', NULL, '2019-04-14 16:42:24'),
(322, 'Recommended NM-EB5 | blank | Split I-40 exit 36 -> split I-40 exit 47 (at Continental Divide)', 'Recommended Route', 6, 'eb', NULL, NULL, '201904141643531555260233Bg2Mrj3Vsx.png', NULL, '2019-04-14 16:43:53'),
(323, 'Recommended NM-EB6 | 410-416 | Split I-40 exit 47 (at Continental Divide) -> I-40 exit 89', 'Recommended Route', 6, 'eb', '410,418,417,922,415,416', NULL, '201904141646051555260365WltEKQkyxW.png', NULL, '2019-04-14 16:46:05'),
(324, 'Recommended NM-EB7 | blank | Split at I-40 exit 89 -> RT66 -> Split at RT66 & Anzac Rd', 'Recommended Route', 6, 'eb', NULL, NULL, '201904141648501555260530iAMR4Zgeh3.png', NULL, '2019-04-14 16:48:50'),
(325, 'Recommended NM-EB8 | blank | Split at RT66 & Anzac Rd (west) -> RT66/124 -> Split at RT66 & Anzac Rd (east)', 'Recommended Route', 6, 'eb', NULL, NULL, '201904141650351555260635YcCDO2S9Iv.png', NULL, '2019-04-14 16:50:35'),
(326, 'Recommended NM-EB9 | 826-409 | Split at RT66 & Anzac Rd (east) -> Split Cubero Loop (west)', 'Recommended Route', 6, 'eb', '826,409', NULL, '201904141653001555260780w6aAyGSNdk.png', NULL, '2019-04-14 16:53:00'),
(327, 'Recommended NM-EB10 | blank | Split Cubero Loop (west) -> RT66 -> Split Cubero Loop (east)', 'Recommended Route', 6, 'eb', NULL, NULL, '201904141708361555261716KyYugF8QMi.png', NULL, '2019-04-14 17:08:36'),
(328, 'Recommended NM-EB11 | 713 | Split Cubero Loop (east) -> Split at 124 & Old Route 66 Rd (west)', 'Recommended Route', 6, 'eb', '713', NULL, '201904141710091555261809J7ykS6ZkAE.png', NULL, '2019-04-14 17:10:09');
INSERT INTO `route` (`id`, `route_internal_name`, `route_name`, `state`, `wb_eb`, `route_make`, `description`, `image_thumb`, `imageHeader1`, `created_at`) VALUES
(329, 'Recommended NM-EB12 | blank | Split at 124 & Old Route 66 Rd (west) -> RT 124 -> Split at 124 & Old Route 66 Rd (east) at Rio San Jose Rd', 'Recommended Route', 6, 'eb', NULL, NULL, '201904141711131555261873ZYtKcnNqNG.png', NULL, '2019-04-14 17:11:13'),
(330, 'Recommended NM-EB13 | blank | Split at 124 & Old Route 66 Rd (east) at Rio San Jose Rd -> Laguna NM split at CIRCLE/exit 114', 'Recommended Route', 6, 'eb', NULL, NULL, '201904141712381555261958EnebFDXqY1.png', NULL, '2019-04-14 17:12:38'),
(331, 'Recommended NM-EB14 | 420 | Laguna NM split at CIRCLE/exit 114 -> Laguna Pueblo LOOP -> I-40 exit 117', 'Recommended Route', 6, 'eb', '420', NULL, '2019041417145515552620951ieyLgeRqj.png', NULL, '2019-04-14 17:14:55'),
(332, 'Recommended NM-EB15 | blank | Laguna Pueblo LOOP split at I-40 exit 117 -> I-40 exit 126', 'Recommended Route', 6, 'eb', NULL, NULL, '2019041417161715552621771CT2WWhVaN.png', NULL, '2019-04-14 17:16:17'),
(333, 'Recommended NM-EB16 | 403 | I-40 exit 126 -> Split at I-40 exit 140', 'Recommended Route', 6, 'eb', '403', NULL, '201904141717301555262250uP3MAA25Ig.png', NULL, '2019-04-14 17:17:30'),
(334, 'Recommended NM-EB17 | 402 | I-40 exit 140 (west) -> historic RT66 bridge turn-out -> I-40 exit 140 (east)', 'Recommended Route', 6, 'eb', '402', NULL, '201904141718551555262335Q9vzkd82Mn.png', NULL, '2019-04-14 17:18:55'),
(335, 'Recommended NM-EB18 | 710-765 | I-40 exit 140 (east) -> ALBUQUERQUE NM -> Split at Central Ave & 3rd St', 'Recommended Route', 6, 'eb', '710,399,398,406,689,397,765', NULL, '201904141722151555262535eQP6306fSP.png', NULL, '2019-04-14 17:22:15'),
(336, 'Recommended NM-EB19 | blank |Albuquerque NM split at Central Ave & 3rd St -> split at Central Ave & I-25', 'Recommended Route', 6, 'eb', NULL, NULL, '201904141725481555262748j2l6kjpikO.png', NULL, '2019-04-14 17:25:48'),
(337, 'Recommended NM-EB20 | blank |Albuquerque NM split at Central Ave & I-25 -> I-25 exit 248', 'Recommended Route (Santa Fe, New Mexico)', 6, 'eb', NULL, NULL, '2019041417272915552628495yEhKwkpOS.png', NULL, '2019-04-14 17:27:29'),
(338, 'Recommended NM-EB21 | 733 | I-25 exit 248 -> Santa Fe NM split 14 & St. Michaels Dr', 'Recommended Route', 6, 'eb', '733', NULL, '201904141729421555262982ipaSPIDoqq.png', NULL, '2019-04-14 17:29:42'),
(339, 'Recommended NM-EB22 | 714-715 | Santa Fe NM split 14 & St. Michaels Dr -> SANTA FE LOOP -> 466 & Old Pecos Trail', 'Recommended Route', 6, 'eb', '714,715', NULL, '201904141731031555263063AJle7P1Iuc.png', NULL, '2019-04-14 17:31:03'),
(340, 'Recommended NM-EB23 | blank | Santa Fe NM split at 466 & Old Pecos Trail -> Pecos Loop (west) I-25 exit 299', 'Recommended Route', 6, 'eb', NULL, NULL, '2019041417332615552632064sbVcHCLCQ.png', NULL, '2019-04-14 17:33:26'),
(341, 'Recommended NM-EB24 | 421 | Pecos Loop split (west) I-25 exit 299 -> PECOS LOOP -> Pecos Loop split (east)', 'Recommended Route', 6, 'eb', '421', NULL, '201904141734491555263289lmOuNJWcCj.png', NULL, '2019-04-14 17:34:49'),
(342, 'Recommended NM-EB25 | blank | Pecos Loop split (east) -> I-25 exit 339 & RT 84', 'Recommended Route', 6, 'eb', NULL, NULL, '201904141736061555263366kboWA3vNPO.png', NULL, '2019-04-14 17:36:06'),
(343, 'Recommended NM-EB26 | 625 | I-25 exit 339 & RT 84 -> RT 84 -> split at I-40 exit 256 & RT 84', 'Recommended Route', 6, 'eb', '625', NULL, '201904141738271555263507BTiimSezAP.png', NULL, '2019-04-14 17:38:27'),
(344, 'Recommended NM-EB27 | 425-424 | Split at I-40 exit 256 & RT 84 -> SANTA ROSA NM -> Split I-40 exit 291 (west)', 'Recommended Route', 6, 'eb', '425,426,424', NULL, '201904141742031555263723t59Gpwik2S.png', NULL, '2019-04-14 17:42:03'),
(345, 'Recommended NM-EB28 | 684 | Split I-40 exit 291 (west) -> CUERVO NM -> split I-40 exit 291 (east)', 'Recommended Route', 6, 'eb', '684', NULL, '201904141743211555263801fLSiSKby0B.png', NULL, '2019-04-14 17:43:21'),
(346, 'Recommended NM-EB29 | blank | Split I-40 exit 291 (east) -> I-40 exit 311', 'Recommended Route', 6, 'eb', NULL, NULL, '201904141744481555263888YijmVAxmJd.png', NULL, '2019-04-14 17:44:48'),
(347, 'Recommended NM-EB30 | blank | Split I-40 exit 311 -> split I-40 exit 321', 'Recommended Route', 6, 'eb', NULL, NULL, '201904141746411555264001Z2uXqWwEYF.png', NULL, '2019-04-14 17:46:41'),
(348, 'Recommended NM-EB31 | 718-717 | Split I-40 exit 321 -> TUCUMCARI NM -> split at San Jon NM', 'Recommended Route', 6, 'eb', '718,822,626,440,439,438,437,436,435,433,434,432,431,935,428,820,717', NULL, '201904141751381555264298CvtdAcMTQw.png', NULL, '2019-04-14 17:51:38'),
(349, 'Recommended NM-EB32 | 955 | Split at San Jon NM -> I-40 -> TX', 'Recommended Route', 6, 'eb', '955', NULL, '201904141753241555264404ITGudMo7ie.png', NULL, '2019-04-14 17:53:24'),
(350, 'Recommended AZ-WB1 | 961-94 | NM -> Split I-40 exit 359', 'Recommended Route', 7, 'wb', '961,963,94', NULL, '201904142021131555273273xMquMZI0US.png', NULL, '2019-04-14 20:21:13'),
(351, 'Recommended AZ-WB2 | 75-616 | Split I-40 exit 359 -> split I-40 exit 346', 'Recommended Route', 7, 'wb', '75,657,616', NULL, '201904142025211555273521z6xrGl6n9e.png', NULL, '2019-04-14 20:25:21'),
(352, 'Recommended AZ-WB3 | blank | Split I-40 exit 346 -> I-40 -> I-40 exit 341', 'Recommended Route', 7, 'wb', NULL, NULL, '2019041420263015552735900ZhUIZkJAi.png', NULL, '2019-04-14 20:26:30'),
(353, 'Recommended AZ-WB4 | 658-78 | Split I-40 exit 341 -> HOLBROOK AZ -> split I-40 exit 277', 'Recommended Route', 7, 'wb', '658,63,96,827,72,73,74,615,78', NULL, '201904142029121555273752oWZV0aw7Ld.png', NULL, '2019-04-14 20:29:12'),
(354, 'Recommended AZ-WB5 | 77 | Split I-40 exit 277 -> I-40 exit 269', 'Recommended Route', 7, 'wb', '77', NULL, '201904142031061555273866ONz43xrPY7.png', NULL, '2019-04-14 20:31:06'),
(355, 'Recommended AZ-WB6 | blank | Split at I-40 exit 269 -> I-40 exit 257', 'Recommended Route', 7, 'wb', NULL, NULL, '2019041420321815552739383X29acuBLg.png', NULL, '2019-04-14 20:32:18'),
(356, 'Recommended AZ-WB7 | x-x | Split I-40 exit 257 -> B-40 -> split I-40 exit 252', 'Recommended Route', 7, 'wb', '112,556,113,114', NULL, '201904142045381555274738CDSu7J1B0N.png', NULL, '2019-04-14 20:45:38'),
(357, 'Recommended AZ-WB8 | x-x | Split I-40 exit 252 -> split I-40 exit 211', 'Recommended Route', 7, 'wb', '554,828,115,110,111,65,829', NULL, '201904142048311555274911DhKBlJ4YKo.png', NULL, '2019-04-14 20:48:31'),
(358, 'Recommended AZ-WB9 | 66 | Split I-40 exit 211 -> Townsend Winona Rd -> split RT89 & Historic Route 66', 'Recommended Route', 7, 'wb', '66', NULL, '201904142049491555274989XV3PAo72Cv.png', NULL, '2019-04-14 20:49:49'),
(359, 'Recommended AZ-WB10 | 67-68 | Split RT89 & Historic Route 66 -> FLAGSTAFF AZ -> I-40 & B-40', 'Recommended Route', 7, 'wb', '67,614,549,550,64,68', NULL, '201904142051381555275098S3yHtPgGGm.png', NULL, '2019-04-14 20:51:38'),
(360, 'Recommended AZ-WB11 | blank | Split I-40 & B-40 -> I-40 -> I-40 exit 185', 'Recommended Route', 7, 'wb', NULL, NULL, '201904142053321555275212DE537m8Qmx.png', NULL, '2019-04-14 20:53:32'),
(361, 'Recommended AZ-WB12 | 832-833 | Split I-40 exit 185 -> OLD RT66 LOOP -> split I-40 exit 171', 'Recommended Route', 7, 'wb', '832,929,833', NULL, '201904142055311555275331JjMezKirLu.png', NULL, '2019-04-14 20:55:31'),
(362, 'Recommended AZ-WB13 | 757-741 | Split I-40 exit 171 -> WILLIAMS AZ -> I-40 exit 146 (RT 89)', 'Recommended Route', 7, 'wb', '757,764,741', NULL, '2019041420572415552754443tLUHpiunh.png', NULL, '2019-04-14 20:57:24'),
(363, 'Recommended AZ-WB14 | 759-62 | Split I-40 exit 146 (RT 89) -> ASH FORK AZ -> I-40 exit 144', 'Recommended Route', 7, 'wb', '759,61,62', NULL, '201904142059051555275545jXnxFC4ZjH.png', NULL, '2019-04-14 20:59:05'),
(364, 'Recommended AZ-WB15 | blank | Split I-40 exit 144 -> I-40 -> split I-40 exit 139', 'Recommended Route', 7, 'wb', NULL, NULL, '201904142100161555275616xCIdUZr38D.png', NULL, '2019-04-14 21:00:16'),
(365, 'Recommended AZ-WB16 | 835-105 | Split I-40 exit 139 -> RT66 -> SELIGMAN AZ -> split RT66 & B-40', 'Recommended Route', 7, 'wb', '835,97,103,98,924,104,105', NULL, '201904142104311555275871F2ypqElo5h.png', NULL, '2019-04-14 21:04:31'),
(366, 'Recommended AZ-WB17 | 606-747 | Split RT66 & B-40 -> RT66 -> split I-40 & RT66 (Kingman AZ)', 'Recommended Route', 7, 'wb', '606,101,100,99,109,71,79,91,747', NULL, '201904142107231555276043d6ytpFddCH.png', NULL, '2019-04-14 21:07:23'),
(367, 'Recommended AZ-WB18 | 551-90 | Split I-40 & RT66 -> KINGMAN AZ -> split I-40 exit 44', 'Recommended Route', 7, 'wb', '551,552,82,83,84,744,85,86,751,672,87,92,89,88,90', NULL, '20190414211030155527623078YaWQEiSU.png', NULL, '2019-04-14 21:10:30'),
(368, 'Recommended AZ-WB19 | 69-106 | Split I-40 exit 44 -> OATMAN AZ -> TOPOCK AZ -> split I-40 exit 1', 'Recommended Route', 7, 'wb', '69,117,794,70,793,926,95,106', NULL, '201904142112481555276368k6vDC0clCC.png', NULL, '2019-04-14 21:12:48'),
(369, 'Recommended AZ-WB20 | 108-965 | Split I-40 exit 1 -> CA', 'Recommended Route', 7, 'wb', '108,965', NULL, '201904142114151555276455vZX0lZIVxL.png', NULL, '2019-04-14 21:14:15'),
(370, 'Recommended AZ-EB1 | 970-108 | CA -> Split I-40 exit 1', 'Recommended Route', 7, 'eb', '970,967,108', NULL, '201904142117041555276624lmk9b5y6Gm.png', NULL, '2019-04-14 21:17:04'),
(371, 'Recommended AZ-EB2 | 106-69 | Split I-40 exit 1 -> I-40 exit 44', 'Recommended Route', 7, 'eb', '106,95,926,793,70,794,117,69', NULL, '201904142118351555276715WTOiikejjI.png', NULL, '2019-04-14 21:18:35'),
(372, 'Recommended AZ-EB3 | 90-551 | Split I-40 exit 44 -> KINGMAN AZ -> split I-40 & RT66', 'Recommended Route', 7, 'eb', '90,88,89,92,87,672,751,86,85,744,84,83,82,552,551', NULL, '2019041421272615552772462ECOCkuuDb.png', NULL, '2019-04-14 21:27:26'),
(373, 'Recommended AZ-EB4 | 747-606 | Kingman AZ split I-40 & RT66 -> split Seligman AZ RT66 & B-40', 'Recommended Route', 7, 'eb', '747,91,79,71,109,99,100,101,606', NULL, '201904142129331555277373JUSpehbsjl.png', NULL, '2019-04-14 21:29:33'),
(374, 'Recommended AZ-EB5 | 105-835 | Split Seligman AZ RT66 & B-40 -> SELIGMAN AZ -> split I-40 exit 139', 'Recommended Route', 7, 'eb', '105,924,104,98,103,97,835', NULL, '201904142131211555277481O1Yn12QTVN.png', NULL, '2019-04-14 21:31:21'),
(375, 'Recommended AZ-EB6 | blank | Split I-40 exit 139 -> I-40 -> split I-40 exit 144', 'Recommended Route', 7, 'eb', NULL, NULL, '201904142132511555277571E7HuerB3I4.png', NULL, '2019-04-14 21:32:51'),
(376, 'Recommended AZ-EB7 | 62-759 | Split I-40 exit 144 -> RT66 -> ASH FORK AZ -> split I-40 exit 146', 'Recommended Route', 7, 'eb', '62,61,759', NULL, '201904142134071555277647h5nv182zBg.png', NULL, '2019-04-14 21:34:07'),
(377, 'Recommended AZ-EB8 | 741-757 | Split I-40 exit 146 -> I-40 -> WILLIAMS AZ -> split I-40 exit 171', 'Recommended Route', 7, 'eb', '741,764,757', NULL, '20190414213637155527779778gpGPtWYh.png', NULL, '2019-04-14 21:36:37'),
(378, 'Recommended AZ-EB9 | 833-831 | Split I-40 exit 171 -> split I-40 exit 185', 'Recommended Route', 7, 'eb', '833,929,832,831', NULL, '201904142138061555277886B36sdqbhG1.png', NULL, '2019-04-14 21:38:06'),
(379, 'Recommended AZ-EB10 | blank | Split I-40 exit 185 -> I-40 -> split I-40 exit 191', 'Recommended Route', 7, 'eb', NULL, NULL, '201904142139211555277961YSgKycoq7O.png', NULL, '2019-04-14 21:39:21'),
(380, 'Recommended AZ-EB11 | 68-67 | Split I-40 exit 191 -> B-40 -> FLAGSTAFF AZ -> split RT89 @ Historic Route 66', 'Recommended Route', 7, 'eb', '68,752,549,550,64,614,67', NULL, '201904142141341555278094YeF9otq2x2.png', NULL, '2019-04-14 21:41:34'),
(381, 'Recommended AZ-EB12 | 66 | Flagstaff AZ split RT89 @ Historic Route 66 -> RT89 -> Townsend Winona Rd -> split I-40 exit 211', 'Recommended Route', 7, 'eb', '66', NULL, '201904142143161555278196xXcDsyyd1A.png', NULL, '2019-04-14 21:43:16'),
(382, 'Recommended AZ-EB13 | 829-554 | Split I-40 exit 211 -> I-40 -> I-40 exit 252', 'Recommended Route', 7, 'eb', '829,65,111,110,828,115,554', NULL, '2019041421452415552783247iK5QHNFma.png', NULL, '2019-04-14 21:45:24'),
(383, 'Recommended AZ-EB14 | 113-112 | Split I-40 exit 252 -> RT66 -> WINSLOW AZ -> split I-40 exit 257', 'Recommended Route', 7, 'eb', '113,114,556,112', NULL, '201904142147071555278427wU4DKiptvB.png', NULL, '2019-04-14 21:47:07'),
(384, 'Recommended AZ-EB15 | blank | Split I-40 exit 257 -> I-40 -> split I-40 exit 269', 'Recommended Route', 7, 'eb', NULL, NULL, '201904142148191555278499uQ3WItHYCR.png', NULL, '2019-04-14 21:48:19'),
(385, 'Recommended AZ-EB16 | 77 | Split I-40 exit 269 -> old RT66 alignment -> I-40 exit 277', 'Recommended Route', 7, 'eb', '77', NULL, '201904142150231555278623WRDtgZayEi.png', NULL, '2019-04-14 21:50:23'),
(387, 'Recommended AZ-EB17 | 78-658 | Split I-40 exit 277 -> HOLBROOK AZ -> I-40 -> split I-40 exit 341', 'Recommended route', 7, 'eb', '78,615,74,73,72,827,96,63,658', NULL, '201904142155081555278908JLHY1ndme8.png', NULL, '2019-04-14 21:55:08'),
(388, 'Recommended AZ-EB18 | blank | Split I-40 exit 341 -> I-40 -> split I-40 exit 346', 'Recommended Route', 7, 'eb', NULL, NULL, '201904142156181555278978mZqKtd4K4k.png', NULL, '2019-04-14 21:56:18'),
(389, 'Recommended AZ-EB19 | 616-657 | Split I-40 exit 346 -> I-40 -> split I-40 exit 359', 'Recommended Route', 7, 'eb', '616,75,657', NULL, '201904142157421555279062sjCnIRuCoQ.png', NULL, '2019-04-14 21:57:42'),
(390, 'Recommended AZ-EB20 | 94-964 | Split I-40 exit 359 -> Grant Rd/RT66 -> NM', 'Recommended Route', 7, 'eb', '94,964', NULL, '201904142159181555279158CUqs6oh5tC.png', NULL, '2019-04-14 21:59:18'),
(391, 'Recommended CA-WB1 | 969-140 | AZ -> Needles CA split I-40 exit 139', 'Recommended Route', 8, 'wb', '969,968,136,137,138,139,140', NULL, '201904150035211555288521ZDppSO7zTa.png', NULL, '2019-04-15 00:35:21'),
(392, 'Recommended CA-WB2 | blank | Needles CA split I-40 exit 139 -> split I-40 exit 133', 'Recommended Route', 8, 'wb', NULL, NULL, '201904150036141555288574vNAJPGqtwb.png', NULL, '2019-04-15 00:36:14'),
(393, 'Recommended CA-WB3 | blank | Split I-40 exit 133 -> I-40 -> I-40 exit 107', 'Recommended Route', 8, 'wb', NULL, NULL, '201904150037131555288633uI5UrtOUab.png', NULL, '2019-04-15 00:37:13'),
(394, 'Recommended CA-WB4 | 132-920 | Split I-40 exit 107 -> RT66 -> split I-40 exit 50', 'Recommended Route', 8, 'wb', '132,129,119,611,118,120,121,123,135,920', NULL, '201904150039231555288763zhM7mwC284.png', NULL, '2019-04-15 00:39:23'),
(395, 'Recommended CA-WB5 | blank | Split I-40 exit 50 -> I-40 -> I-40 exit 33', 'Recommended Route', 8, 'wb', NULL, NULL, '201904150040551555288855u0mDGjiUxG.png', NULL, '2019-04-15 00:40:55'),
(396, 'Recommended CA-WB6 | 141-131 | Split I-40 exit 33 -> RT66 -> split I-40 exit 5', 'Recommended Route', 8, 'wb', '141,142,143,130,557,131', NULL, '201904150043531555289033DwOrqnzLKg.png', NULL, '2019-04-15 00:43:53'),
(397, 'Recommended CA-WB7 | 125-148 | Split I-40 exit 5 -> I-40 -> I-15 exit 129', 'Recommended Route', 8, 'wb', '125,124,145,146,156,157,617,158,144,147,148', NULL, '201904150046281555289188fcCtZVTmrx.png', NULL, '2019-04-15 00:46:28'),
(398, 'Recommended CA-WB8 | blank | Split I-15 exit 129 -> Cajon Blvd/RT66 -> split RT66 & Palm Ave (I-215 exit 50)', 'Recommended Route', 8, 'wb', NULL, NULL, '201904150048151555289295bpsv57z4qz.png', NULL, '2019-04-15 00:48:15'),
(399, 'Recommended CA-WB9 | 151 | Split RT66 & Palm Ave (I-215 exit 50) -> Palm Ave -> Kendall Dr -> split Mr. Vernon Ave & W 5th St (RT66 & RT66)', 'Recommended Route', 8, 'wb', '151,745', NULL, '201904150050271555289427PrtDDZxyPz.png', NULL, '2019-04-15 01:42:45'),
(400, 'Recommended CA-WB10 | 150-777 | Split Mr. Vernon Ave & W 5th St (RT66 & RT66) -> split Colorado Blvd & Arroyo Pkwy', 'Recommended Route', 8, 'wb', '150,734,149,856,685,927,776,133,558,777', NULL, '201904150054031555289643wTEY3ERzUD.png', NULL, '2019-04-15 00:54:03'),
(401, 'Recommended CA-WB11 | 792 | Split Colorado Blvd & Arroyo Pkwy -> Arroyo Pkwy (110) -> split 110 & Sunset Blvd', 'Recommended Route', 8, 'wb', '792', NULL, '201904150100501555290050ITwoGoScaQ.png', NULL, '2019-04-15 01:00:50'),
(402, 'Recommended CA-WB12 | 755-155 | Split 110 & Sunset Blvd -> END RT66 Lincoln Blvd & Olympic Blvd', 'Recommended Route', 8, 'wb', '755,126,127,735,736,155', NULL, '201904150104211555290261s1DAc7h5di.png', NULL, '2019-04-15 01:04:21'),
(403, 'Recommended SIDE-TRIP CA-WB13 | x-x | END RT66 Lincoln Blvd & Olympic Blvd -> Santa Monica PIER', 'Recommended Side-Trip', 8, 'wb', '152,719,721,153,154', NULL, '201904150106361555290396Af1M3B2Tbe.png', NULL, '2019-04-15 01:55:13'),
(405, 'Recommended CA-EB1 | 971-755 | END/BEGIN RT66 Lincoln Blvd & Olympic Blvd -> split Sunset Blvd & 110', 'Recommended Route', 8, 'eb', '971,735,127,126,754,755', NULL, '201904150123271555291407IS80qusr1x.png', NULL, '2019-04-15 01:23:27'),
(406, 'Recommended CA-EB2 | 792 | Split Sunset Blvd & 110 -> split 110 & Fair Oaks Ave', 'Recommended Route', 8, 'eb', '792', NULL, '201904150126541555291614CdCM82LLlW.png', NULL, '2019-04-15 01:26:54'),
(407, 'Recommended CA-EB3 | blank | Split 110 & Fair Oaks Ave -> 110 -> split Colorado Blvd & Arroyo Pkwy', 'Recommended Route', 8, 'eb', NULL, NULL, '2019041501280615552916862VtBBvWuI1.png', NULL, '2019-04-15 01:28:06'),
(408, 'Recommended CA-EB4 | 777-150 | Split Colorado Blvd & Arroyo Pkwy -> split W 5th St & Mt Vernon Ave', 'Recommended Route', 8, 'eb', '777,558,133,776,927,685,856,149,734,150', NULL, '201904150130061555291806ZasvxPwyHn.png', NULL, '2019-04-15 01:30:06'),
(409, 'Recommended CA-EB5 | 745-151 | Split W 5th St & Mt Vernon Ave -> split Palm Ave & Cajon Blvd', 'Recommended Route', 8, 'eb', '745,151', NULL, '201904150132031555291923yRKvXebxGY.png', NULL, '2019-04-15 01:32:03'),
(410, 'Recommended CA-EB6 | blank | Split Palm Ave & Cajon Blvd -> Cajon Blvd/RT66 -> I-15 exit 129', 'Recommended Route', 8, 'eb', NULL, NULL, '201904150134101555292050eAE8R91ZFY.png', NULL, '2019-04-15 01:34:10'),
(411, 'Recommended CA-EB7 | 148-125 | Split I-15 exit 129 -> split I-40 exit 5', 'Recommended Route', 8, 'eb', '148,147,144,158,617,157,156,146,145,124,125', NULL, '201904150137191555292239fNsObLLc2I.png', NULL, '2019-04-15 01:37:19'),
(412, 'Recommended CA-EB8 | 557-141 | Split I-40 exit 5 -> I-40 exit 33', 'Recommended Route', 8, 'eb', '557,131,130,143,142,141', NULL, '201904150145341555292734SdUqaRWbej.png', NULL, '2019-04-15 01:45:34'),
(413, 'Recommended CA-EB9 | blank | Split I-40 exit 33 -> I-40 -> I-40 exit 50', 'Recommended Route', 8, 'eb', NULL, NULL, '201904150146551555292815qOsJBkGWw0.png', NULL, '2019-04-15 01:54:31'),
(414, 'Recommended CA-EB10 | 135-132 | Split I-40 exit 50 -> RT66 -> I-40 exit 107', 'Recommended Route', 8, 'eb', '135,920,123,121,120,118,611,119,129,132', NULL, '2019041501492515552929655mLbn0NMHE.png', NULL, '2019-04-15 01:49:25'),
(415, 'Recommended CA-EB11 | blank | Split I-40 exit 107 -> I-40 -> split I-40 exit 133', 'Recommended Route', 8, 'eb', NULL, NULL, '2019041501503615552930362xI5D5ldzY.png', NULL, '2019-04-15 01:50:36'),
(416, 'Recommended CA-EB12 | blank | Split I-40 exit 133 -> I-40 -> I-40 exit 139', 'Recommended Route', 8, 'eb', NULL, NULL, '201904150151531555293113P3iv1FzK7M.png', NULL, '2019-04-15 01:51:53'),
(417, 'Recommended CA-EB13 | 140-966 | Split I-40 exit 139 -> NEEDLES CA -> AZ', 'Recommended Route', 8, 'eb', '140,139,138,137,136,966', NULL, '201904150153391555293219ThAx4Jhj4I.png', NULL, '2019-04-15 01:53:39');

-- --------------------------------------------------------

--
-- Table structure for table `route_alternate`
--

CREATE TABLE `route_alternate` (
  `id` int(11) NOT NULL,
  `master_route_id` int(11) NOT NULL,
  `route_id` int(11) DEFAULT NULL,
  `alter_route_id` int(11) DEFAULT NULL,
  `created_at` timestamp NOT NULL DEFAULT CURRENT_TIMESTAMP ON UPDATE CURRENT_TIMESTAMP
) ENGINE=InnoDB DEFAULT CHARSET=latin1;

--
-- Dumping data for table `route_alternate`
--

INSERT INTO `route_alternate` (`id`, `master_route_id`, `route_id`, `alter_route_id`, `created_at`) VALUES
(3, 5, 21, 22, '2018-06-22 08:03:17'),
(13, 6, 21, 22, '2018-07-16 07:05:43'),
(37, 13, 29, 44, '2018-08-15 18:37:45'),
(40, 3, 16, 17, '2018-08-17 18:26:40'),
(41, 3, 19, 21, '2018-08-17 18:26:40'),
(45, 27, 54, 61, '2018-09-13 00:53:29'),
(46, 27, 58, 62, '2018-09-13 00:53:29'),
(47, 40, 129, 128, '2019-04-03 16:29:37'),
(53, 43, 140, 141, '2019-04-03 19:43:26'),
(54, 42, 134, 135, '2019-04-03 19:43:44'),
(55, 40, 130, 130, '2019-04-03 19:44:49'),
(56, 41, 129, 128, '2019-04-03 19:45:15'),
(57, 45, 145, 244, '2019-04-06 16:17:56'),
(58, 46, 242, 245, '2019-04-06 16:18:41');

-- --------------------------------------------------------

--
-- Table structure for table `route_community`
--

CREATE TABLE `route_community` (
  `id` int(11) NOT NULL,
  `route_id` int(11) NOT NULL,
  `community_id` int(11) DEFAULT NULL
) ENGINE=InnoDB DEFAULT CHARSET=latin1;

--
-- Dumping data for table `route_community`
--

INSERT INTO `route_community` (`id`, `route_id`, `community_id`) VALUES
(1, 92, 194),
(2, 92, 181),
(3, 92, 192),
(4, 92, 180),
(5, 92, 169),
(6, 92, 174),
(7, 92, 197),
(8, 92, 185),
(9, 92, 184),
(10, 92, 183),
(11, 92, 179),
(12, 92, 199),
(13, 92, 167),
(14, 92, 189),
(15, 93, 189),
(16, 93, 178),
(17, 93, 166),
(18, 94, 166),
(19, 95, 166),
(20, 95, 187),
(21, 96, 191),
(22, 97, 191),
(23, 97, 195),
(24, 98, 195),
(25, 99, 195),
(26, 99, 170),
(27, 99, 173),
(28, 100, 173),
(29, 101, 182),
(30, 102, 172),
(31, 102, 196),
(32, 102, 165),
(33, 103, 165),
(34, 104, 188),
(35, 105, 175),
(36, 106, 175),
(37, 106, 236),
(38, 108, 105),
(39, 108, 236),
(40, 108, 175),
(41, 109, 175),
(42, 110, 188),
(43, 111, 165),
(44, 112, 165),
(45, 112, 196),
(46, 113, 172),
(47, 114, 172),
(48, 115, 182),
(49, 116, 173),
(50, 117, 173),
(51, 117, 170),
(52, 117, 195),
(53, 118, 195),
(54, 119, 195),
(55, 119, 191),
(56, 120, 191),
(57, 121, 186),
(58, 121, 191),
(59, 121, 168),
(60, 121, 193),
(61, 121, 171),
(62, 121, 231),
(63, 122, 187),
(64, 122, 166),
(65, 123, 166),
(66, 124, 166),
(67, 124, 178),
(68, 125, 189),
(69, 126, 189),
(70, 126, 167),
(71, 126, 199),
(72, 126, 179),
(73, 126, 183),
(74, 126, 184),
(75, 126, 185),
(76, 126, 197),
(77, 126, 174),
(78, 126, 169),
(79, 126, 180),
(80, 126, 192),
(81, 126, 181),
(82, 126, 194),
(83, 127, 231),
(84, 127, 171),
(85, 127, 193),
(86, 127, 168),
(87, 127, 191),
(88, 127, 186),
(89, 128, 198),
(90, 130, 198),
(91, 132, 106),
(92, 133, 106),
(93, 133, 107),
(94, 134, 105),
(95, 136, 105),
(96, 139, 105),
(97, 140, 105),
(98, 142, 107),
(99, 142, 106),
(100, 143, 106),
(101, 144, 3),
(102, 144, 4),
(103, 144, 5),
(104, 145, 232),
(105, 146, 6),
(106, 146, 8),
(107, 147, 9),
(108, 147, 10),
(109, 147, 11),
(110, 147, 12),
(111, 148, 12),
(112, 148, 13),
(113, 148, 14),
(114, 149, 14),
(115, 149, 213),
(116, 149, 16),
(117, 150, 16),
(118, 152, 17),
(119, 154, 18),
(120, 154, 17),
(121, 155, 99),
(122, 156, 19),
(123, 157, 19),
(124, 159, 20),
(125, 160, 20),
(126, 161, 21),
(127, 162, 21),
(128, 163, 21),
(129, 164, 93),
(130, 165, 93),
(131, 166, 93),
(132, 166, 23),
(133, 166, 24),
(134, 167, 25),
(135, 168, 26),
(136, 170, 26),
(137, 171, 27),
(138, 171, 28),
(139, 172, 29),
(140, 173, 30),
(141, 173, 31),
(142, 174, 31),
(143, 175, 31),
(144, 176, 92),
(145, 178, 36),
(146, 181, 37),
(147, 182, 38),
(148, 184, 39),
(149, 186, 42),
(150, 187, 42),
(151, 187, 44),
(152, 187, 45),
(153, 189, 46),
(154, 190, 49),
(155, 191, 47),
(156, 193, 47),
(157, 194, 46),
(158, 196, 45),
(159, 196, 44),
(160, 197, 42),
(161, 198, 42),
(162, 200, 39),
(163, 202, 38),
(164, 203, 37),
(165, 206, 36),
(166, 208, 92),
(167, 210, 31),
(168, 211, 31),
(169, 211, 30),
(170, 212, 29),
(171, 213, 28),
(172, 213, 27),
(173, 213, 26),
(174, 214, 26),
(175, 216, 26),
(176, 218, 25),
(177, 219, 24),
(178, 219, 23),
(179, 219, 93),
(180, 220, 93),
(181, 221, 93),
(182, 222, 21),
(183, 223, 21),
(184, 224, 21),
(185, 227, 20),
(186, 228, 20),
(187, 229, 19),
(188, 230, 19),
(189, 231, 99),
(190, 232, 18),
(191, 232, 17),
(192, 234, 17),
(193, 236, 16),
(194, 237, 16),
(195, 237, 213),
(196, 237, 14),
(197, 238, 14),
(198, 238, 13),
(199, 238, 12),
(200, 240, 12),
(201, 240, 11),
(202, 240, 10),
(203, 240, 9),
(204, 241, 8),
(205, 241, 6),
(206, 242, 232),
(207, 243, 5),
(208, 243, 4),
(209, 243, 3),
(210, 246, 135),
(211, 247, 50),
(212, 247, 135),
(213, 248, 117),
(214, 248, 126),
(215, 248, 141),
(216, 248, 140),
(217, 248, 133),
(218, 248, 137),
(219, 248, 139),
(220, 248, 111),
(221, 248, 120),
(222, 248, 115),
(223, 248, 134),
(224, 248, 131),
(225, 248, 124),
(226, 248, 118),
(227, 248, 116),
(228, 249, 116),
(229, 250, 136),
(230, 250, 142),
(231, 250, 130),
(232, 250, 121),
(233, 250, 128),
(234, 251, 114),
(235, 252, 125),
(236, 252, 122),
(237, 252, 138),
(238, 252, 132),
(239, 253, 132),
(240, 254, 132),
(241, 254, 110),
(242, 255, 127),
(243, 256, 123),
(244, 256, 113),
(245, 257, 113),
(246, 258, 113),
(247, 258, 112),
(248, 258, 143),
(249, 259, 119),
(250, 260, 119),
(251, 262, 119),
(252, 263, 119),
(253, 264, 119),
(254, 265, 143),
(255, 265, 112),
(256, 265, 113),
(257, 266, 113),
(258, 267, 113),
(259, 267, 123),
(260, 268, 127),
(261, 269, 110),
(262, 269, 132),
(263, 270, 132),
(264, 271, 132),
(265, 271, 138),
(266, 271, 122),
(267, 271, 125),
(268, 272, 114),
(269, 273, 128),
(270, 273, 121),
(271, 273, 130),
(272, 273, 142),
(273, 273, 136),
(274, 274, 116),
(275, 275, 116),
(276, 275, 118),
(277, 275, 124),
(278, 275, 131),
(279, 275, 134),
(280, 275, 115),
(281, 275, 120),
(282, 275, 111),
(283, 275, 139),
(284, 275, 137),
(285, 275, 133),
(286, 275, 140),
(287, 275, 141),
(288, 275, 126),
(289, 275, 117),
(290, 276, 135),
(291, 276, 50),
(292, 277, 135),
(293, 278, 194),
(294, 278, 208),
(295, 278, 206),
(296, 278, 201),
(297, 278, 203),
(298, 278, 204),
(299, 278, 207),
(300, 279, 202),
(301, 280, 202),
(302, 280, 209),
(303, 280, 200),
(304, 281, 200),
(305, 281, 209),
(306, 281, 202),
(307, 282, 202),
(308, 283, 207),
(309, 283, 204),
(310, 283, 203),
(311, 283, 206),
(312, 283, 201),
(313, 283, 208),
(314, 285, 200),
(315, 285, NULL),
(316, 286, 238),
(317, 287, 163),
(318, 290, 218),
(319, 291, 161),
(320, 292, 152),
(321, 294, 156),
(322, 295, 160),
(323, 296, NULL),
(324, 299, 145),
(325, 300, 145),
(326, 301, 145),
(327, 303, 155),
(328, 306, 155),
(329, 309, 147),
(330, 309, 228),
(331, 312, 151),
(332, 312, 148),
(333, 315, 150),
(334, 317, 61),
(335, 318, NULL),
(336, 318, 61),
(337, 320, 150),
(338, 323, 148),
(339, 323, 151),
(340, 326, 228),
(341, 326, 147),
(342, 328, 155),
(343, 331, 155),
(344, 333, 145),
(345, 334, 145),
(346, 335, 145),
(347, 338, NULL),
(348, 339, 160),
(349, 341, 156),
(350, 343, 152),
(351, 344, 161),
(352, 345, 218),
(353, 348, 163),
(354, 349, 238),
(355, 350, 61),
(356, 351, 58),
(357, 351, 51),
(358, 353, 64),
(359, 353, 53),
(360, 353, 63),
(361, 353, 57),
(362, 353, 59),
(363, 354, 59),
(364, 356, 69),
(365, 357, 69),
(366, 357, 68),
(367, 357, 54),
(368, 358, 54),
(369, 359, 54),
(370, 361, 229),
(371, 361, 237),
(372, 361, 223),
(373, 362, 223),
(374, 363, 52),
(375, 365, 65),
(376, 366, 215),
(377, 366, 65),
(378, 366, 67),
(379, 366, 56),
(380, 366, 60),
(381, 367, 60),
(382, 368, 55),
(383, 368, 62),
(384, 368, 66),
(385, 369, 66),
(386, 370, 66),
(387, 371, 66),
(388, 371, 62),
(389, 371, 55),
(390, 372, 60),
(391, 373, 60),
(392, 373, 56),
(393, 373, 67),
(394, 373, 215),
(395, 373, 65),
(396, 374, 65),
(397, 376, 52),
(398, 377, 223),
(399, 378, 223),
(400, 378, 237),
(401, 378, 229),
(402, 380, 54),
(403, 381, 54),
(404, 382, 54),
(405, 382, 68),
(406, 382, 69),
(407, 383, 69),
(408, 385, 59),
(409, 387, 59),
(410, 387, 57),
(411, 387, 63),
(412, 387, 53),
(413, 387, 64),
(414, 389, 58),
(415, 389, 51),
(416, 390, 61),
(417, 391, 81),
(418, 394, 77),
(419, 394, 75),
(420, 394, 70),
(421, 394, 71),
(422, 394, 80),
(423, 396, 82),
(424, 396, 76),
(425, 397, 72),
(426, 397, 84),
(427, 397, 90),
(428, 397, 83),
(429, 397, 85),
(430, 399, 88),
(431, 400, 87),
(432, 400, 221),
(433, 400, 86),
(434, 400, 226),
(435, 400, 78),
(436, 400, 212),
(437, 401, 79),
(438, 402, 79),
(439, 402, 73),
(440, 402, 89),
(441, 403, 89),
(442, 405, 89),
(443, 405, 73),
(444, 405, 79),
(445, 406, 79),
(446, 408, 212),
(447, 408, 78),
(448, 408, 226),
(449, 408, 86),
(450, 408, 221),
(451, 408, 87),
(452, 409, 88),
(453, 411, 85),
(454, 411, 83),
(455, 411, 90),
(456, 411, 84),
(457, 411, 72),
(458, 412, 76),
(459, 412, 82),
(460, 414, 80),
(461, 414, 71),
(462, 414, 70),
(463, 414, 75),
(464, 414, 77),
(465, 417, 81);

-- --------------------------------------------------------

--
-- Table structure for table `route_community_poi`
--

CREATE TABLE `route_community_poi` (
  `id` int(11) NOT NULL,
  `route_id` int(11) NOT NULL,
  `route_community_id` int(11) NOT NULL,
  `poi_id` int(11) NOT NULL
) ENGINE=InnoDB DEFAULT CHARSET=latin1;

--
-- Dumping data for table `route_community_poi`
--

INSERT INTO `route_community_poi` (`id`, `route_id`, `route_community_id`, `poi_id`) VALUES
(1, 92, 1, 728),
(2, 92, 1, 506),
(3, 92, 1, 505),
(4, 92, 2, 723),
(5, 92, 2, 601),
(6, 92, 2, 478),
(7, 92, 2, 477),
(8, 92, 3, 605),
(9, 92, 3, 642),
(10, 92, 3, 643),
(11, 92, 3, 501),
(12, 92, 3, 500),
(13, 92, 4, 476),
(14, 92, 4, 475),
(15, 92, 4, 634),
(16, 92, 5, 631),
(17, 92, 5, 451),
(18, 92, 6, 468),
(19, 92, 6, 467),
(20, 92, 6, 466),
(21, 92, 6, 599),
(22, 92, 7, 819),
(23, 92, 7, 649),
(24, 92, 7, 650),
(25, 92, 7, 520),
(26, 92, 8, 482),
(27, 92, 8, 636),
(28, 92, 8, 481),
(29, 92, 8, 635),
(30, 92, 9, 480),
(31, 92, 10, 479),
(32, 92, 11, 600),
(33, 92, 11, 818),
(34, 92, 11, 474),
(35, 92, 11, 560),
(36, 92, 11, 817),
(37, 92, 12, 912),
(38, 92, 12, 816),
(39, 92, 12, 521),
(40, 92, 12, 815),
(41, 92, 13, 449),
(42, 92, 14, 490),
(43, 93, 15, 487),
(44, 93, 15, 488),
(45, 93, 15, 854),
(46, 93, 15, 486),
(47, 93, 16, 722),
(48, 93, 17, 904),
(49, 93, 17, 448),
(50, 93, 17, 447),
(51, 93, 17, 851),
(52, 93, 17, 446),
(53, 94, 18, 814),
(54, 95, 19, 445),
(55, 95, 19, 595),
(56, 95, 20, 603),
(57, 95, 20, 670),
(58, 95, 20, 637),
(59, 96, 21, 499),
(60, 96, 21, 498),
(61, 96, 21, 497),
(62, 97, 22, 495),
(63, 97, 22, 494),
(64, 97, 23, 766),
(65, 97, 23, 509),
(66, 97, 23, 510),
(67, 97, 23, 508),
(68, 97, 23, 507),
(69, 97, 23, 910),
(70, 97, 23, 690),
(71, 97, 23, 514),
(72, 97, 23, 769),
(73, 98, 24, 687),
(74, 98, 24, 513),
(75, 98, 24, 688),
(76, 98, 24, 645),
(77, 98, 24, 773),
(78, 98, 24, 850),
(79, 98, 24, 911),
(80, 98, 24, 644),
(81, 98, 24, 511),
(82, 98, 24, 899),
(83, 99, 25, 930),
(84, 99, 25, 515),
(85, 99, 26, 632),
(86, 99, 26, 452),
(87, 99, 26, 668),
(88, 99, 26, 810),
(89, 99, 26, 811),
(90, 99, 27, 465),
(91, 100, 28, 598),
(92, 100, 28, 463),
(93, 101, 29, 809),
(94, 101, 29, 686),
(95, 101, 29, 909),
(96, 102, 30, 461),
(97, 102, 30, 460),
(98, 102, 30, 459),
(99, 102, 31, 648),
(100, 102, 31, 519),
(101, 102, 31, 516),
(102, 102, 31, 779),
(103, 102, 31, 517),
(104, 102, 32, 732),
(105, 102, 32, 444),
(106, 102, 32, 443),
(107, 102, 32, 630),
(108, 102, 32, 629),
(109, 103, 33, 442),
(110, 104, 34, 485),
(111, 104, 34, 907),
(112, 104, 34, 638),
(113, 104, 34, 483),
(114, 104, 34, 484),
(115, 104, 34, 760),
(116, 104, 34, 639),
(117, 105, 35, 470),
(118, 105, 35, 473),
(119, 105, 35, 472),
(120, 106, 36, 469),
(121, 106, 37, 906),
(122, 108, 38, 724),
(123, 108, 39, 906),
(124, 108, 40, 469),
(125, 109, 41, 472),
(126, 109, 41, 473),
(127, 109, 41, 470),
(128, 110, 42, 639),
(129, 110, 42, 760),
(130, 110, 42, 484),
(131, 110, 42, 483),
(132, 110, 42, 638),
(133, 110, 42, 907),
(134, 110, 42, 485),
(135, 111, 43, 442),
(136, 112, 44, 629),
(137, 112, 44, 630),
(138, 112, 44, 443),
(139, 112, 44, 444),
(140, 112, 44, 732),
(141, 112, 45, 517),
(142, 112, 45, 779),
(143, 112, 45, 516),
(144, 112, 45, 519),
(145, 112, 45, 648),
(146, 113, 46, 459),
(147, 114, 47, 461),
(148, 115, 48, 909),
(149, 115, 48, 686),
(150, 115, 48, 809),
(151, 116, 49, 463),
(152, 116, 49, 598),
(153, 117, 50, 465),
(154, 117, 51, 811),
(155, 117, 51, 810),
(156, 117, 51, 668),
(157, 117, 51, 452),
(158, 117, 51, 632),
(159, 117, 52, 515),
(160, 117, 52, 930),
(161, 117, 52, 899),
(162, 118, 53, 511),
(163, 118, 53, 644),
(164, 118, 53, 911),
(165, 118, 53, 850),
(166, 118, 53, 773),
(167, 118, 53, 645),
(168, 118, 53, 688),
(169, 118, 53, 513),
(170, 118, 53, 687),
(171, 119, 54, 514),
(172, 119, 54, 690),
(173, 119, 54, 769),
(174, 119, 54, 910),
(175, 119, 54, 507),
(176, 119, 54, 508),
(177, 119, 54, 510),
(178, 119, 54, 509),
(179, 119, 54, 766),
(180, 119, 55, 494),
(181, 119, 55, 495),
(182, 120, 56, 640),
(183, 120, 56, 497),
(184, 120, 56, 498),
(185, 120, 56, 499),
(186, 121, 57, 602),
(187, 121, 58, 641),
(188, 121, 59, 450),
(189, 121, 59, 679),
(190, 121, 60, 502),
(191, 121, 60, 503),
(192, 121, 61, 453),
(193, 121, 61, 454),
(194, 121, 61, 456),
(195, 121, 61, 457),
(196, 121, 61, 597),
(197, 121, 62, 458),
(198, 122, 63, 637),
(199, 122, 63, 670),
(200, 122, 63, 603),
(201, 122, 64, 595),
(202, 122, 64, 445),
(203, 123, 65, 814),
(204, 124, 66, 446),
(205, 124, 66, 851),
(206, 124, 66, 447),
(207, 124, 66, 448),
(208, 124, 66, 904),
(209, 124, 67, 722),
(210, 125, 68, 486),
(211, 125, 68, 854),
(212, 125, 68, 487),
(213, 126, 69, 488),
(214, 126, 69, 490),
(215, 126, 70, 449),
(216, 126, 71, 521),
(217, 126, 71, 912),
(218, 126, 72, 817),
(219, 126, 72, 560),
(220, 126, 72, 474),
(221, 126, 72, 818),
(222, 126, 72, 600),
(223, 126, 73, 479),
(224, 126, 74, 480),
(225, 126, 75, 635),
(226, 126, 75, 481),
(227, 126, 75, 636),
(228, 126, 75, 482),
(229, 126, 76, 520),
(230, 126, 76, 650),
(231, 126, 76, 819),
(232, 126, 77, 599),
(233, 126, 77, 466),
(234, 126, 77, 467),
(235, 126, 78, 451),
(236, 126, 78, 631),
(237, 126, 79, 634),
(238, 126, 79, 475),
(239, 126, 79, 476),
(240, 126, 80, 500),
(241, 126, 80, 501),
(242, 126, 80, 642),
(243, 126, 80, 605),
(244, 126, 81, 477),
(245, 126, 81, 478),
(246, 126, 81, 601),
(247, 126, 81, 723),
(248, 126, 82, 505),
(249, 126, 82, 506),
(250, 126, 82, 728),
(251, 127, 83, 458),
(252, 127, 84, 597),
(253, 127, 84, 457),
(254, 127, 84, 456),
(255, 127, 84, 454),
(256, 127, 84, 453),
(257, 127, 85, 503),
(258, 127, 85, 502),
(259, 127, 85, 813),
(260, 127, 86, 679),
(261, 127, 86, 450),
(262, 127, 87, 641),
(263, 127, 88, 602),
(264, 128, 89, 651),
(265, 130, 90, 651),
(266, 132, 91, 725),
(267, 132, 91, 771),
(268, 132, 91, 293),
(269, 132, 91, 564),
(270, 132, 91, 294),
(271, 132, 91, 296),
(272, 132, 91, 297),
(273, 133, 92, 297),
(274, 133, 92, 849),
(275, 133, 92, 871),
(276, 133, 93, 299),
(277, 133, 93, 301),
(278, 133, 93, 905),
(279, 133, 93, 302),
(280, 134, 94, 289),
(281, 136, 95, 290),
(282, 136, 95, 932),
(283, 136, 95, 292),
(284, 139, 96, 724),
(285, 139, 96, 292),
(286, 139, 96, 932),
(287, 139, 96, 290),
(288, 140, 97, 289),
(289, 142, 98, 302),
(290, 142, 98, 905),
(291, 142, 98, 301),
(292, 142, 98, 299),
(293, 142, 99, 871),
(294, 142, 99, 849),
(295, 142, 99, 297),
(296, 143, 100, 296),
(297, 143, 100, 294),
(298, 143, 100, 564),
(299, 143, 100, 293),
(300, 143, 100, 771),
(301, 144, 101, 781),
(302, 144, 101, 844),
(303, 144, 101, 5),
(304, 144, 101, 6),
(305, 144, 101, 843),
(306, 144, 101, 7),
(307, 144, 101, 845),
(308, 144, 101, 9),
(309, 144, 101, 10),
(310, 144, 102, 11),
(311, 144, 103, 12),
(312, 145, 104, 846),
(313, 146, 105, 848),
(314, 146, 105, 847),
(315, 146, 105, 13),
(316, 146, 106, 15),
(317, 147, 107, 18),
(318, 147, 108, 19),
(319, 147, 109, 20),
(320, 147, 109, 21),
(321, 147, 109, 574),
(322, 147, 109, 731),
(323, 147, 109, 29),
(324, 147, 109, 30),
(325, 147, 109, 575),
(326, 147, 110, 573),
(327, 147, 110, 32),
(328, 147, 110, 33),
(329, 148, 111, 35),
(330, 148, 112, 36),
(331, 148, 112, 37),
(332, 148, 112, 569),
(333, 148, 112, 38),
(334, 148, 112, 40),
(335, 148, 112, 669),
(336, 148, 112, 570),
(337, 148, 112, 572),
(338, 148, 112, 571),
(339, 148, 112, 863),
(340, 148, 113, 41),
(341, 149, 114, 43),
(342, 149, 115, 576),
(343, 149, 116, 44),
(344, 150, 117, 213),
(345, 150, 117, 45),
(346, 150, 117, 47),
(347, 150, 117, 46),
(348, 152, 118, 48),
(349, 152, 118, 49),
(350, 152, 118, 200),
(351, 152, 118, 50),
(352, 154, 119, 610),
(353, 154, 119, 52),
(354, 154, 120, 51),
(355, 155, 121, 789),
(356, 155, 121, 183),
(357, 156, 122, 53),
(358, 156, 122, 54),
(359, 156, 122, 55),
(360, 156, 122, 260),
(361, 156, 122, 936),
(362, 156, 122, 56),
(363, 157, 123, 261),
(364, 157, 123, 798),
(365, 159, 124, 223),
(366, 159, 124, 562),
(367, 159, 124, 224),
(368, 160, 125, 225),
(369, 161, 126, 282),
(370, 162, 127, 281),
(371, 162, 127, 284),
(372, 163, 128, 285),
(373, 164, 129, 568),
(374, 164, 129, 249),
(375, 164, 129, 250),
(376, 164, 129, 251),
(377, 164, 129, 169),
(378, 164, 129, 730),
(379, 165, 130, 694),
(380, 165, 130, 841),
(381, 166, 131, 170),
(382, 166, 132, 242),
(383, 166, 132, 254),
(384, 166, 133, 244),
(385, 167, 134, 159),
(386, 167, 134, 161),
(387, 167, 134, 160),
(388, 167, 134, 162),
(389, 167, 134, 163),
(390, 167, 134, 164),
(391, 168, 135, 563),
(392, 168, 135, 229),
(393, 168, 135, 228),
(394, 168, 135, 232),
(395, 170, 136, 233),
(396, 171, 137, 174),
(397, 171, 137, 175),
(398, 171, 138, 210),
(399, 172, 139, 742),
(400, 172, 139, 287),
(401, 173, 140, 253),
(402, 173, 141, 271),
(403, 173, 141, 265),
(404, 173, 141, 674),
(405, 173, 141, 618),
(406, 174, 142, 264),
(407, 174, 142, 902),
(408, 174, 142, 663),
(409, 174, 142, 268),
(410, 174, 142, 269),
(411, 174, 142, 613),
(412, 175, 143, 800),
(413, 176, 144, 167),
(414, 178, 145, 215),
(415, 181, 146, 248),
(416, 182, 147, 182),
(417, 182, 147, 176),
(418, 182, 147, 177),
(419, 182, 147, 178),
(420, 182, 147, 180),
(421, 182, 147, 179),
(422, 182, 147, 181),
(423, 184, 148, 746),
(424, 186, 149, 278),
(425, 186, 149, 609),
(426, 187, 150, 280),
(427, 187, 151, 288),
(428, 187, 152, 218),
(429, 189, 153, 245),
(430, 189, 153, 246),
(431, 190, 154, 939),
(432, 190, 154, 286),
(433, 191, 155, 217),
(434, 193, 156, 217),
(435, 194, 157, 246),
(436, 194, 157, 245),
(437, 196, 158, 218),
(438, 196, 159, 288),
(439, 197, 160, 280),
(440, 197, 160, 609),
(441, 198, 161, 278),
(442, 200, 162, 746),
(443, 202, 163, 181),
(444, 202, 163, 179),
(445, 202, 163, 180),
(446, 202, 163, 177),
(447, 202, 163, 178),
(448, 202, 163, 176),
(449, 202, 163, 182),
(450, 203, 164, 248),
(451, 206, 165, 215),
(452, 208, 166, 677),
(453, 208, 166, 167),
(454, 210, 167, 613),
(455, 210, 167, 269),
(456, 210, 167, 268),
(457, 210, 167, 663),
(458, 210, 167, 902),
(459, 210, 167, 264),
(460, 211, 168, 272),
(461, 211, 168, 263),
(462, 211, 168, 258),
(463, 211, 168, 257),
(464, 211, 168, 256),
(465, 211, 168, 674),
(466, 211, 168, 618),
(467, 211, 168, 265),
(468, 211, 168, 271),
(469, 211, 169, 253),
(470, 212, 170, 287),
(471, 212, 170, 742),
(472, 213, 171, 210),
(473, 213, 171, 207),
(474, 213, 171, 206),
(475, 213, 171, 208),
(476, 213, 171, 209),
(477, 213, 172, 175),
(478, 213, 172, 174),
(479, 213, 173, 235),
(480, 214, 174, 233),
(481, 214, 174, 234),
(482, 216, 175, 232),
(483, 216, 175, 228),
(484, 216, 175, 229),
(485, 216, 175, 230),
(486, 216, 175, 231),
(487, 216, 175, 563),
(488, 218, 176, 164),
(489, 218, 176, 163),
(490, 218, 176, 162),
(491, 218, 176, 160),
(492, 218, 176, 161),
(493, 218, 176, 159),
(494, 219, 177, 244),
(495, 219, 177, 243),
(496, 219, 178, 254),
(497, 219, 178, 242),
(498, 219, 179, 170),
(499, 220, 180, 841),
(500, 220, 180, 694),
(501, 221, 181, 730),
(502, 221, 181, 169),
(503, 221, 181, 251),
(504, 221, 181, 250),
(505, 221, 181, 249),
(506, 221, 181, 568),
(507, 222, 182, 285),
(508, 223, 183, 284),
(509, 223, 183, 281),
(510, 224, 184, 282),
(511, 227, 185, 225),
(512, 228, 186, 224),
(513, 228, 186, 562),
(514, 228, 186, 223),
(515, 229, 187, 798),
(516, 229, 187, 261),
(517, 230, 188, 56),
(518, 230, 188, 57),
(519, 230, 188, 837),
(520, 230, 188, 797),
(521, 230, 188, 799),
(522, 230, 188, 260),
(523, 230, 188, 55),
(524, 230, 188, 54),
(525, 230, 188, 53),
(526, 231, 189, 183),
(527, 231, 189, 789),
(528, 232, 190, 52),
(529, 232, 190, 610),
(530, 232, 191, 51),
(531, 234, 192, 50),
(532, 234, 192, 200),
(533, 234, 192, 49),
(534, 234, 192, 48),
(535, 236, 193, 46),
(536, 236, 193, 47),
(537, 236, 193, 45),
(538, 236, 193, 213),
(539, 237, 194, 44),
(540, 237, 195, 576),
(541, 237, 196, 43),
(542, 238, 197, 41),
(543, 238, 198, 863),
(544, 238, 198, 571),
(545, 238, 198, 572),
(546, 238, 198, 669),
(547, 238, 198, 570),
(548, 238, 198, 40),
(549, 238, 198, 38),
(550, 238, 198, 569),
(551, 238, 198, 37),
(552, 238, 198, 36),
(553, 238, 199, 35),
(554, 240, 200, 33),
(555, 240, 200, 32),
(556, 240, 200, 573),
(557, 240, 201, 575),
(558, 240, 201, 30),
(559, 240, 201, 29),
(560, 240, 201, 23),
(561, 240, 201, 731),
(562, 240, 201, 22),
(563, 240, 201, 574),
(564, 240, 201, 21),
(565, 240, 201, 20),
(566, 240, 202, 19),
(567, 240, 203, 18),
(568, 241, 204, 15),
(569, 241, 205, 13),
(570, 241, 205, 847),
(571, 241, 205, 848),
(572, 242, 206, 846),
(573, 243, 207, 12),
(574, 243, 208, 11),
(575, 243, 209, 10),
(576, 243, 209, 9),
(577, 243, 209, 845),
(578, 243, 209, 8),
(579, 243, 209, 7),
(580, 243, 209, 937),
(581, 243, 209, 781),
(582, 246, 210, 940),
(583, 247, 211, 201),
(584, 247, 211, 202),
(585, 247, 212, 376),
(586, 247, 212, 594),
(587, 247, 212, 778),
(588, 247, 212, 377),
(589, 247, 212, 378),
(590, 248, 213, 329),
(591, 248, 213, 593),
(592, 248, 214, 801),
(593, 248, 214, 802),
(594, 248, 214, 348),
(595, 248, 215, 385),
(596, 248, 215, 386),
(597, 248, 215, 387),
(598, 248, 216, 384),
(599, 248, 217, 370),
(600, 248, 217, 371),
(601, 248, 217, 372),
(602, 248, 218, 381),
(603, 248, 218, 708),
(604, 248, 219, 383),
(605, 248, 220, 565),
(606, 248, 220, 304),
(607, 248, 221, 335),
(608, 248, 222, 318),
(609, 248, 222, 319),
(610, 248, 222, 322),
(611, 248, 222, 320),
(612, 248, 222, 323),
(613, 248, 222, 857),
(614, 248, 223, 375),
(615, 248, 223, 373),
(616, 248, 223, 707),
(617, 248, 224, 353),
(618, 248, 224, 357),
(619, 248, 224, 356),
(620, 248, 224, 354),
(621, 248, 224, 355),
(622, 248, 225, 803),
(623, 248, 225, 345),
(624, 248, 226, 330),
(625, 248, 226, 612),
(626, 248, 226, 331),
(627, 248, 227, 325),
(628, 249, 228, 326),
(629, 249, 228, 592),
(630, 249, 228, 327),
(631, 249, 228, 328),
(632, 250, 229, 380),
(633, 250, 230, 388),
(634, 250, 230, 804),
(635, 250, 230, 870),
(636, 250, 230, 682),
(637, 250, 230, 908),
(638, 250, 230, 761),
(639, 250, 230, 390),
(640, 250, 231, 351),
(641, 250, 231, 706),
(642, 250, 231, 352),
(643, 250, 232, 336),
(644, 250, 232, 703),
(645, 250, 232, 337),
(646, 250, 232, 622),
(647, 250, 232, 338),
(648, 250, 232, 869),
(649, 250, 232, 339),
(650, 250, 232, 340),
(651, 250, 232, 928),
(652, 250, 233, 704),
(653, 250, 233, 858),
(654, 250, 233, 705),
(655, 250, 233, 350),
(656, 251, 234, 316),
(657, 252, 235, 346),
(658, 252, 235, 347),
(659, 252, 236, 623),
(660, 252, 236, 862),
(661, 252, 237, 709),
(662, 252, 238, 805),
(663, 252, 238, 806),
(664, 252, 238, 360),
(665, 253, 239, 780),
(666, 253, 239, 784),
(667, 253, 239, 358),
(668, 253, 239, 361),
(669, 253, 239, 362),
(670, 253, 239, 363),
(671, 253, 239, 364),
(672, 253, 239, 365),
(673, 253, 239, 366),
(674, 253, 239, 367),
(675, 253, 239, 368),
(676, 253, 239, 369),
(677, 254, 240, 359),
(678, 254, 241, 659),
(679, 254, 241, 660),
(680, 255, 242, 349),
(681, 256, 243, 342),
(682, 256, 243, 343),
(683, 256, 243, 344),
(684, 256, 244, 700),
(685, 257, 245, 619),
(686, 258, 246, 807),
(687, 258, 246, 620),
(688, 258, 246, 808),
(689, 258, 246, 307),
(690, 258, 246, 308),
(691, 258, 246, 310),
(692, 258, 246, 738),
(693, 258, 246, 309),
(694, 258, 246, 312),
(695, 258, 246, 313),
(696, 258, 246, 314),
(697, 258, 246, 315),
(698, 258, 247, 774),
(699, 258, 247, 901),
(700, 258, 247, 566),
(701, 258, 247, 567),
(702, 258, 247, 305),
(703, 258, 248, 903),
(704, 258, 248, 391),
(705, 258, 248, 394),
(706, 259, 249, 621),
(707, 260, 250, 332),
(708, 260, 250, 842),
(709, 260, 250, 333),
(710, 262, 251, 942),
(711, 263, 252, 333),
(712, 263, 252, 842),
(713, 263, 252, 332),
(714, 264, 253, 621),
(715, 265, 254, 394),
(716, 265, 254, 391),
(717, 265, 254, 903),
(718, 265, 255, 305),
(719, 265, 255, 566),
(720, 265, 255, 567),
(721, 265, 255, 901),
(722, 265, 255, 774),
(723, 265, 256, 315),
(724, 265, 256, 314),
(725, 265, 256, 313),
(726, 265, 256, 312),
(727, 265, 256, 309),
(728, 265, 256, 738),
(729, 265, 256, 310),
(730, 265, 256, 308),
(731, 265, 256, 307),
(732, 265, 256, 808),
(733, 265, 256, 620),
(734, 265, 256, 807),
(735, 266, 257, 619),
(736, 267, 258, 306),
(737, 267, 258, 700),
(738, 267, 259, 344),
(739, 267, 259, 343),
(740, 267, 259, 342),
(741, 268, 260, 349),
(742, 269, 261, 660),
(743, 269, 261, 659),
(744, 269, 262, 359),
(745, 270, 263, 369),
(746, 270, 263, 368),
(747, 270, 263, 367),
(748, 270, 263, 366),
(749, 270, 263, 365),
(750, 270, 263, 364),
(751, 270, 263, 363),
(752, 270, 263, 362),
(753, 270, 263, 361),
(754, 270, 263, 358),
(755, 270, 263, 784),
(756, 270, 263, 780),
(757, 271, 264, 360),
(758, 271, 264, 806),
(759, 271, 264, 805),
(760, 271, 265, 709),
(761, 271, 266, 341),
(762, 271, 266, 862),
(763, 271, 266, 623),
(764, 271, 267, 347),
(765, 271, 267, 346),
(766, 272, 268, 317),
(767, 273, 269, 350),
(768, 273, 269, 705),
(769, 273, 269, 858),
(770, 273, 269, 704),
(771, 273, 270, 928),
(772, 273, 270, 340),
(773, 273, 270, 339),
(774, 273, 270, 869),
(775, 273, 270, 338),
(776, 273, 270, 622),
(777, 273, 270, 337),
(778, 273, 270, 703),
(779, 273, 270, 336),
(780, 273, 271, 352),
(781, 273, 271, 706),
(782, 273, 271, 351),
(783, 273, 272, 390),
(784, 273, 272, 389),
(785, 273, 272, 761),
(786, 273, 272, 908),
(787, 273, 272, 682),
(788, 273, 272, 870),
(789, 273, 272, 804),
(790, 273, 272, 388),
(791, 273, 273, 380),
(792, 274, 274, 328),
(793, 274, 274, 327),
(794, 274, 274, 592),
(795, 274, 274, 326),
(796, 275, 275, 325),
(797, 275, 276, 331),
(798, 275, 276, 330),
(799, 275, 276, 612),
(800, 275, 277, 803),
(801, 275, 277, 345),
(802, 275, 278, 355),
(803, 275, 278, 354),
(804, 275, 278, 356),
(805, 275, 278, 357),
(806, 275, 278, 353),
(807, 275, 279, 707),
(808, 275, 279, 373),
(809, 275, 279, 375),
(810, 275, 280, 857),
(811, 275, 280, 323),
(812, 275, 280, 320),
(813, 275, 280, 322),
(814, 275, 280, 319),
(815, 275, 280, 318),
(816, 275, 281, 335),
(817, 275, 282, 304),
(818, 275, 282, 565),
(819, 275, 283, 383),
(820, 275, 283, 382),
(821, 275, 284, 381),
(822, 275, 284, 708),
(823, 275, 285, 372),
(824, 275, 285, 371),
(825, 275, 285, 370),
(826, 275, 286, 384),
(827, 275, 287, 387),
(828, 275, 287, 386),
(829, 275, 287, 385),
(830, 275, 288, 348),
(831, 275, 288, 802),
(832, 275, 288, 801),
(833, 275, 289, 593),
(834, 275, 289, 329),
(835, 276, 290, 378),
(836, 276, 290, 377),
(837, 276, 290, 778),
(838, 276, 290, 594),
(839, 276, 290, 376),
(840, 276, 291, 203),
(841, 276, 291, 202),
(842, 276, 291, 201),
(843, 277, 292, 938),
(844, 278, 293, 945),
(845, 278, 294, 541),
(846, 278, 294, 542),
(847, 278, 294, 543),
(848, 278, 294, 548),
(849, 278, 294, 544),
(850, 278, 294, 545),
(851, 278, 294, 546),
(852, 278, 294, 547),
(853, 278, 295, 655),
(854, 278, 295, 536),
(855, 278, 295, 537),
(856, 278, 295, 538),
(857, 278, 295, 539),
(858, 278, 295, 654),
(859, 278, 296, 525),
(860, 278, 296, 526),
(861, 278, 297, 533),
(862, 278, 298, 534),
(863, 278, 298, 535),
(864, 278, 299, 540),
(865, 278, 299, 656),
(866, 279, 300, 527),
(867, 279, 300, 652),
(868, 279, 300, 673),
(869, 279, 300, 661),
(870, 280, 301, 531),
(871, 280, 301, 530),
(872, 280, 301, 532),
(873, 280, 302, 923),
(874, 280, 302, 683),
(875, 280, 302, 763),
(876, 280, 302, 739),
(877, 280, 303, 522),
(878, 280, 303, 559),
(879, 280, 303, 523),
(880, 280, 303, 524),
(881, 281, 304, 523),
(882, 281, 304, 524),
(883, 281, 304, 559),
(884, 281, 304, 522),
(885, 281, 305, 739),
(886, 281, 305, 763),
(887, 281, 305, 683),
(888, 281, 305, 923),
(889, 281, 306, 532),
(890, 281, 306, 531),
(891, 281, 306, 530),
(892, 282, 307, 661),
(893, 282, 307, 673),
(894, 282, 307, 652),
(895, 282, 307, 527),
(896, 283, 308, 656),
(897, 283, 308, 540),
(898, 283, 309, 535),
(899, 283, 309, 534),
(900, 283, 310, 533),
(901, 283, 311, 654),
(902, 283, 311, 539),
(903, 283, 311, 538),
(904, 283, 311, 537),
(905, 283, 311, 536),
(906, 283, 311, 655),
(907, 283, 312, 526),
(908, 283, 312, 525),
(909, 283, 313, 546),
(910, 283, 313, 547),
(911, 283, 313, 545),
(912, 283, 313, 544),
(913, 283, 313, 548),
(914, 283, 313, 543),
(915, 283, 313, 542),
(916, 283, 313, 541),
(917, 285, 314, 958),
(918, 285, 315, 960),
(919, 286, 316, 957),
(920, 286, 316, 959),
(921, 286, 316, 423),
(922, 286, 316, 955),
(923, 287, 317, 717),
(924, 287, 317, 820),
(925, 287, 317, 428),
(926, 287, 317, 935),
(927, 287, 317, 431),
(928, 287, 317, 432),
(929, 287, 317, 434),
(930, 287, 317, 433),
(931, 287, 317, 435),
(932, 287, 317, 436),
(933, 287, 317, 437),
(934, 287, 317, 438),
(935, 287, 317, 440),
(936, 287, 317, 439),
(937, 287, 317, 626),
(938, 287, 317, 821),
(939, 287, 317, 822),
(940, 287, 317, 718),
(941, 290, 318, 684),
(942, 291, 319, 424),
(943, 291, 319, 425),
(944, 291, 319, 426),
(945, 292, 320, 625),
(946, 294, 321, 421),
(947, 295, 322, 715),
(948, 295, 322, 714),
(949, 296, 323, 733),
(950, 299, 324, 765),
(951, 299, 324, 397),
(952, 299, 324, 689),
(953, 299, 324, 406),
(954, 299, 324, 398),
(955, 299, 324, 399),
(956, 299, 324, 710),
(957, 300, 325, 402),
(958, 301, 326, 403),
(959, 303, 327, 420),
(960, 306, 328, 713),
(961, 309, 329, 409),
(962, 309, 330, 826),
(963, 312, 331, 415),
(964, 312, 331, 416),
(965, 312, 331, 922),
(966, 312, 331, 417),
(967, 312, 331, 418),
(968, 312, 332, 410),
(969, 315, 333, 413),
(970, 315, 333, 414),
(971, 315, 333, 740),
(972, 317, 334, 93),
(973, 318, 335, 962),
(974, 318, 336, 93),
(975, 320, 337, 740),
(976, 320, 337, 414),
(977, 320, 337, 413),
(978, 323, 338, 410),
(979, 323, 339, 418),
(980, 323, 339, 417),
(981, 323, 339, 922),
(982, 323, 339, 415),
(983, 323, 339, 416),
(984, 326, 340, 826),
(985, 326, 341, 409),
(986, 328, 342, 713),
(987, 331, 343, 420),
(988, 333, 344, 403),
(989, 334, 345, 402),
(990, 335, 346, 710),
(991, 335, 346, 399),
(992, 335, 346, 398),
(993, 335, 346, 406),
(994, 335, 346, 689),
(995, 335, 346, 397),
(996, 335, 346, 765),
(997, 338, 347, 733),
(998, 339, 348, 714),
(999, 339, 348, 715),
(1000, 341, 349, 421),
(1001, 343, 350, 625),
(1002, 344, 351, 425),
(1003, 344, 351, 426),
(1004, 344, 351, 424),
(1005, 345, 352, 684),
(1006, 348, 353, 718),
(1007, 348, 353, 822),
(1008, 348, 353, 626),
(1009, 348, 353, 440),
(1010, 348, 353, 439),
(1011, 348, 353, 438),
(1012, 348, 353, 437),
(1013, 348, 353, 436),
(1014, 348, 353, 435),
(1015, 348, 353, 433),
(1016, 348, 353, 434),
(1017, 348, 353, 432),
(1018, 348, 353, 431),
(1019, 348, 353, 935),
(1020, 348, 353, 428),
(1021, 348, 353, 820),
(1022, 348, 353, 717),
(1023, 349, 354, 955),
(1024, 350, 355, 961),
(1025, 350, 355, 963),
(1026, 350, 355, 94),
(1027, 351, 356, 75),
(1028, 351, 356, 616),
(1029, 351, 357, 657),
(1030, 353, 358, 658),
(1031, 353, 359, 63),
(1032, 353, 360, 96),
(1033, 353, 361, 827),
(1034, 353, 361, 72),
(1035, 353, 361, 73),
(1036, 353, 361, 74),
(1037, 353, 361, 615),
(1038, 353, 362, 78),
(1039, 354, 363, 77),
(1040, 356, 364, 112),
(1041, 356, 364, 556),
(1042, 356, 364, 113),
(1043, 356, 364, 114),
(1044, 357, 365, 554),
(1045, 357, 365, 828),
(1046, 357, 365, 115),
(1047, 357, 366, 110),
(1048, 357, 366, 111),
(1049, 357, 367, 65),
(1050, 357, 367, 829),
(1051, 358, 368, 66),
(1052, 359, 369, 67),
(1053, 359, 369, 614),
(1054, 359, 369, 549),
(1055, 359, 369, 550),
(1056, 359, 369, 64),
(1057, 359, 369, 68),
(1058, 361, 370, 832),
(1059, 361, 371, 929),
(1060, 361, 372, 833),
(1061, 362, 373, 757),
(1062, 362, 373, 764),
(1063, 362, 373, 741),
(1064, 363, 374, 759),
(1065, 363, 374, 61),
(1066, 363, 374, 62),
(1067, 365, 375, 835),
(1068, 365, 375, 97),
(1069, 365, 375, 103),
(1070, 365, 375, 98),
(1071, 365, 375, 924),
(1072, 365, 375, 104),
(1073, 365, 375, 105),
(1074, 366, 376, 606),
(1075, 366, 376, 100),
(1076, 366, 376, 99),
(1077, 366, 377, 101),
(1078, 366, 378, 109),
(1079, 366, 379, 71),
(1080, 366, 380, 79),
(1081, 366, 380, 91),
(1082, 366, 380, 747),
(1083, 367, 381, 551),
(1084, 367, 381, 552),
(1085, 367, 381, 82),
(1086, 367, 381, 83),
(1087, 367, 381, 84),
(1088, 367, 381, 744),
(1089, 367, 381, 85),
(1090, 367, 381, 86),
(1091, 367, 381, 751),
(1092, 367, 381, 672),
(1093, 367, 381, 87),
(1094, 367, 381, 92),
(1095, 367, 381, 89),
(1096, 367, 381, 88),
(1097, 367, 381, 90),
(1098, 368, 382, 69),
(1099, 368, 382, 117),
(1100, 368, 382, 794),
(1101, 368, 382, 70),
(1102, 368, 382, 793),
(1103, 368, 382, 926),
(1104, 368, 383, 95),
(1105, 368, 384, 106),
(1106, 369, 385, 108),
(1107, 369, 385, 965),
(1108, 370, 386, 970),
(1109, 370, 386, 967),
(1110, 370, 386, 108),
(1111, 371, 387, 106),
(1112, 371, 388, 95),
(1113, 371, 389, 926),
(1114, 371, 389, 793),
(1115, 371, 389, 70),
(1116, 371, 389, 794),
(1117, 371, 389, 117),
(1118, 371, 389, 69),
(1119, 372, 390, 90),
(1120, 372, 390, 88),
(1121, 372, 390, 89),
(1122, 372, 390, 92),
(1123, 372, 390, 87),
(1124, 372, 390, 672),
(1125, 372, 390, 751),
(1126, 372, 390, 86),
(1127, 372, 390, 85),
(1128, 372, 390, 744),
(1129, 372, 390, 84),
(1130, 372, 390, 83),
(1131, 372, 390, 82),
(1132, 372, 390, 552),
(1133, 372, 390, 551),
(1134, 373, 391, 747),
(1135, 373, 391, 91),
(1136, 373, 391, 79),
(1137, 373, 392, 71),
(1138, 373, 393, 109),
(1139, 373, 394, 99),
(1140, 373, 394, 100),
(1141, 373, 394, 606),
(1142, 373, 395, 101),
(1143, 374, 396, 105),
(1144, 374, 396, 924),
(1145, 374, 396, 104),
(1146, 374, 396, 98),
(1147, 374, 396, 103),
(1148, 374, 396, 97),
(1149, 374, 396, 835),
(1150, 376, 397, 62),
(1151, 376, 397, 61),
(1152, 376, 397, 759),
(1153, 377, 398, 741),
(1154, 377, 398, 764),
(1155, 377, 398, 757),
(1156, 378, 399, 833),
(1157, 378, 400, 929),
(1158, 378, 401, 832),
(1159, 378, 401, 831),
(1160, 380, 402, 68),
(1161, 380, 402, 752),
(1162, 380, 402, 549),
(1163, 380, 402, 550),
(1164, 380, 402, 64),
(1165, 380, 402, 614),
(1166, 380, 402, 67),
(1167, 381, 403, 66),
(1168, 382, 404, 829),
(1169, 382, 404, 65),
(1170, 382, 405, 111),
(1171, 382, 405, 110),
(1172, 382, 406, 828),
(1173, 382, 406, 115),
(1174, 382, 406, 554),
(1175, 383, 407, 113),
(1176, 383, 407, 114),
(1177, 383, 407, 556),
(1178, 383, 407, 112),
(1179, 385, 408, 77),
(1180, 387, 409, 78),
(1181, 387, 410, 615),
(1182, 387, 410, 74),
(1183, 387, 410, 73),
(1184, 387, 410, 72),
(1185, 387, 410, 827),
(1186, 387, 411, 96),
(1187, 387, 412, 63),
(1188, 387, 413, 658),
(1189, 389, 414, 616),
(1190, 389, 414, 75),
(1191, 389, 415, 657),
(1192, 390, 416, 94),
(1193, 390, 416, 964),
(1194, 391, 417, 969),
(1195, 391, 417, 968),
(1196, 391, 417, 136),
(1197, 391, 417, 137),
(1198, 391, 417, 138),
(1199, 391, 417, 139),
(1200, 391, 417, 140),
(1201, 394, 418, 132),
(1202, 394, 419, 129),
(1203, 394, 420, 119),
(1204, 394, 420, 611),
(1205, 394, 420, 118),
(1206, 394, 420, 120),
(1207, 394, 420, 121),
(1208, 394, 421, 123),
(1209, 394, 422, 135),
(1210, 394, 422, 920),
(1211, 396, 423, 141),
(1212, 396, 423, 142),
(1213, 396, 423, 143),
(1214, 396, 424, 130),
(1215, 396, 424, 557),
(1216, 396, 424, 131),
(1217, 397, 425, 125),
(1218, 397, 425, 124),
(1219, 397, 426, 145),
(1220, 397, 426, 146),
(1221, 397, 427, 156),
(1222, 397, 427, 157),
(1223, 397, 427, 617),
(1224, 397, 427, 158),
(1225, 397, 428, 144),
(1226, 397, 429, 147),
(1227, 397, 429, 148),
(1228, 399, 430, 151),
(1229, 399, 430, 745),
(1230, 400, 431, 150),
(1231, 400, 432, 734),
(1232, 400, 433, 149),
(1233, 400, 433, 856),
(1234, 400, 433, 685),
(1235, 400, 433, 927),
(1236, 400, 434, 776),
(1237, 400, 435, 133),
(1238, 400, 436, 558),
(1239, 400, 436, 777),
(1240, 401, 437, 792),
(1241, 402, 438, 755),
(1242, 402, 439, 126),
(1243, 402, 439, 127),
(1244, 402, 440, 735),
(1245, 402, 440, 736),
(1246, 402, 440, 155),
(1247, 403, 441, 152),
(1248, 403, 441, 719),
(1249, 403, 441, 721),
(1250, 403, 441, 153),
(1251, 403, 441, 154),
(1252, 405, 442, 971),
(1253, 405, 442, 735),
(1254, 405, 443, 127),
(1255, 405, 443, 126),
(1256, 405, 444, 754),
(1257, 405, 444, 755),
(1258, 406, 445, 792),
(1259, 408, 446, 777),
(1260, 408, 446, 558),
(1261, 408, 447, 133),
(1262, 408, 448, 776),
(1263, 408, 449, 927),
(1264, 408, 449, 685),
(1265, 408, 449, 856),
(1266, 408, 449, 149),
(1267, 408, 450, 734),
(1268, 408, 451, 150),
(1269, 409, 452, 745),
(1270, 409, 452, 151),
(1271, 411, 453, 148),
(1272, 411, 453, 147),
(1273, 411, 454, 144),
(1274, 411, 455, 158),
(1275, 411, 455, 617),
(1276, 411, 455, 157),
(1277, 411, 455, 156),
(1278, 411, 456, 146),
(1279, 411, 456, 145),
(1280, 411, 457, 124),
(1281, 411, 457, 125),
(1282, 412, 458, 557),
(1283, 412, 458, 131),
(1284, 412, 458, 130),
(1285, 412, 459, 143),
(1286, 412, 459, 142),
(1287, 412, 459, 141),
(1288, 414, 460, 135),
(1289, 414, 460, 920),
(1290, 414, 461, 123),
(1291, 414, 462, 121),
(1292, 414, 462, 120),
(1293, 414, 462, 118),
(1294, 414, 462, 611),
(1295, 414, 462, 119),
(1296, 414, 463, 129),
(1297, 414, 464, 132),
(1298, 417, 465, 140),
(1299, 417, 465, 139),
(1300, 417, 465, 138),
(1301, 417, 465, 137),
(1302, 417, 465, 136),
(1303, 417, 465, 966);

-- --------------------------------------------------------

--
-- Table structure for table `route_community_sub_poi`
--

CREATE TABLE `route_community_sub_poi` (
  `id` int(11) NOT NULL,
  `route_id` int(11) NOT NULL,
  `poi_id` int(11) NOT NULL,
  `sub_poi_id` int(11) NOT NULL
) ENGINE=InnoDB DEFAULT CHARSET=latin1;

--
-- Dumping data for table `route_community_sub_poi`
--

INSERT INTO `route_community_sub_poi` (`id`, `route_id`, `poi_id`, `sub_poi_id`) VALUES
(1, 97, 495, 496),
(2, 97, 494, 868),
(3, 102, 443, 444),
(4, 112, 443, 444),
(5, 119, 494, 868),
(6, 119, 495, 496),
(7, 121, 458, 855),
(8, 127, 458, 855),
(9, 144, 781, 4),
(10, 148, 38, 39),
(11, 230, 57, 58),
(12, 230, 57, 59),
(13, 238, 38, 39),
(14, 243, 781, 4),
(15, 248, 857, 324),
(16, 275, 857, 324),
(17, 278, 546, 545),
(18, 278, 546, 547),
(19, 283, 546, 545),
(20, 283, 546, 547),
(21, 286, 955, 956),
(22, 349, 955, 956),
(23, 366, 79, 80),
(24, 366, 79, 81),
(25, 367, 83, 408),
(26, 372, 83, 408),
(27, 373, 79, 80),
(28, 373, 79, 81),
(29, 403, 152, 719),
(30, 403, 152, 720),
(31, 403, 152, 721);

-- --------------------------------------------------------

--
-- Table structure for table `states`
--

CREATE TABLE `states` (
  `id` int(11) NOT NULL,
  `state_long` varchar(255) COLLATE utf8_unicode_ci DEFAULT NULL,
  `state_short` varchar(255) COLLATE utf8_unicode_ci DEFAULT NULL,
  `header_image` varchar(255) COLLATE utf8_unicode_ci DEFAULT NULL,
  `thumb_image` varchar(255) COLLATE utf8_unicode_ci DEFAULT NULL,
  `slogan` varchar(255) COLLATE utf8_unicode_ci DEFAULT NULL,
  `length` varchar(255) COLLATE utf8_unicode_ci DEFAULT NULL,
  `status` tinyint(2) NOT NULL DEFAULT '1',
  `created_at` timestamp NOT NULL DEFAULT CURRENT_TIMESTAMP ON UPDATE CURRENT_TIMESTAMP,
  `updated_at` datetime NOT NULL,
  `updated_data_time` varchar(255) COLLATE utf8_unicode_ci DEFAULT NULL
) ENGINE=InnoDB DEFAULT CHARSET=utf8 COLLATE=utf8_unicode_ci;

--
-- Dumping data for table `states`
--

INSERT INTO `states` (`id`, `state_long`, `state_short`, `header_image`, `thumb_image`, `slogan`, `length`, `status`, `created_at`, `updated_at`, `updated_data_time`) VALUES
(1, 'Illinois', 'IL', '201805051830221525545022SNJ0xOHfKG.png', '2018050518302215255450221YOB8cQVYU.png', 'Where The Route Begins', '301', 1, '2019-04-12 09:59:49', '2018-08-22 00:00:00', '2019-04-12 09:59:49'),
(2, 'Missouri', 'MO', '2018050518313815255450980KujOF5GE8.png', '201805051831381525545098MuGpA5E0uz.png', 'Birthplace of Route 66', '317', 1, '2019-04-11 01:26:51', '2018-05-05 00:00:00', '2019-04-11 01:26:51'),
(3, 'Kansas', 'KS', '201805051833401525545220RFI80Xelwu.png', '201805051832061525545126o6lm2DKZon.png', 'The Route\'s Shortest Span', '13', 1, '2019-04-11 20:32:10', '2018-05-05 00:00:00', '2019-04-11 20:32:10'),
(4, 'Oklahoma', 'OK', '201805051833501525545230qtPXHuJ6O5.png', '201805051832201525545140vl7eEh88WH.png', 'The Will Rogers Highway', '432', 1, '2019-04-13 01:16:12', '2018-05-05 00:00:00', '2019-04-13 01:16:12'),
(5, 'Texas', 'TX', '201805051833581525545238YJMuZUOabg.png', '201805051832301525545150vdBHHkI3gt.png', 'Midway Point of Route 66', '186', 1, '2019-04-15 05:37:18', '2018-05-05 00:00:00', '2019-04-15 05:37:18'),
(6, 'New Mexico', 'NM', '2018050518341015255452502PxKUXF5yb.png', '201805051832411525545161gx0RM3yHQg.png', 'The Old Trails Road', '487', 1, '2019-04-14 16:26:46', '2018-05-05 00:00:00', '2019-04-14 16:26:46'),
(7, 'Arizona', 'AZ', '201805051834201525545260VmppcNmtSn.png', '201805051832561525545176jRCcSiIHrE.png', 'Golden Road of the Black Mountains', '401', 1, '2019-04-14 21:52:41', '2018-05-05 00:00:00', '2019-04-14 21:52:41'),
(8, 'California', 'CA', '201805051834311525545271eoniIG8UtV.png', '201805051833071525545187fwhqjc8xiE.png', 'End of The Trail', '314', 1, '2019-04-15 01:55:13', '2018-05-05 00:00:00', '2019-04-15 01:55:13'),
(10, 'Full Routes', 'Full Routes', '201805051834551525545295RgqpSJDQEq.png', '201805051833221525545202RZFiJi28Po.png', 'Travel the Entire Route', '2,448 miles (3,940 km)', 1, '2018-09-05 14:30:50', '2018-08-20 00:00:00', '2018-09-05 14:30:50');

-- --------------------------------------------------------

--
-- Table structure for table `sub_categories`
--

CREATE TABLE `sub_categories` (
  `id` int(11) NOT NULL,
  `sub_category_name` varchar(255) DEFAULT NULL,
  `status` tinyint(2) NOT NULL DEFAULT '1' COMMENT '0 for inactive , 1 for active ',
  `cat_id` int(11) NOT NULL DEFAULT '0',
  `created_at` timestamp NOT NULL DEFAULT CURRENT_TIMESTAMP ON UPDATE CURRENT_TIMESTAMP,
  `updated_at` datetime NOT NULL
) ENGINE=MyISAM DEFAULT CHARSET=latin1;

--
-- Dumping data for table `sub_categories`
--

INSERT INTO `sub_categories` (`id`, `sub_category_name`, `status`, `cat_id`, `created_at`, `updated_at`) VALUES
(1, 'Museum', 1, 1, '2018-03-19 17:31:18', '2018-03-19 00:00:00'),
(2, 'Visitor Center', 1, 1, '2018-03-19 17:34:46', '2018-03-19 00:00:00'),
(3, 'Structure', 1, 1, '2018-03-19 17:35:03', '2018-03-19 00:00:00'),
(4, 'Landmark', 1, 1, '2018-03-19 17:35:16', '2018-03-19 00:00:00'),
(5, 'Kiosk', 1, 1, '2018-03-19 18:13:17', '2018-03-19 00:00:00'),
(6, 'Exhibit', 1, 1, '2018-03-19 18:13:37', '2018-03-19 00:00:00'),
(7, 'Infrastructure', 1, 1, '2018-03-19 18:13:56', '2018-03-19 00:00:00'),
(8, 'Park / Preserve', 1, 1, '2018-03-19 18:14:14', '2018-03-19 00:00:00'),
(9, 'Community', 1, 1, '2018-03-19 18:14:27', '2018-03-19 00:00:00'),
(10, 'Commercial', 1, 1, '2018-03-19 18:14:59', '2018-03-19 00:00:00'),
(11, 'Organization', 1, 1, '2018-03-19 18:16:31', '2018-03-19 00:00:00'),
(12, 'Location / Site', 1, 1, '2018-03-19 18:16:45', '2018-03-19 00:00:00'),
(13, 'Tours', 1, 1, '2018-03-19 18:17:21', '2018-03-19 00:00:00'),
(14, 'Cemetery', 1, 1, '2018-03-19 18:17:39', '2018-03-19 00:00:00'),
(15, 'Government', 1, 1, '2018-03-19 18:17:51', '2018-03-19 00:00:00'),
(16, 'Education', 1, 1, '2018-03-19 18:18:09', '2018-03-19 00:00:00'),
(17, 'Business District', 1, 1, '2018-03-19 18:18:24', '2018-03-19 00:00:00'),
(18, 'Residential District', 1, 1, '2018-03-19 18:18:47', '2018-03-19 00:00:00'),
(20, 'Transportation', 1, 3, '2018-03-19 18:20:34', '2018-03-19 00:00:00'),
(21, 'RV Park', 1, 3, '2018-03-19 18:21:11', '2018-03-19 00:00:00'),
(22, 'Inspection Stations / Checkpoints', 1, 3, '2018-03-19 18:21:36', '2018-03-19 00:00:00'),
(23, 'Toll Stations', 1, 3, '2018-03-19 18:21:51', '2018-03-19 00:00:00'),
(24, 'Rest Area', 1, 3, '2018-06-23 01:23:23', '2018-06-23 00:00:00'),
(25, 'Emergency Services', 1, 3, '2018-03-19 18:22:24', '2018-03-19 00:00:00'),
(26, 'Fuel / Gas', 1, 3, '2018-03-19 18:22:36', '2018-03-19 00:00:00'),
(27, 'Service/Repair Stations', 1, 3, '2018-03-19 18:23:11', '2018-03-19 00:00:00'),
(28, 'Scenic Drives', 1, 2, '2018-03-19 18:23:30', '2018-03-19 00:00:00'),
(29, 'Boating', 1, 2, '2018-03-19 18:23:46', '2018-03-19 00:00:00'),
(30, 'Camping', 1, 2, '2018-03-19 18:23:58', '2018-03-19 00:00:00'),
(31, 'Amusement Parks', 1, 2, '2018-03-19 18:24:16', '2018-03-19 00:00:00'),
(32, 'Informational', 1, 5, '2018-03-19 18:25:16', '2018-03-19 00:00:00'),
(33, 'Travel Alerts', 1, 5, '2018-03-19 18:25:35', '2018-03-19 00:00:00'),
(34, 'Tours', 1, 2, '2018-04-13 22:09:32', '2018-04-13 00:00:00'),
(35, 'Walking Trail Exhibit', 1, 2, '2018-05-22 23:34:25', '2018-05-22 00:00:00'),
(36, 'Walking Trail', 1, 2, '2018-05-22 23:34:37', '2018-05-22 00:00:00'),
(38, 'Zoo/Aquarium', 1, 2, '2018-05-25 02:59:33', '2018-05-25 00:00:00'),
(39, 'Casino', 1, 2, '2018-05-25 03:11:02', '2018-05-25 00:00:00'),
(40, 'Trolley Ride', 1, 2, '2018-05-27 02:57:25', '2018-05-27 00:00:00'),
(41, 'Turn', 1, 4, '2018-06-13 13:40:10', '2018-06-13 00:00:00'),
(42, 'Route Splits', 1, 4, '2018-06-13 13:40:28', '2018-06-13 00:00:00'),
(43, 'Route Merges', 1, 4, '2018-06-13 13:40:36', '2018-06-13 00:00:00'),
(44, 'Traffic Circle', 1, 4, '2018-06-13 13:41:17', '2018-06-13 00:00:00'),
(45, 'Informational', 1, 4, '2018-06-13 13:41:36', '2018-06-13 00:00:00'),
(46, 'ALERT', 1, 4, '2018-06-14 16:33:54', '2018-06-14 00:00:00'),
(47, 'Tram Rides', 1, 2, '2018-06-20 21:44:49', '2018-06-20 00:00:00'),
(48, 'States Border Line', 1, 4, '2018-06-23 22:14:01', '2018-06-23 00:00:00'),
(49, 'Exit', 1, 4, '2018-08-31 03:24:51', '2018-08-31 00:00:00'),
(50, 'Left Curve', 1, 4, '2018-09-27 15:46:29', '2018-09-27 00:00:00'),
(51, 'Right Curve', 1, 4, '2018-09-27 15:46:39', '2018-09-27 00:00:00'),
(52, 'Left Turn', 1, 4, '2018-09-27 15:46:47', '2018-09-27 00:00:00'),
(53, 'Right Turn', 1, 4, '2018-09-27 15:46:55', '2018-09-27 00:00:00'),
(54, 'Straight', 1, 4, '2018-10-02 15:54:28', '2018-10-02 00:00:00'),
(55, 'Continue Straight', 1, 4, '2018-10-02 15:54:41', '2018-10-02 00:00:00'),
(56, 'Follow Roadway', 1, 4, '2018-10-02 15:54:57', '2018-10-02 00:00:00');

-- --------------------------------------------------------

--
-- Table structure for table `sub_sub_categories`
--

CREATE TABLE `sub_sub_categories` (
  `id` int(11) NOT NULL,
  `sub_sub_category_name` varchar(255) DEFAULT NULL,
  `status` tinyint(2) NOT NULL DEFAULT '1' COMMENT '0 for inactive , 1 for active ',
  `cat_id` int(11) NOT NULL DEFAULT '0',
  `sub_cat_id` int(11) NOT NULL DEFAULT '0',
  `created_at` timestamp NOT NULL DEFAULT CURRENT_TIMESTAMP ON UPDATE CURRENT_TIMESTAMP,
  `updated_at` datetime NOT NULL
) ENGINE=MyISAM DEFAULT CHARSET=latin1;

--
-- Dumping data for table `sub_sub_categories`
--

INSERT INTO `sub_sub_categories` (`id`, `sub_sub_category_name`, `status`, `cat_id`, `sub_cat_id`, `created_at`, `updated_at`) VALUES
(1, 'Route 66 Museum', 1, 0, 1, '2018-03-19 18:27:10', '2018-03-19 00:00:00'),
(2, 'Auto Museum', 1, 0, 1, '2018-03-19 18:28:53', '2018-03-19 00:00:00'),
(3, 'Military Museum', 1, 0, 1, '2018-03-19 18:31:02', '2018-03-19 00:00:00'),
(4, 'Local History Museum', 1, 0, 1, '2018-03-20 01:33:59', '2018-03-20 00:00:00'),
(5, 'History Museum', 1, 0, 1, '2018-03-20 01:34:14', '2018-03-20 00:00:00'),
(6, 'Culture Museum', 1, 0, 1, '2018-03-20 01:34:32', '2018-03-20 00:00:00'),
(7, 'Museum', 1, 0, 1, '2018-03-20 01:34:59', '2018-03-20 00:00:00'),
(8, 'Building', 1, 0, 3, '2018-03-20 01:39:51', '2018-03-20 00:00:00'),
(9, 'Water Feature', 1, 0, 3, '2018-03-20 01:40:08', '2018-03-20 00:00:00'),
(10, 'Landmark', 1, 0, 4, '2018-03-20 01:40:38', '2018-03-20 00:00:00'),
(11, 'Natural Landmark', 1, 0, 4, '2018-03-20 01:40:49', '2018-03-20 00:00:00'),
(12, 'Display', 1, 0, 6, '2018-03-20 01:41:27', '2018-03-20 00:00:00'),
(13, 'Mural', 1, 0, 6, '2018-03-20 01:41:44', '2018-03-20 00:00:00'),
(14, 'Roadway', 1, 0, 7, '2018-03-20 01:46:05', '2018-03-20 00:00:00'),
(15, 'Lost Roadway', 1, 0, 7, '2018-03-20 01:46:30', '2018-03-20 00:00:00'),
(16, 'Bridge', 1, 0, 7, '2018-03-20 01:49:08', '2018-03-20 00:00:00'),
(17, 'Railroad', 1, 0, 7, '2018-03-20 01:49:24', '2018-03-20 00:00:00'),
(18, 'Tower', 1, 0, 7, '2018-03-20 01:49:46', '2018-03-20 00:00:00'),
(19, 'Dam', 1, 0, 7, '2018-03-20 01:50:23', '2018-03-20 00:00:00'),
(20, 'Tunnel', 1, 0, 7, '2018-03-20 01:50:36', '2018-03-20 00:00:00'),
(21, 'National Park', 1, 0, 8, '2018-03-20 01:51:24', '2018-03-20 00:00:00'),
(22, 'State Park', 1, 0, 8, '2018-03-20 01:51:41', '2018-03-20 00:00:00'),
(23, 'Local Park', 1, 0, 8, '2018-03-20 01:51:50', '2018-03-20 00:00:00'),
(24, 'City / Town', 1, 0, 9, '2018-03-20 01:52:30', '2018-03-20 00:00:00'),
(25, 'Neighborhood', 1, 0, 9, '2018-03-20 01:52:55', '2018-03-20 00:00:00'),
(26, 'Restaurant', 1, 0, 10, '2018-03-20 02:00:41', '2018-03-20 00:00:00'),
(27, 'Shopping', 1, 0, 10, '2018-03-20 02:00:58', '2018-03-20 00:00:00'),
(28, 'Lodging', 1, 0, 10, '2018-03-20 02:01:16', '2018-03-20 00:00:00'),
(29, 'Wineries', 1, 0, 10, '2018-03-20 02:01:35', '2018-03-20 00:00:00'),
(30, 'Breweries', 1, 0, 10, '2018-03-20 02:01:57', '2018-03-20 00:00:00'),
(31, 'Manufacturers', 1, 0, 10, '2018-03-20 02:02:14', '2018-03-20 00:00:00'),
(32, 'Tourism', 1, 0, 10, '2018-03-20 02:02:29', '2018-03-20 00:00:00'),
(33, 'Route 66 Association', 1, 0, 11, '2018-03-20 02:03:16', '2018-03-20 00:00:00'),
(34, 'Tourism', 1, 0, 11, '2018-03-20 02:03:37', '2018-03-20 00:00:00'),
(35, 'Charity', 1, 0, 11, '2018-03-20 02:03:56', '2018-03-20 00:00:00'),
(36, 'Location / Site', 1, 0, 12, '2018-03-20 02:04:34', '2018-03-20 00:00:00'),
(37, 'Former Location', 1, 0, 12, '2018-03-20 02:04:54', '2018-03-20 00:00:00'),
(38, 'Historic Location', 1, 0, 12, '2018-03-20 02:05:16', '2018-03-20 00:00:00'),
(39, 'Walking Tour', 1, 0, 13, '2018-03-20 02:48:44', '2018-03-20 00:00:00'),
(40, 'Driving Tour', 1, 0, 13, '2018-03-20 02:48:56', '2018-03-20 00:00:00'),
(41, 'Self-Guided Tour', 1, 0, 13, '2018-03-20 02:49:13', '2018-03-20 00:00:00'),
(42, 'Federal', 1, 0, 15, '2018-03-20 02:49:39', '2018-03-20 00:00:00'),
(43, 'State', 1, 0, 15, '2018-03-20 02:49:50', '2018-03-20 00:00:00'),
(44, 'City', 1, 0, 15, '2018-03-20 02:50:06', '2018-03-20 00:00:00'),
(45, 'Military', 1, 0, 15, '2018-03-20 02:50:23', '2018-03-20 00:00:00'),
(46, 'School', 1, 0, 16, '2018-03-20 02:50:58', '2018-03-20 00:00:00'),
(47, 'College / University', 1, 0, 16, '2018-03-20 02:51:28', '2018-03-20 00:00:00'),
(48, 'Fuel / Gas Station', 1, 0, 26, '2018-03-20 03:01:25', '2018-03-20 00:00:00'),
(49, 'EV Charging Station', 1, 0, 26, '2018-03-20 03:01:10', '2018-03-20 00:00:00'),
(50, 'Walking Tour', 1, 0, 34, '2018-04-13 23:10:40', '2018-04-13 00:00:00'),
(51, 'Driving Tour', 1, 0, 34, '2018-04-13 23:10:56', '2018-04-13 00:00:00'),
(52, 'Guided Tour', 1, 0, 34, '2018-04-13 23:11:12', '2018-04-13 00:00:00'),
(53, 'Movie Theater', 1, 0, 10, '2018-04-14 19:15:43', '2018-04-14 00:00:00'),
(54, 'Theater (Stage)', 1, 0, 10, '2018-04-14 19:16:06', '2018-04-14 00:00:00'),
(55, 'Sign', 1, 0, 4, '2018-04-15 00:46:48', '2018-04-15 00:00:00'),
(56, 'Bar / Tavern', 1, 0, 10, '2018-05-05 19:05:16', '2018-05-05 00:00:00'),
(57, 'Restaurant & Bar/Tavern', 1, 0, 10, '2018-05-05 19:05:40', '2018-05-05 00:00:00'),
(58, 'Ghost Town', 1, 0, 9, '2018-05-21 23:32:25', '2018-05-21 00:00:00'),
(59, 'Statue', 1, 0, 4, '2018-05-22 22:44:37', '2018-05-22 00:00:00'),
(60, 'Object', 1, 0, 4, '2018-05-22 22:44:55', '2018-05-22 00:00:00'),
(61, 'County', 1, 0, 15, '2018-05-23 02:27:39', '2018-05-23 00:00:00'),
(62, 'Drive-In Theater', 1, 0, 10, '2018-05-23 02:37:21', '2018-05-23 00:00:00'),
(63, 'Advertisement', 1, 0, 6, '2018-05-24 22:10:46', '2018-05-24 00:00:00'),
(64, 'Monument', 1, 0, 4, '2018-05-24 22:26:14', '2018-05-24 00:00:00'),
(65, 'Trolley Tour', 1, 0, 34, '2018-05-27 21:47:12', '2018-05-27 00:00:00'),
(66, 'Power Generating Station', 1, 0, 10, '2018-06-01 20:06:44', '2018-06-01 00:00:00'),
(67, 'Water Tower', 1, 0, 7, '2018-06-03 02:14:25', '2018-06-03 00:00:00'),
(68, 'Farm / Ranch', 1, 0, 10, '2018-06-09 00:04:39', '2018-06-09 00:00:00'),
(69, 'Building Complex', 1, 0, 3, '2018-06-10 02:56:20', '2018-06-10 00:00:00'),
(71, 'Historic Home', 1, 0, 3, '2018-06-10 02:56:33', '2018-06-10 00:00:00'),
(72, 'Pier', 1, 0, 3, '2018-06-15 17:14:07', '2018-06-15 00:00:00'),
(73, 'Downtown', 1, 0, 17, '2018-06-15 19:36:18', '2018-06-15 00:00:00'),
(74, 'Historic Business District', 1, 0, 17, '2018-06-15 19:36:29', '2018-06-15 00:00:00'),
(75, 'Pedestrian Tunnel', 1, 0, 7, '2018-06-16 01:55:13', '2018-06-16 00:00:00'),
(76, 'Art Gallery', 1, 0, 10, '2018-06-20 21:39:12', '2018-06-20 00:00:00'),
(77, 'Historic Community', 1, 0, 9, '2018-06-20 21:40:03', '2018-06-20 00:00:00'),
(78, 'Special Location', 1, 0, 12, '2018-06-20 21:40:33', '2018-06-20 00:00:00'),
(79, 'Entertainment Venue', 1, 0, 10, '2018-06-20 21:44:01', '2018-06-20 00:00:00'),
(80, 'Home', 1, 0, 3, '2018-08-21 17:57:19', '2018-08-21 00:00:00'),
(81, 'Barn', 1, 0, 3, '2018-08-21 17:57:29', '2018-08-21 00:00:00');

-- --------------------------------------------------------

--
-- Table structure for table `timezone`
--

CREATE TABLE `timezone` (
  `id` int(11) NOT NULL,
  `time_zone_name` varchar(255) COLLATE utf8_unicode_ci DEFAULT NULL,
  `time_zone_short` varchar(255) COLLATE utf8_unicode_ci DEFAULT NULL,
  `status` tinyint(2) NOT NULL DEFAULT '1',
  `created_at` timestamp NOT NULL DEFAULT CURRENT_TIMESTAMP ON UPDATE CURRENT_TIMESTAMP,
  `updated_at` datetime NOT NULL
) ENGINE=InnoDB DEFAULT CHARSET=utf8 COLLATE=utf8_unicode_ci;

--
-- Dumping data for table `timezone`
--

INSERT INTO `timezone` (`id`, `time_zone_name`, `time_zone_short`, `status`, `created_at`, `updated_at`) VALUES
(1, 'Eastern Time', 'ET', 1, '2018-03-19 16:33:43', '2018-03-19 00:00:00'),
(2, 'Central Time', 'CT', 1, '2018-03-19 16:33:52', '2018-03-19 00:00:00'),
(3, 'Mountain Time', 'MT', 1, '2018-03-19 16:34:12', '2018-03-19 00:00:00'),
(4, 'Pacific Time', 'PT', 1, '2018-03-19 16:34:26', '2018-03-19 00:00:00');

-- --------------------------------------------------------

--
-- Table structure for table `trip_plan`
--

CREATE TABLE `trip_plan` (
  `plan_id` bigint(20) NOT NULL,
  `poi_id` bigint(20) NOT NULL DEFAULT '0',
  `user_id` bigint(20) NOT NULL DEFAULT '0'
) ENGINE=InnoDB DEFAULT CHARSET=latin1;

--
-- Dumping data for table `trip_plan`
--

INSERT INTO `trip_plan` (`plan_id`, `poi_id`, `user_id`) VALUES
(3, 18, 4),
(5, 18, 2),
(6, 18, 5),
(8, 8, 4),
(10, 23, 2),
(11, 39, 2),
(17, 212, 2),
(18, 11, 4),
(22, 7, 4),
(23, 41, 4),
(24, 5, 4),
(26, 10, 4),
(27, 38, 4),
(45, 249, 4),
(48, 322, 5),
(49, 282, 4),
(50, 569, 5),
(52, 6, 5),
(53, 218, 5),
(54, 430, 5),
(55, 36, 4),
(57, 8, 15),
(58, 240, 5),
(61, 4, 5),
(63, 781, 5),
(64, 5, 5),
(67, -1000, 10),
(84, 843, 10),
(100, 781, 10),
(102, 4, 10),
(107, 204, 2),
(108, 205, 2),
(110, 4, 47),
(111, 844, 47),
(114, 217, 47),
(116, 80, 2),
(117, 81, 2),
(118, 101, 2),
(119, 104, 2),
(120, 130, 2),
(121, 131, 2),
(122, 132, 2),
(123, 144, 2),
(124, 4, 2),
(128, 844, 87),
(129, 5, 87),
(137, 781, 4),
(139, 845, 87),
(140, 386, 87),
(143, 594, 87),
(144, 5, 2),
(145, 724, 2),
(148, 376, 87),
(157, 4, 4),
(158, 4, 87),
(159, 781, 125),
(160, 4, 125),
(161, 5, 125),
(162, 376, 125),
(168, 844, 132),
(169, 843, 132),
(170, 6, 132),
(171, 5, 132),
(172, 4, 132),
(173, 781, 134),
(175, 843, 134),
(176, 288, 134),
(177, 4, 103),
(178, 402, 125);

-- --------------------------------------------------------

--
-- Table structure for table `users`
--

CREATE TABLE `users` (
  `id` int(20) NOT NULL,
  `unique_membership_id` varchar(255) DEFAULT NULL,
  `name` varchar(51) DEFAULT NULL,
  `last_name` varchar(255) DEFAULT NULL,
  `email` varchar(101) DEFAULT NULL,
  `phone` varchar(20) DEFAULT NULL,
  `password` varchar(255) DEFAULT NULL,
  `user_type` tinyint(2) NOT NULL DEFAULT '1',
  `country` varchar(255) DEFAULT NULL,
  `facebook_id` varchar(255) DEFAULT NULL,
  `google_id` varchar(255) DEFAULT NULL,
  `linkedin_id` varchar(255) DEFAULT NULL,
  `latitude` varchar(255) DEFAULT NULL,
  `longitude` varchar(255) DEFAULT NULL,
  `device_token` varchar(255) DEFAULT NULL,
  `service_key` varchar(255) DEFAULT NULL,
  `remember_token` varchar(255) DEFAULT NULL,
  `isActive` int(1) NOT NULL DEFAULT '1',
  `image` varchar(255) DEFAULT NULL,
  `created_at` varchar(255) DEFAULT NULL,
  `updated_at` datetime DEFAULT NULL,
  `notification` tinyint(2) NOT NULL DEFAULT '1',
  `otp` varchar(255) DEFAULT NULL,
  `otp_verify` tinyint(2) NOT NULL DEFAULT '0',
  `udid` text,
  `last_login_date` varchar(255) DEFAULT NULL,
  `last_data_date` varchar(255) DEFAULT NULL,
  `gps_address` varchar(255) DEFAULT NULL,
  `gps_latitude` varchar(255) DEFAULT NULL,
  `gps_logitude` varchar(255) DEFAULT NULL,
  `gps_date` varchar(255) DEFAULT NULL,
  `route_guidance` int(11) NOT NULL DEFAULT '1'
) ENGINE=InnoDB DEFAULT CHARSET=latin1;

--
-- Dumping data for table `users`
--

INSERT INTO `users` (`id`, `unique_membership_id`, `name`, `last_name`, `email`, `phone`, `password`, `user_type`, `country`, `facebook_id`, `google_id`, `linkedin_id`, `latitude`, `longitude`, `device_token`, `service_key`, `remember_token`, `isActive`, `image`, `created_at`, `updated_at`, `notification`, `otp`, `otp_verify`, `udid`, `last_login_date`, `last_data_date`, `gps_address`, `gps_latitude`, `gps_logitude`, `gps_date`, `route_guidance`) VALUES
(1, NULL, 'Rabindra', NULL, 'admin123@route66.com', NULL, '25f9e794323b453885f5181f1b624d0b', 2, NULL, NULL, NULL, '2434543543543543543543522', NULL, NULL, NULL, 'uX6b6Fw5fI', NULL, 1, NULL, '2018-11-23 08:38:09', '2018-11-01 14:13:02', 1, NULL, 0, NULL, '2018-11-20 08:26:25', NULL, NULL, NULL, NULL, NULL, 1),
(2, NULL, 'Kundan', 'GHHH', 'tttt@gmail.com', '4999995', '25d55ad283aa400af464c76d713c07ad', 1, 'Antigua and Barbuda', NULL, '103166393039049067984', NULL, '28.5877185', '77.3157501', 'dDN1pC9xmQs:APA91bEJOk93TW9bM-4RwCEXw53xsReMkmrs3JccXLKkfi8UxbgS9jAMKD18KqJAG55mggmRelmSad0iRytdnuw93qIUTTL3syk4yhPUePVBwQn2CccsMZTL91a5nK7iJQGBjZ4L6JJBwA9lzjZXMxeVDUZePgYZng', 'o2u5OZd4kk', NULL, 1, 'http://rt66ug.com/admin/public/storage/profile/201806060608261528265306cXHsDCj8JW.jpg', '2019-03-27 02:25:45', '2018-10-23 07:56:42', 0, NULL, 0, 'f202ef83e4b9b29d', '2019-04-05 11:03:21', NULL, NULL, NULL, NULL, NULL, 1),
(3, NULL, NULL, NULL, NULL, NULL, NULL, 1, NULL, NULL, NULL, NULL, '28.5864427', '77.3152335', 'erQ-uzkGoBM:APA91bHZyXU_oLQUx7s_Iv0Hg7sJbmxXT9C7KgCMVhcvmNcWMhJ5gPhFeukQFXPmJ4SkHHS_7FErVV-B_AcOz9RsHuLjCS7MEpqKA7Umu5Zwo1L06XtLVXlAIJx8cmZy7pagKoQs149u', NULL, NULL, 1, NULL, '2018-04-20 08:24:20', NULL, 1, NULL, 0, '6d9b2d867ae813c2', NULL, NULL, NULL, NULL, NULL, NULL, 1),
(4, '726135484111', 'Scott', 'McCoy', 'scott@scotthmccoy.com', '1155790000', '05a671c66aefea124cc08b76ea6d30bb', 1, 'United States', NULL, NULL, NULL, '40.4887758', '-88.9589577', 'dCuxAqG5N48:APA91bHCi8pgL2hdszSE0ODPzCkj1Egt13fIBpTNcnBWZ0D-gIbLb5ADJPd9KqVLJV1pJKsk9bj7gK6EXM6N1XsBboyweAWqSYz4_trUhk61euk8O-iHOqb1_ctC1O6dAofnKcuIS4xV', 'bm2hfAiBmg', NULL, 1, 'http://rt66ug.com/admin/public/storage/profile/201805190235031526697303tn3zULk8ZL.jpg', '2019-03-26 13:47:57', '2019-04-01 16:11:27', 1, '7725', 1, '41211cd882d53d50', '2019-04-13 00:46:00', NULL, NULL, NULL, NULL, NULL, 0),
(6, NULL, NULL, NULL, NULL, NULL, NULL, 1, NULL, NULL, NULL, NULL, '28.586474', '77.315253', 'cw3x3DztTDE:APA91bE4Wc8do1PIB-duypL1cNR-DoNJb1GTN6W5waYLyzt9oGpRr0yoVXzbgYUFVonP5GO34m18sFKc0eZo24RRhdSA37FwdiISCEnaPwgWHEgA2XilKU9XxPhiDJpp7D-IAv29GT6q', NULL, NULL, 1, NULL, '2018-04-23 07:33:01', NULL, 1, NULL, 0, '9AE2601E-5E70-4009-B23A-81F3B6AEC119', NULL, NULL, NULL, NULL, NULL, NULL, 1),
(7, NULL, NULL, NULL, NULL, NULL, NULL, 1, NULL, NULL, NULL, NULL, '40.5094284', '-88.961973', 'cNdTEItAR68:APA91bFeKCTNDIbdKpUo_BPILf-XYcFSENe39vYURUSiDISDZNIJgahu21u2rbocruj2qlB_hAhwRfMD4WaiBroofYjkLLQWHAOkSSDwa-BMGqQspmm_zckZoZM2CnNJlKgqgTm0QFEq', NULL, NULL, 1, NULL, '2018-05-15 07:36:09', NULL, 1, NULL, 0, 'f751a7e4b08daeb5', NULL, NULL, NULL, NULL, NULL, NULL, 1),
(8, NULL, 'john', NULL, 'john.smith@mailinator.com', '123456789', '1a4130ae8706345a0d9f68c74024429b', 1, NULL, NULL, NULL, NULL, NULL, NULL, NULL, 'o1iCkvx38E', NULL, 1, 'http://rt66ug.com/admin/public/storage/profile/201805141505591526310359Hrn9oO8TcT.jpg', '2018-05-14 15:05:59', '2018-05-14 15:05:59', 1, NULL, 0, NULL, NULL, NULL, NULL, NULL, NULL, NULL, 1),
(9, NULL, 'vipul', NULL, 'vipul@mailinator.com', '9876543210', 'dccffb36f2203dbbaeeed14fbc2c3ea4', 1, NULL, NULL, NULL, NULL, NULL, NULL, NULL, 'aML5kF1sXa', NULL, 1, 'http://rt66ug.com/admin/public/storage/profile/201805150730181526369418yW5QlMxYkA.jpg', '2018-05-15 07:30:18', '2018-05-15 07:30:18', 1, NULL, 0, NULL, NULL, NULL, NULL, NULL, NULL, NULL, 1),
(10, '726135484281', 'dfe', 'sdfewfdew', 'sazid@appsinvo.com', '543567890876', '25d55ad283aa400af464c76d713c07ad', 1, 'Afghanistan', NULL, NULL, NULL, '35.109905909832', '33.9236787334085', 'dpU3_6Ej03A:APA91bH_xdqD0Q-c7n17dTmEqVaLcq3ElDAZ7IZiETNvQdyXekgilsHWida_hRKjOAXcH4ZKqOfEoEKWpYyq5GUa9-ssoM5yLT0pSe6hlWHjn9uVtquW_nCFEG1kZNWCFJSdxl62BXGy', 'cuco7lMMuv', NULL, 1, ' ', '2018-10-30 08:43:12', '2018-10-09 13:37:10', 0, '9515', 1, 'CECBCA4D-1A07-4004-935A-5AB127094F1F', '2018-10-30 13:43:12', NULL, NULL, NULL, NULL, NULL, 1),
(11, '939357709886', 'MemberShip', NULL, 'membership3@gmail.com', '234242421', '25d55ad283aa400af464c76d713c07ad', 1, NULL, NULL, NULL, NULL, NULL, NULL, NULL, 'SEqfIIHIpS', NULL, 1, ' ', '2018-06-08 01:51:38', '2018-06-08 06:51:38', 1, NULL, 0, '25653612372613762', NULL, NULL, NULL, NULL, NULL, NULL, 1),
(12, NULL, NULL, NULL, NULL, NULL, NULL, 1, NULL, NULL, NULL, NULL, '40.5094807', '-88.9619302', 'dUeo4dAyb7M:APA91bHA-clA43Rl-sbaaG6eEpktA3GYxrjBKvEdG8s4RQQyIgsLgXofBEIcNQoQBC8jvNWr5nIc07JOr5PY4KMpqbQHVUCbhTbaFQUK8GrG14j1mTaDG_t-5u7Tg-1dKEznTQFTBNvj', NULL, NULL, 1, NULL, '2018-06-27 01:05:02', NULL, 1, NULL, 0, 'dee2f445c2fe02e2', NULL, NULL, NULL, NULL, NULL, NULL, 1),
(13, NULL, NULL, NULL, NULL, NULL, NULL, 1, NULL, NULL, NULL, NULL, '28.5863733', '77.3153933', 'coxGQdya9E4:APA91bE1a3w2xyL6O-r5uxpLfwsT3Pe1Vwctm_lE0KJRV85hQVRFDenVjEb-XlGpXP_BrdbMyUuKKKstROsYwrLhOcmuGhwjcTT-wx69ipgtdxR6YaCON9XQwlUWjkF8SGXpXZc0w2V9sF2a6Ix80eKNIbwCBE4orA', NULL, NULL, 1, NULL, '2018-07-11 06:36:43', NULL, 1, NULL, 0, '693a2304a45dcf2f', NULL, NULL, NULL, NULL, NULL, NULL, 1),
(14, NULL, NULL, NULL, NULL, NULL, NULL, 1, NULL, NULL, NULL, NULL, '28.586415', '77.3153417', 'f1za6q2AYMs:APA91bEJYv4D0irVqfMcJ0FX0Q_TKt0CRedbG7z6lxky2ttu4vFnqeR3F6EImhf4DDedh43wsOgEiU2TylrW7mwany60Xw8gHeb7niuJ1AbPw199v5a5LteB5zbR-LN24XnUYRZDwD9yvzkaG1Mi7UrE6UKRfJFxhQ', NULL, NULL, 1, NULL, '2018-08-06 03:30:13', NULL, 1, NULL, 0, '4918d41744ef7b2f', NULL, NULL, NULL, NULL, NULL, NULL, 1),
(15, '8213950785281846', 'Scott', 'Tests', 'scott@scotthmccoy.com', '8155791121', '25d55ad283aa400af464c76d713c07ad', 1, 'United States', '2146787682229235', NULL, NULL, '40.4439633', '-89.0335552', 'ei1FjdEssv0:APA91bHRE_NE2qtBn4173LxFGqSsEVT90YBYvUN15JWzCeobGpOmjbboE_21Op5tfJq97rykJbaycU9ud-aN9lMiXS0GZH64oikz44C5aR13x1DXsTGe9dLp0InALvtsuHj4I1beDIoN', 'UsFrHrRpF6', NULL, 1, ' ', '2019-04-01 15:30:49', '2019-04-01 15:30:49', 1, '2118', 0, '31cf8afb70859028', '2019-04-01 16:01:20', NULL, NULL, NULL, NULL, NULL, 1),
(16, NULL, 'Akash Gupta', NULL, NULL, NULL, NULL, 1, NULL, '1670429413086481', NULL, NULL, '28.5864021', '77.3153591', 'cnVqSUtuytc:APA91bEz2hhfmj0lBJgfsrGVvOnjTQWc2XrIA_8jIzgMVdEh4Iow94RzAGVvug5QtTsxOjIByAEO3Kft83dLYTbC2cNQUHfyMbQq9NGxHqSLUals0caitpjCuh8iDRb5DBVIasHLJkMZ', 'SZ4wha2wA6', NULL, 1, 'https://graph.facebook.com/1670429413086481/picture?type=large', '2018-11-13 08:59:48', '2018-08-23 11:09:18', 1, NULL, 0, '2a93409d00be1a2a', NULL, NULL, NULL, NULL, NULL, NULL, 1),
(17, NULL, NULL, NULL, NULL, NULL, NULL, 1, NULL, NULL, NULL, NULL, '28.586415', '77.3153417', 'eKlmqu-nEeA:APA91bGZx6qBW945UgfP8jPM5SD7yXdTU9nZjxWEuSr8yC67dLZE1LikEEB1nuv3pJKU0kisBGgcVAunf29sIBFdSIwdylvUr7Bj3tphkYS33jeZJVncvgo6v6_xEzIIp_F2MiXfRPJXuJdxIFqOI89kcxjp6afg7A', NULL, NULL, 1, NULL, '2018-08-10 01:58:44', NULL, 1, NULL, 0, 'fa8b04180747a871', NULL, NULL, NULL, NULL, NULL, NULL, 1),
(18, NULL, NULL, NULL, NULL, NULL, NULL, 1, NULL, NULL, NULL, NULL, NULL, NULL, 'fXV3svHiK3c:APA91bHGue9qBVshU_F6lesQXi5dckwwhQ10SyerjSiMwdvlmZamXDa0ibTqfd8s3YPloWbhYRHh5yJUPr7WSUETrBudDPntFcJwUnTT4Dtp-N7aEubBqGIr7Fy21Auu1XsP8gdh5Feb-LrMJsEccifnSqx8zldO9A', NULL, NULL, 1, NULL, '2018-08-10 05:13:48', NULL, 1, NULL, 0, '093289c7fd93eecd', NULL, NULL, NULL, NULL, NULL, NULL, 1),
(19, NULL, NULL, NULL, NULL, NULL, NULL, 1, NULL, NULL, NULL, NULL, '28.586415', '77.3153417', 'e5-rdSdd2RA:APA91bFloC9nxPJLp21ApYJiVHR5yEGSk38oz-k4bIftomBEY_Ytw9k00j6c95QaEJtHTzMKpoz9eqi6UzEJgHoZ-IZ3gUT4MGUEqmu7-XUTDfQdXkG_OEgJqZQUrGSKzcivZNwj_L4JfotpYPEqgXCu5tLEWCGH9g', NULL, NULL, 1, NULL, '2018-08-13 08:26:07', NULL, 1, NULL, 0, '2f2acfcd9c7140e6', NULL, NULL, NULL, NULL, NULL, NULL, 1),
(20, NULL, 'RTL Support', NULL, 'rtldeveloper@gmail.com', NULL, NULL, 1, NULL, NULL, '109578091276352997565', NULL, NULL, NULL, 'eHLV3-pPlp0:APA91bHKrVHTS-27egrgs4kAeL881kXg9iABdVuGa5S7305pbRDdcZHXwkPZLC0MS-Q-kB1PxoYWu2dIgwpNmYRaUaB0DjmICrZn_uikMpbvttLXsEwGl7yd1RaKNWgMwzstpoifqyV4cRLVO0Jb-RU7XbRP3E8zfA', 'GxoJp8Ev5p', NULL, 1, 'https://lh4.googleusercontent.com/-qYU4LqeVc1Q/AAAAAAAAAAI/AAAAAAAAAJw/9U0bIgX2y3k/photo.jpg', '2018-08-14 08:15:10', '2018-08-14 13:15:10', 1, NULL, 0, 'f82f89202f2716b2', NULL, NULL, NULL, NULL, NULL, NULL, 1),
(21, NULL, NULL, NULL, NULL, NULL, NULL, 1, NULL, NULL, NULL, NULL, '28.5864126', '77.3153474', 'dVd7dWheBv8:APA91bEU2DWJkvbeo-BGD3zbx-Y-uJU82Gh33KbrgGpBtTeSUZPs7TU0pz31L4P9jqa-S8f0iTf3kM7dZarESWe7Gq_Nl5EBWcNP-_3MQd963xq6efsfPypwSqKuevbAWN68inlciVf4', NULL, NULL, 1, NULL, '2018-08-24 10:19:51', NULL, 1, NULL, 0, 'e73313fa4cd120c', NULL, NULL, NULL, NULL, NULL, NULL, 1),
(22, NULL, NULL, NULL, NULL, NULL, NULL, 1, NULL, NULL, NULL, NULL, '28.5864251', '77.3153457', 'cxcyAkUXvJk:APA91bEjZ1UJ-_EQU7JjlZ8xTkTF7pTkSVpqM0txu3CejWS6SWON9NAamrO_7zCMElSNjBFuSsDI-5tCRIJHTjPQJysMxzTBAQVpINHjuJ972ybvW4UtdycP4T8fe-2F4mP8qbZsgVo9', NULL, NULL, 1, NULL, '2018-08-29 10:05:47', NULL, 1, NULL, 0, '1d25ee25bb18531e', NULL, NULL, NULL, NULL, NULL, NULL, 1),
(23, NULL, NULL, NULL, NULL, NULL, NULL, 1, NULL, NULL, NULL, NULL, '28.586415', '77.3153417', 'fT4t8qaIN0k:APA91bGyigQ7cgzW4edth_EvDfAOKw4oeK4g_pVvGwyJAhMovt9czP8QRUPF8WCOflcxGX0Vy-3eax_QkfzPt-0H4p8XPEk4AmfAassp8rcLjCcI-u40v0REcSsRdCjKdfKvVdQRXkFn', NULL, NULL, 1, NULL, '2018-09-05 08:45:13', NULL, 1, NULL, 0, '94758ea406d843c5', NULL, NULL, NULL, NULL, NULL, NULL, 1),
(24, NULL, 'Shashank Sachdev', NULL, NULL, NULL, NULL, 1, NULL, '1052978728194181', NULL, NULL, '29.3772898', '78.1391615', 'fXp021a_5uM:APA91bExb2hjNP7cbpYTISV9ygMAl805isgEHXDLAHySOWPE6tJkVh0fHw0m-rWVSgCYMUAF4ML_Gw-MkRCqqA3mdV1yThQPWCkicphIv0P93KUv2zXtBD0UYRBQm_VHMSvDG0EvrI-O', 'ny6GW3NLTp', NULL, 1, 'https://graph.facebook.com/1052978728194181/picture?type=large', '2018-09-08 04:38:03', '2018-09-05 15:24:41', 1, NULL, 0, 'e70227a06a91fe2e', NULL, NULL, NULL, NULL, NULL, NULL, 1),
(25, '488163888664', 'Rabindra', NULL, 'dd@gmail.com', '1223455', '25f9e794323b453885f5181f1b624d0b', 1, '\"sfdkjr\"', NULL, NULL, NULL, NULL, NULL, NULL, 'jLGxXsk3F2', NULL, 1, ' ', '2018-10-03 03:11:24', '2018-10-03 08:11:24', 1, NULL, 0, '\"rtyuiuiuydfy\"', NULL, NULL, NULL, NULL, NULL, NULL, 1),
(26, NULL, NULL, NULL, NULL, NULL, NULL, 1, NULL, NULL, NULL, NULL, '40.5095127592872', '-88.961732567264', 'eWWKksnvi2w:APA91bGTQF-ULRxun1q_EzGkDF0w8-WKKd1n7AXNbHRx6lFC93Q8ea0r3F1WsbpZsgtrZJqu-8jmvS5Uqsw8RitQn7t6oj2lTPeuF-6UvlvNNH21_DSj4-Hs4aOzF-LY3muYT57mU7K4', NULL, NULL, 1, NULL, '2018-10-03 11:20:03', NULL, 1, NULL, 0, '9BE4E2CA-2AF1-4DC4-AE3B-3DE9CD64D43E', NULL, NULL, NULL, NULL, NULL, NULL, 1),
(27, '992665857400', 'Rabindra', 'saf', 'dddw3@gmail.com', '1223455', '25f9e794323b453885f5181f1b624d0b', 1, 'sfdkjr', NULL, NULL, NULL, NULL, NULL, NULL, 'BPtACfW5Dx', NULL, 1, ' ', '2018-10-03 04:04:15', '2018-10-03 09:04:15', 1, NULL, 0, 'rtyuiuiuydfy', NULL, NULL, NULL, NULL, NULL, NULL, 1),
(28, '118749642609', 'scott', 'mccoy', 'scott@scotthmccoy.net', '8155790000', 'aac00db003cbec5291a42e5c5c7118f6', 1, 'United States', NULL, NULL, NULL, '40.509489251992', '-88.9618294169349', 'f2TgLbVWUe8:APA91bEYlZUvHEFrA57WvmeKxFTJ5kUlhBi1dEIxxMLt-vgcsmsn6gwZdJ8U4_lGm1ejfs_YRmReh-56hXVpjvbMcsLfiZZr82OItoAGnSVooquOGIEqPoqiLnPvU8EOZbIz6S0XDHqb', 'P5HcueWFTA', NULL, 1, ' ', '2018-10-05 10:56:58', '2019-04-01 15:30:42', 1, NULL, 0, 'BCD5AE6F-6258-43F4-8E56-41A35540BFC8', NULL, NULL, NULL, NULL, NULL, NULL, 1),
(29, NULL, NULL, NULL, NULL, NULL, NULL, 1, NULL, NULL, NULL, NULL, NULL, NULL, 'dLA67TZ4Lu0:APA91bF2pClJ698fpG34VqkZvy0hoJC1UYXPdq0T9LaXSdzruu8bGbmX6dl0itsArTLv1xWF6_V9XZxi9ZxxjGRo1SPYZw8JFR6DkdQxfRjxFo-a26m8uXWcaHzBeQb1-A9hTzBCBgMP', NULL, NULL, 1, NULL, '2018-10-09 08:49:48', NULL, 1, NULL, 0, '7D84283C-0A17-4B09-8E19-F5C665469211', NULL, NULL, NULL, NULL, NULL, NULL, 1),
(30, NULL, NULL, NULL, NULL, NULL, NULL, 1, NULL, NULL, NULL, NULL, NULL, NULL, 'dGtepgS2j6I:APA91bE-u__936aM00ZMo1ugvq2Ft4XFvyKa8jwdJK-BYYB_tN6u_I9u7f8l8fA0_Hu5Z_GwywgY_cDTIqzU3Jfjm5q0WIPtALYDYehely20ajJzj-nXJVVp6MpoH6HaQI23boWwIyWW', NULL, NULL, 1, NULL, '2018-10-09 09:20:50', NULL, 1, NULL, 0, '4FA9D375-34DE-4748-953B-74A35C2915DF', NULL, NULL, NULL, NULL, NULL, NULL, 1),
(31, NULL, NULL, NULL, NULL, NULL, NULL, 1, NULL, NULL, NULL, NULL, NULL, NULL, 'fWpcF07tUf4:APA91bEGybtZxVQfMdp4ysD47wVTE4KmA9ecqTs4PvrkxebyZqgF355da3-Q9jMkZewksYtIJy42ScdVEFozMIxDldp1zlAaHr5L_BpynZ9t5ILO1n-SKclnnW0yE52XoiaC7mlImVcC', NULL, NULL, 1, NULL, '2018-10-09 11:23:44', NULL, 1, NULL, 0, '71D2F3F9-A8CA-4E97-978D-E2A9A577FBE6', NULL, NULL, NULL, NULL, NULL, NULL, 1),
(32, NULL, NULL, NULL, NULL, NULL, NULL, 1, NULL, NULL, NULL, NULL, NULL, NULL, 'cAD3LTd_d2o:APA91bE9ALq4Me9aavvZbugq-g0Oz0lvavJSuq8emhBjBucM0OTtPqCnxyxjE5MeGYolWlaR8AxB8WS_xlvGlcar4usjHTyXzXr_1uQAmU7EGkWccp8DtUZ6qNwLkNdMt315fF9BTv7j', NULL, NULL, 1, NULL, '2018-10-14 20:17:28', NULL, 1, NULL, 0, 'D1CCE065-F2A7-4FA9-B675-E61CEE29023B', NULL, NULL, NULL, NULL, NULL, NULL, 1),
(33, NULL, NULL, NULL, NULL, NULL, NULL, 1, NULL, NULL, NULL, NULL, NULL, NULL, 'cdP8XZzA6TM:APA91bGrcX5-pHn5RziPv-mA0wrcJH-ncompW32x1ZePFBfD94GbjlrOhFU-mHnBWUXZiX48gBUni6z_H3r2cgeiPO_ip4J7grMP1TerxN-mbNV1ukHpjF9XgbGQQS6bbU4c2KOMbb0j', NULL, NULL, 1, NULL, '2018-10-16 01:55:33', NULL, 1, NULL, 0, 'EDE12F3B-61C8-47AB-8919-8D98D11A6F3C', NULL, NULL, NULL, NULL, NULL, NULL, 1),
(34, NULL, NULL, NULL, NULL, NULL, NULL, 1, NULL, NULL, NULL, NULL, NULL, NULL, 'cygrtKxBIkE:APA91bE7DfF2iCnN-p1pyKtpE78UoeQCEZSqtyMWTary3FXfWbrH5DhNqIMwLlrWAQHxmtyczhe181k6u5EIJHBHzBRn5-NgJM51B3L-FJpvG0Lx4rsW3_Vu1QvFU7Hi3KAjAYLGxUhC', NULL, NULL, 1, NULL, '2018-10-16 05:53:52', NULL, 1, NULL, 0, 'A529E3A8-672B-47E0-A1E0-4C1AF72EC417', NULL, NULL, NULL, NULL, NULL, NULL, 1),
(35, NULL, NULL, NULL, NULL, NULL, NULL, 1, NULL, NULL, NULL, NULL, NULL, NULL, 'ewl-hZgVKLY:APA91bGYx3OSonHcLf2WSXVJ1Ks1xCIBVTcl6_W99Ai1ocR7sPaDGIippLFQZDo0A4MdourJ7jzgw-auYyiMTqsUQIj9A9jgZKcV2OVE6aQGw6E2iyNdfxwWfNf6yfcM9d55H6FrdxNV', NULL, NULL, 1, NULL, '2018-10-17 03:56:58', NULL, 1, NULL, 0, 'AEB1CE4C-6419-469A-A545-4D39E3E170EB', NULL, NULL, NULL, NULL, NULL, NULL, 1),
(36, NULL, NULL, NULL, NULL, NULL, NULL, 1, NULL, NULL, NULL, NULL, NULL, NULL, 'fFaG3HHYiZM:APA91bEep7sp7vaJ-DJXRwyAgQIcKAKAJnLe2IKOkG2xESwCwZmvXQAq5cNd_h0GkYDMnAPmdUeBq2klKEXTokAPJEB6-pZrjaC1sCaIWogr_U-RxjrBjld13mYuKakrSeWLlprqi_xC', NULL, NULL, 1, NULL, '2018-10-17 10:43:55', NULL, 1, NULL, 0, '95DFE7F8-C891-46F7-8444-0F34DC913DCD', NULL, NULL, NULL, NULL, NULL, NULL, 1),
(37, NULL, NULL, NULL, NULL, NULL, NULL, 1, NULL, NULL, NULL, NULL, NULL, NULL, 'ffjnItdrmYM:APA91bHsuL8NP4GpRrr9F9kt7xmoDRJqTXRQMhJ9omSNe3caCyhu7oObtTd9sHQ0rgmJ2_S2AzwhLwnw0pDDtj1VPgG3gDmlZktdVtbUK7kEjRvIjdN_hFwqoU7zeci3LgyU5XgRsMkh', NULL, NULL, 1, NULL, '2018-10-18 12:24:17', NULL, 1, NULL, 0, '24C72791-94E2-45B3-8A36-CADEE853AB48', NULL, NULL, NULL, NULL, NULL, NULL, 1),
(38, NULL, NULL, NULL, NULL, NULL, NULL, 1, NULL, NULL, NULL, NULL, '37.4219983', '-122.084', 'fhnxxDVWYvE:APA91bFJLWj3QHXfJgKxBKCEjVjPbODIR2WsSV8_j1ZWNwGpVdgbbsAjrHJ-v0D4ZZLPktGDfaQxfl5K9sOPwNYKrLZTpZo00Q0iPU8jkZQLlQTBIinxQRpgqsUcv4gEYHgQbJWEhB4j', NULL, NULL, 1, NULL, '2018-10-24 08:29:13', NULL, 1, NULL, 0, 'f7663371b5038125', NULL, NULL, NULL, NULL, NULL, NULL, 1),
(40, NULL, NULL, NULL, NULL, NULL, NULL, 1, NULL, NULL, NULL, NULL, NULL, NULL, 'e1wT1KgZzok:APA91bEQWAt58npjvPv3M763j-H-0FIypoqTffvr2U3bNJVAA25ih5fK_j4Hok4DNkQyKAtDxbHlXLCkgSLo5eeGyjz-GRhzGI4ylYOpxX1yHn7liJNF907cMxIKfc_TfG6w2yAPlu6V', NULL, NULL, 1, NULL, '2018-10-30 08:12:03', NULL, 1, NULL, 0, '8BA4357B-9DCD-44D8-BF53-34AA2A383B02', NULL, NULL, NULL, NULL, NULL, NULL, 1),
(41, NULL, NULL, NULL, NULL, NULL, NULL, 1, NULL, NULL, NULL, NULL, NULL, NULL, 'eZXzJpCQ1E0:APA91bGXHPvTgZKQYNqk5vBswxgVjQLlyeKQdiR5gNuuywuFBQZYt4KSMkuVljnCDDls1h50UngaCwd8HPDcJe8FPIek_WjV5j2uE1_e37hFAf6IC2p4bmitXcCzf-ccskdU_arn5Vya', NULL, NULL, 1, NULL, '2018-10-31 10:24:19', NULL, 1, NULL, 0, '41BFF66C-EA44-4EF6-872D-49CA46FB3A6C', NULL, NULL, NULL, NULL, NULL, NULL, 1),
(42, NULL, NULL, NULL, NULL, NULL, NULL, 1, NULL, NULL, NULL, NULL, NULL, NULL, 'degNRavpMis:APA91bG7owd7BY2WteLxqTZuIPleaKdJeN0hU-BZRJRmYZ0Tt3ozrz3nfp6W--0BuVkyeg14On4o1dpyQMiGNT5fdu3VpJJ_qiMQxwRVBqNg57IZHiHOFRG1LJIaYfhKPmIZ2rXe9D-m', NULL, NULL, 1, NULL, '2018-11-01 10:51:35', NULL, 1, NULL, 0, 'B0D51E71-2B38-43EF-91EE-6EA34375D181', NULL, NULL, NULL, NULL, NULL, NULL, 1),
(43, NULL, NULL, NULL, NULL, NULL, NULL, 1, NULL, NULL, NULL, NULL, NULL, NULL, 'fi3rR05WhIE:APA91bEp3zXQRoMtQy84T1uz_UFfFtLrgmCigh_nZNX6jC361yq8l-7v6puzItGpgVb5L1a9ZaZZBj0S0DRslRX8y5C4VQj19ajyVQaN-Wuyij0p7-tEU_Me3XTNNcjXL13eelYwRSBG', NULL, NULL, 1, NULL, '2018-11-01 10:58:26', NULL, 1, NULL, 0, '54B6FD8A-8296-48CB-9E63-9297B2B23BA7', NULL, NULL, NULL, NULL, NULL, NULL, 1),
(44, NULL, NULL, NULL, NULL, NULL, NULL, 1, NULL, NULL, NULL, NULL, NULL, NULL, 'cFdxIHLXbZ4:APA91bFWpw_F4JIyUn1NwsL_4RtUs5xP9GoiaEtWZ1UtX8MvP3igsdq0RjCnjsbvK4YFwd5eS_2L4IFhE7Dhn7MoDRO3SIReAl-9h-FORDQkQhXGpOsnYcyPhZMrYD5yTK8ZP-tgPpq9', NULL, NULL, 1, NULL, '2018-11-05 09:31:25', NULL, 1, NULL, 0, '2599EC3C-4A67-4DA9-BB4B-FD5412EAF5EF', NULL, NULL, NULL, NULL, NULL, NULL, 1),
(45, NULL, NULL, NULL, NULL, NULL, NULL, 1, NULL, NULL, NULL, NULL, NULL, NULL, 'e-WVK9OYF0M:APA91bFHDd-Dj59OTYqAOwRKedN8DD_jxqgIM1guYeryvA3nTb2DgiubH13pj0xyfSksJfwfLmyWpuaXwo6veDbgTso2aPkOvc0A8B3m5SGYxMqSEKoRcAVc6r5Ri3pDGpXbahdIEuEa', NULL, NULL, 1, NULL, '2018-11-06 00:06:18', NULL, 1, NULL, 0, '3405722D-AEB6-4D14-929E-59D68BE01202', NULL, NULL, NULL, NULL, NULL, NULL, 1),
(46, NULL, NULL, NULL, NULL, NULL, NULL, 1, NULL, NULL, NULL, NULL, NULL, NULL, 'eJVeBiSYmX0:APA91bHKO4V0oTCUKnKQAsw0iYSYmIpMOakwMhZPNTodjolUjWFxTQ9PVzmhXVKxqsyUfd-H6P_wWCGy0SAciq9NWMVsoZqPhL7Q_HAhPig3fi_rROqlV165xg83irrTs32hOI1H_Z02', NULL, NULL, 1, NULL, '2018-11-06 01:38:54', NULL, 1, NULL, 0, '81A83E5E-A183-4F12-8BF1-D5A4AF38E5A0', NULL, NULL, NULL, NULL, NULL, NULL, 1),
(47, '4942058907653371', 'oooo', 'ppppp', 'pppp@gmail.com', '9870163660', '25d55ad283aa400af464c76d713c07ad', 1, 'India', NULL, NULL, NULL, NULL, NULL, 'cE5g3XF2Cn8:APA91bENC6mEIYGYr_fVz6CllyifWoaZJyKWeO2g0OwhcwpHUWASWS1dEz08HKtBKxufNMqWIoectK_P9O5jXDwB6RJpCJ_H1LKxhnVmmV7hxZcJtvhfrsKpV0hI86xz1-2R2na-zWNd', 'KJe2rcovY9', NULL, 1, ' ', '2018-11-09 07:46:51', '2018-11-09 11:46:58', 1, NULL, 0, '1F79898D-2D78-4EE3-A31E-90CB0452BA5A', '2018-11-09 13:46:51', NULL, NULL, NULL, NULL, NULL, 1),
(49, NULL, NULL, NULL, NULL, NULL, NULL, 1, NULL, NULL, NULL, NULL, NULL, NULL, 'fHUEIt5d5cs:APA91bHbwMWuMnTyXgC8Sn-zHQGvefuFPnk8R70VcNlWXEGL3vHdVj1rVBvTzpIDwAQWj7VY9SG664b84sFj9aseWojB8mbP3-_F_RuzdUItV1ratRUXrlHsJx4Hq4wP9TnZ2jICD-uB', NULL, NULL, 1, NULL, '2018-11-09 08:31:16', NULL, 1, NULL, 0, '247C771F-EA3C-4D0F-87A8-39A7C28A2549', NULL, NULL, NULL, NULL, NULL, NULL, 1),
(50, NULL, NULL, NULL, NULL, NULL, NULL, 1, NULL, NULL, NULL, NULL, NULL, NULL, 'fkKkRcNSF8M:APA91bGgzvyedGjzOg8-oMaZMQZftSveqqCKRWKyTf0XasJszNzJKdYUpU6DljOESbUdWGI3hVsTzRUyX6f11O5m_OKXr8O74tre-iRFa6g23afL4rWEvKpDuQ04vIush_bBvbvFmSyP', NULL, NULL, 1, NULL, '2018-11-09 08:41:29', NULL, 1, NULL, 0, '07A98543-8687-40D5-BE0A-42B99E4CC9B9', NULL, NULL, NULL, NULL, NULL, NULL, 1),
(51, NULL, NULL, NULL, NULL, NULL, NULL, 1, NULL, NULL, NULL, NULL, NULL, NULL, 'frES1lQBJPQ:APA91bH-LRqARObdU4cQeP7LSuPRHjnO-Dabnwg01Wr2J0hiFdCStvEQXs_Hu5TNUvpPPnGQIF38GpqhbWxnvArK01bDPtwoIqvFt0UeEUioWgEoExz7sEgGWZqo2LRuEWKxID54036r', NULL, NULL, 1, NULL, '2018-11-09 08:44:49', NULL, 1, NULL, 0, '6DB4E478-B2C3-490C-A2AC-DDB570F51A91', NULL, NULL, NULL, NULL, NULL, NULL, 1),
(52, NULL, NULL, NULL, NULL, NULL, NULL, 1, NULL, NULL, NULL, NULL, NULL, NULL, 'eE1hE6eg6fA:APA91bEk0IwolWk6OOYA5mN5_EuIw_KgwTdUlj9vdDxPDSQnQTKf8LhVXs61fidyEuPUbwqrsYqphgdiMthurswLH1030pLz8-9iEnHbhgH_XdQvOQtDIBY-EmDCRHDDgfig5T-ya7-Q', NULL, NULL, 1, NULL, '2018-11-17 11:38:41', NULL, 1, NULL, 0, '984DC38A-5C0E-4CF9-9BC5-1BC36D39CD08', NULL, NULL, NULL, NULL, NULL, NULL, 1),
(53, NULL, NULL, NULL, NULL, NULL, NULL, 1, NULL, NULL, NULL, NULL, NULL, NULL, 'cyr_qGsAKiw:APA91bHiEUASHvxEB1lTIZg8w__oHhziT92f-0cAZiL-DuHOkqi-X0I9gw8ELX_6iiov1_QVcLPV9bsXeIzzNf8QYdMGOc271ax-tXO5mbthuEE-1-lumgSrKHTbGOQmqHMJ8-JpDpj8', NULL, NULL, 1, NULL, '2018-11-19 05:42:51', NULL, 1, NULL, 0, 'D222A87F-74D8-4C6C-A0FA-5C9BEECE6777', NULL, NULL, NULL, NULL, NULL, NULL, 1),
(54, NULL, NULL, NULL, NULL, NULL, NULL, 1, NULL, NULL, NULL, NULL, NULL, NULL, 'djF6Hpg9CH4:APA91bEm9rPyiaz2ck4r9g1lX8ZMr9F1saQxG1M6E6qyeUS8ahbmzV13VrzE6lZiYc6QWO1nCupEj7b3p7rgsTYEE9QCVm8Uqn27TsuFEpJ4GnNU2uRxZs4bnJvsNznZnUjFH9UAXczO', NULL, NULL, 1, NULL, '2018-11-19 05:50:50', NULL, 1, NULL, 0, 'E16FD3D6-0C45-4C02-919E-910ACB687639', NULL, NULL, NULL, NULL, NULL, NULL, 1),
(55, NULL, NULL, NULL, NULL, NULL, NULL, 1, NULL, NULL, NULL, NULL, NULL, NULL, 'ddqkfX3LbUc:APA91bG6wxqpkzbhwjBXerdEiSg7yi_GEOhRUOZQagCNxISW8NfwsW3CIDoHa-9sGauZGax3aPdMiyf8NyN4FKGpyjZxHfL2TVGe8M92m4WxuC7VDEkRK9fT8y8ZgkPisIl8XBOnz63W', NULL, NULL, 1, NULL, '2018-11-22 00:02:10', NULL, 1, NULL, 0, '115F0794-298C-4BBA-9E31-28C54D4CACD5', NULL, NULL, NULL, NULL, NULL, NULL, 1),
(56, NULL, NULL, NULL, NULL, NULL, NULL, 1, NULL, NULL, NULL, NULL, NULL, NULL, 'd4NBhUThyoo:APA91bFpwh0XYDajMF2id1SklKw8jabkayuetDI5jzkL6FRoJtZXtYiKr0IAX0ImY5MReq1IhZpXLhYhk8HP2jYbaCZfOMkjEohA6-CuXvH7sL4O29P1bdOX2lJgoTV3SZtqWMwK7B8U', NULL, NULL, 1, NULL, '2018-11-22 01:18:22', NULL, 1, NULL, 0, 'B1688C9F-1B2E-499E-A279-0B8B75FB8E00', NULL, NULL, NULL, NULL, NULL, NULL, 1),
(57, NULL, NULL, NULL, NULL, NULL, NULL, 1, NULL, NULL, NULL, NULL, NULL, NULL, 'cNO68YGbGqU:APA91bEEjt0MCPKTIrIRGYinc1rbj6Y5XWzuZ9QqwSN9WQEs3sdareZwqEXHSW1bNohY4hODl-NfxKxdFdXW9cW6o2zs42M0xBmf_Rw9we3c9BA26w-Z6QGE1Hw8SAWdIqXPzekqYBOW', NULL, NULL, 1, NULL, '2018-11-22 02:26:01', NULL, 1, NULL, 0, 'AA04DCFF-AEE2-469E-BB71-68F32DE007D0', NULL, NULL, NULL, NULL, NULL, NULL, 1),
(58, NULL, NULL, NULL, NULL, NULL, NULL, 1, NULL, NULL, NULL, NULL, NULL, NULL, 'cEmVSniNFsY:APA91bGUZI7dI7nWGGeXvo7VStaMmxe0UdUFO3Luoxfrrh7MqRT-GTSGJitETCG-qtDLB8vPhYwPjJ6lkUyqapMEiuKM57PTKyfOjYSvyR2Mt6O3AfEuHA5RbhdILcQsqGWaNP_ds3iR', NULL, NULL, 1, NULL, '2018-11-22 02:28:26', NULL, 1, NULL, 0, '9E069E5B-5553-4793-9303-3FCC2AFEC3CF', NULL, NULL, NULL, NULL, NULL, NULL, 1),
(59, NULL, NULL, NULL, NULL, NULL, NULL, 1, NULL, NULL, NULL, NULL, NULL, NULL, 'eVZi4bs51DA:APA91bFaDqhDfmNMR8TTbjOSSfaC54L_WNlVvvjIe83OmfvhxWZy3YlENkG9HVxbQjjT9D2H5XrYDAU7GGIgsY1nRwl5m7B916h7d4gaI7PGqlXJm1KFmvPjvm8IjbkxSMBIkAXVqMlm', NULL, NULL, 1, NULL, '2018-11-22 02:31:59', NULL, 1, NULL, 0, 'C8A64454-EA01-470C-B724-307657D8FE1F', NULL, NULL, NULL, NULL, NULL, NULL, 1),
(60, NULL, NULL, NULL, NULL, NULL, NULL, 1, NULL, NULL, NULL, NULL, NULL, NULL, 'cuLNuXI6LSY:APA91bFpNCeYc6EVd94IRUm1jHn8CJGeDJ4XhFfLcAkb0mpxDSfdlWamEE6pF6qrUPEkW0FajCiR9hqJafSAiTQianeG7beB-5WonWhXqkiUhoU7GnOIiUTRG19GgGUXSXwLNHrqLUEU', NULL, NULL, 1, NULL, '2018-11-22 02:37:47', NULL, 1, NULL, 0, 'E410BA48-F038-476C-8F2E-CB2C24906017', NULL, NULL, NULL, NULL, NULL, NULL, 1),
(61, NULL, NULL, NULL, NULL, NULL, NULL, 1, NULL, NULL, NULL, NULL, NULL, NULL, 'dNQKANmCo3w:APA91bHJb_G4fsgmuTOX7XSoe-KSexckdEd55DnBsWTAMnWg99mAsbGg3kCu9Orz4ezGDEUmXKpI_TSE3Z4nVpZ2oy8Coor9JNdYd5poi23lj4jG37UyoAb0BQ_eSnlT-cm65SxLJI7_', NULL, NULL, 1, NULL, '2018-11-22 04:16:03', NULL, 1, NULL, 0, 'BC017D9C-EC24-40FB-A1E9-5C3136BE3FD8', NULL, NULL, NULL, NULL, NULL, NULL, 1),
(62, NULL, 'poi', NULL, 'poiowner@poiowner.in', '987654321', '25d55ad283aa400af464c76d713c07ad', 3, NULL, NULL, NULL, NULL, NULL, NULL, NULL, 'xQrKDbXAYy', NULL, 1, ' ', '2018-11-23 09:20:23', '2018-11-23 15:17:47', 1, NULL, 0, NULL, NULL, NULL, NULL, NULL, NULL, NULL, 1),
(88, NULL, NULL, NULL, NULL, NULL, NULL, 1, NULL, NULL, NULL, NULL, NULL, NULL, 'e8QceDWnhwg:APA91bFQtRL0UBbPuuLLXpz8uEveu1byADSrXErG-T3m4N8VpcVsdDAbTEFvWlKEWW2u2eYSO-rsEkWxnGrT6B42-4Qx5Xo-rhxZ_sF6DcJDGd6Gj8EjRojMhi1nLcIdOnM9RDkJ-TLa', NULL, NULL, 1, NULL, '2019-03-15 02:08:04', NULL, 1, NULL, 0, '8A76F17A-ABD7-4EA7-B8C1-34051116AD3F', NULL, NULL, NULL, NULL, NULL, NULL, 1),
(89, NULL, NULL, NULL, NULL, NULL, NULL, 1, NULL, NULL, NULL, NULL, NULL, NULL, 'eruzNJbzaxA:APA91bHg14BooqZ3KzpQI-hKYPyLjYrPlpvRtUo-4SGOs4h5P353ZgWW9TxDoH3ldpIr78XJmkDHvz8kYRuwx0MUIHKN2Ni3X5Z09SD_lyrNmm6KmqaQpea7qrUzQVE-sT5_pLXamdqI', NULL, NULL, 1, NULL, '2019-03-15 02:50:27', NULL, 1, NULL, 0, 'DBCE67E1-6145-4165-A9E0-670D0D1F5701', NULL, NULL, NULL, NULL, NULL, NULL, 1),
(90, NULL, NULL, NULL, NULL, NULL, NULL, 1, NULL, NULL, NULL, NULL, NULL, NULL, 'dwZY6chLPDw:APA91bHCtObCAprxePSoTs9Ca9UeuN-OxOlzgotkOa4MLxaAtVN1Mtb1FbIsGR6qzrKSAxZS9h2DbFeOwA9v9u6Yztlw8TcsNbaVzbbtjJC-uoRFT2IsAVXBkR9IOCybrG6pVv90jmNx', NULL, NULL, 1, NULL, '2019-03-20 01:02:17', NULL, 1, NULL, 0, 'C53DF3D9-749C-49C6-B11C-63C0C4C0F885', NULL, NULL, NULL, NULL, NULL, NULL, 1),
(91, NULL, NULL, NULL, NULL, NULL, NULL, 1, NULL, NULL, NULL, NULL, NULL, NULL, 'cxlmDa1F9_Y:APA91bE-n3fxfFV-pInQA3E16Yhua6f4hcOW4Jkh8wnsCvmoLf1H1nPG5hq_nkU6Oz-i7RSu-edsqH6JhqYHRHc4-rDi129u89pRTvLQ2cIA-QRPIk_qIkE1SwwG5LDI-6kX1cxu9ZlQ', NULL, NULL, 1, NULL, '2019-03-20 01:19:13', NULL, 1, NULL, 0, '665D5A6E-30F1-4915-B810-DADFF1E28D15', NULL, NULL, NULL, NULL, NULL, NULL, 1),
(92, NULL, NULL, NULL, NULL, NULL, NULL, 1, NULL, NULL, NULL, NULL, NULL, NULL, 'e779RQ1zva8:APA91bHnrtxfn7rTjUMLloHoH9Tzc67hl40911wtOEbZvBsvJ9S9aSnM6eiT2CnvSsqF_NvmM8F9ZcrGHiYCW0derzxd9F-riPlN9UTSERMhQFYVO-KVp4DR-l9f5fgX1lr_NB_QYFNB', NULL, NULL, 1, NULL, '2019-03-20 01:22:30', NULL, 1, NULL, 0, '4E46FBCC-119C-430A-8D07-E5FCFE498B32', NULL, NULL, NULL, NULL, NULL, NULL, 1),
(93, NULL, NULL, NULL, NULL, NULL, NULL, 1, NULL, NULL, NULL, NULL, NULL, NULL, 'cjfF-kBTQVA:APA91bFuBSDVOguQq9psUF9Tepvw1vcZohJQY4qsGyGPq5pmmAmmtN299EIAiN92SJaROaGwQRnAQcDvt9jgxlpQGt-GBbCxyh_-ZprM7IwMNxOqE7pfI6ALisOG8Zj1GKcAKYsrpfkt', NULL, NULL, 1, NULL, '2019-03-20 01:24:06', NULL, 1, NULL, 0, '55214DE1-844A-4D37-811F-5C3C35C7B07B', NULL, NULL, NULL, NULL, NULL, NULL, 1),
(94, NULL, NULL, NULL, NULL, NULL, NULL, 1, NULL, NULL, NULL, NULL, NULL, NULL, 'djPsQBwvI2k:APA91bGnytalvCkkC3bNIBLix-jvfuwd2sQub4ZXCK3m3zNWfuPXLyR73pLW0QBcTU1nyWrHv25x0lbaXYPQ6c62ExxGQ3mclHB-TRtiF7QA-0QhelvxNfREFlxmL6kzWTvoIIlzAH6p', NULL, NULL, 1, NULL, '2019-03-20 01:27:47', NULL, 1, NULL, 0, 'B707FC68-770B-4326-BF3F-6779823FE055', NULL, NULL, NULL, NULL, NULL, NULL, 1),
(95, NULL, NULL, NULL, NULL, NULL, NULL, 1, NULL, NULL, NULL, NULL, NULL, NULL, 'dv2G6AiD2io:APA91bFW_bY2Erz_p9xVX-M1v1uX-IYaf2_aS5D59C9KeNAxGuJ-M_UheA0FXgkmK2PRDWQcyY1Tct2EjngeeXZFJu3CzuOLLT_ly_zwQRn3whZzd2wL5qHclWgvGXMxEajI9oCrd_a_', NULL, NULL, 1, NULL, '2019-03-20 01:31:32', NULL, 1, NULL, 0, '0520A7A5-729B-41E9-9BF7-EE6E2F438A5C', NULL, NULL, NULL, NULL, NULL, NULL, 1),
(96, NULL, NULL, NULL, NULL, NULL, NULL, 1, NULL, NULL, NULL, NULL, NULL, NULL, 'ckhSakbq_c0:APA91bEG2AWscw8MPurROdvcSqcumtPQsvKmh9Zat1QqUK4JyOmDJY4VQh-tMxKFcF0UCeQ1wgM8VrFZ0AT6NKoU4gRxagOPh4zPkfOJuJumHQ3urOzL3zqNGkU7DhTeG0yi6helaFkK', NULL, NULL, 1, NULL, '2019-03-25 08:35:18', NULL, 1, NULL, 0, '1DC979B7-A798-4DA6-A409-7BB7293A1CF4', NULL, NULL, NULL, NULL, NULL, NULL, 1),
(97, NULL, NULL, NULL, NULL, NULL, NULL, 1, NULL, NULL, NULL, NULL, NULL, NULL, 'dT-RopBwXKo:APA91bELgrAfrsYbk3druKrbg1SzOVUocC_MUes2a1Q54ZQZnnGT3RKIbM5afqUhwMMEbJeKcKxIVn7Vr7A5aTuaVHv0qBUFnoYm0ELP8fqSaMhCyHwH374nSaBw7ZbKRFchoQHqdPlX', NULL, NULL, 1, NULL, '2019-03-25 08:47:54', NULL, 1, NULL, 0, '3E88116C-9AB5-4FAD-B556-9E27FB5AA7AB', NULL, NULL, NULL, NULL, NULL, NULL, 1),
(98, NULL, NULL, NULL, NULL, NULL, NULL, 1, NULL, NULL, NULL, NULL, NULL, NULL, 'cP2XJkjFQ3A:APA91bGGOVTFV4sVSwLRMEyc5b-4BAIrCjZ74MBfRNmy4nzatUfpv629VD9D9lg6cWyXWwnrve_APQLRB19n8knPNHPELkmnoHLKKWpRwQ5yqygFk0DRytWoydCXHHiu9Tm8xV8uHvaY', NULL, NULL, 1, NULL, '2019-03-26 04:16:16', NULL, 1, NULL, 0, '2B1B42C5-49D3-4F27-A1F6-04EBA8C0043F', NULL, NULL, NULL, NULL, NULL, NULL, 1),
(99, NULL, NULL, NULL, NULL, NULL, NULL, 1, NULL, NULL, NULL, NULL, NULL, NULL, 'eMu8qve3vZg:APA91bF-ekbPYC0L-jEOGok3HeoVHnxhD_4H-D0RLBtonUSf8yiVsEGFXdn5alkQw2THMoi5PYCRFFfhlOX9gvB_EZS3B1C78kqtSN9jMQWOTZ0xX9Tnz2nvROrBC55xZKc6TOnnicO1', NULL, NULL, 1, NULL, '2019-03-26 05:20:46', NULL, 1, NULL, 0, 'BC99750C-386E-4D81-AD23-BB3EFD82C6AA', NULL, NULL, NULL, NULL, NULL, NULL, 1),
(100, NULL, NULL, NULL, NULL, NULL, NULL, 1, NULL, NULL, NULL, NULL, NULL, NULL, 'd0X9dh7QKus:APA91bFeJhzE1ZFxXofd0ktMgChPqLrdvGa0fyMerSDCgWWoaFGLpA3C766HBtoWOk8uUQ2U8uCQOpJL6bJiN6qo25xcNNXEMnjqhRUSglAwuH0b8Hrsj9xyQR9n7QbZZYYwwYZ8GyjN', NULL, NULL, 1, NULL, '2019-03-26 06:39:45', NULL, 1, NULL, 0, '17F08F83-823F-4F87-B40D-A5F49E7F4401', NULL, NULL, NULL, NULL, NULL, NULL, 1),
(101, NULL, NULL, NULL, NULL, NULL, NULL, 1, NULL, NULL, NULL, NULL, NULL, NULL, 'fiYtekf5GdU:APA91bH7f8WDMCnhFA78Fk0PMPbHZoodAhqljd_WjRO3i_lB_IkRHW8JJ67yiH6629mZyk5HuhTne4EslO9rEC8dF-cbJ9kKpybGvlhH8F56BGnvE3j2e-6i77ZMlxS1WfvzkPCJgZTo', NULL, NULL, 1, NULL, '2019-03-26 06:53:26', NULL, 1, NULL, 0, 'EDD52CAB-5D5F-49A1-8365-38026764E31C', NULL, NULL, NULL, NULL, NULL, NULL, 1),
(102, NULL, NULL, NULL, NULL, NULL, NULL, 1, NULL, NULL, NULL, NULL, NULL, NULL, 'caRC0xSmsiw:APA91bFQC2E9KfG_0WoB_7MYbQhjKyu32j85qhPpapdJi9iz71cJjOCU7ByIOx11g809tiWv4rdYfenRGyDztJexZUmGPrkQDbSbRD-XUv5fsKGUZMyep81VF2VJ1T4WFKx4sgAuXzbd', NULL, NULL, 1, NULL, '2019-03-26 10:03:18', NULL, 1, NULL, 0, '7B2CA8D9-819D-496E-97C5-C48DD73388AA', NULL, NULL, NULL, NULL, NULL, NULL, 1),
(103, '2293798001957431', 'Scott', 'Tester', 'appletest1@mccoycorporation.com', '3093409411', '25d55ad283aa400af464c76d713c07ad', 1, 'United States', NULL, NULL, NULL, NULL, NULL, 'c7epcUrZmKo:APA91bEZU8h3ffLlJtGiiTV0VUFeCW3dGLkPbg2X-Gaca8XtyGDE7bsNlvYYXW7QRNhK5BiTuMVnL_QNLiPQ_w5CcrsG2GGw_JhZtB-3Zezv__RMUQ1bUSR2UiMX0HgD40C6SkzOh51B', 'KU16JTQE91', NULL, 1, ' ', '2019-03-26 19:14:28', '2019-03-27 00:14:28', 1, '9711', 0, 'EE70E19F-EFCF-43EF-9661-A0A4B80E1276', '2019-04-13 01:06:10', NULL, NULL, NULL, NULL, NULL, 1),
(104, NULL, NULL, NULL, NULL, NULL, NULL, 1, NULL, NULL, NULL, NULL, NULL, NULL, 'cMDvnGGMRj8:APA91bFJMXAkVJr6wHuXGLm3HeFtYqFI4SJBHQmITXvD4TWNKBDJCidy_oaLtyBrbyc9M34X2L7jQOX9_Zmx8nOjMf0IWGLZFYzf9bzV8hzrRvnTnBljHWl76_xEtVkZqenZvYewr2VF', NULL, NULL, 1, NULL, '2019-03-27 01:25:59', NULL, 1, NULL, 0, '6FEF5302-4B4D-4BC2-A3E4-48D0CE02069C', NULL, NULL, NULL, NULL, NULL, NULL, 1),
(105, NULL, NULL, NULL, NULL, NULL, NULL, 1, NULL, NULL, NULL, NULL, NULL, NULL, 'e0FGy3olM90:APA91bG35o6eSkOGwTZMl1lIqJmcyFvF8Pv0Hv2Hc4Pt_iS3MNhoHIWmrxflbHigNTPZ1GnAr-oQKvWaPfpgLfR82x54_dSkpTJnfJ-s3gh2HN5_1Qr_RPCDks3Sw9CN8fMZnOZapyJv', NULL, NULL, 1, NULL, '2019-03-27 01:34:38', NULL, 1, NULL, 0, '18229DD3-BB52-4657-B6B1-9E1B88C21BBD', NULL, NULL, NULL, NULL, NULL, NULL, 1),
(106, '1518742803023652', 'Sazid', 'Iqabal', 'sazid@1.com', '9870163661', 'effabc7a994df7126023adf502be019c', 1, 'India', NULL, NULL, NULL, NULL, NULL, 'faw3RpT6-Ck:APA91bEMXHmGtVT9L8q1Co1Pv2NDjLPH5nkHWU2N55uvwIvMfP-3YCEHorcQNvuYKLLaIPa14iCp1YKZqESlpVpjP0gvqSM1lj_he3msl8wvYMHiBltFi36PSjXIWKWodp3onO3n-UeY', 'S7p9iACFZg', NULL, 1, ' ', '2019-03-27 02:43:29', '2019-03-27 07:43:29', 1, '4691', 0, '1D70E251-4E02-484E-AF21-07E478F0EF1D', NULL, NULL, NULL, NULL, NULL, NULL, 1),
(107, NULL, NULL, NULL, NULL, NULL, NULL, 1, NULL, NULL, NULL, NULL, NULL, NULL, 'cxPydkv-_xo:APA91bFxU7kIAbhdzBknQUZH3ZFsrNfsHEPuJ1BzvNHUK16S7wOPSdxn60a3XnuPtSIcftIv9QX1Owgw1-cYCvnWACOulxm7H__zE4P0MCnIRDwndtDatlVeAi5MOCBFO2zqSwW34HCS', NULL, NULL, 1, NULL, '2019-03-27 01:51:07', NULL, 1, NULL, 0, '5B624896-54AE-4A5A-AEB2-886E52D8F91F', NULL, NULL, NULL, NULL, NULL, NULL, 1),
(108, NULL, NULL, NULL, NULL, NULL, NULL, 1, NULL, NULL, NULL, NULL, NULL, NULL, 'fIFDeNhz_ek:APA91bFHGFEJPOedKfKGOU1XszZXG45Itob2CBQtrlSkA3lMfqhe4EXd3FYRh52jnfNAU-A8YgMW7-t3Ix_NlWeJI5TyD3izhwmXK0kitVzHyvjSzZMJOkKQdTsEAlrRPSkML19FkaQY', NULL, NULL, 1, NULL, '2019-03-27 06:14:30', NULL, 1, NULL, 0, 'C4A59C75-C422-49FF-A938-1D79EAA39241', NULL, NULL, NULL, NULL, NULL, NULL, 1),
(109, NULL, NULL, NULL, NULL, NULL, NULL, 1, NULL, NULL, NULL, NULL, NULL, NULL, 'cytmsdoWgpI:APA91bEfZfkQ766_6u-TdKdUWur2zgTBKvitOWia9tb4Fo7muwDQULLuON8ZUszVZDraB38Yukmzs5PUWVajzYzHvyoh-PobNjWpMRQ57sH-dHd_ZQ_FW1BO3VQLsfx2QMAI2eOvAPoW', NULL, NULL, 1, NULL, NULL, NULL, 1, NULL, 0, '1A57F73C-CB08-4BA5-A57E-B95EA1E03361', NULL, NULL, NULL, NULL, NULL, NULL, 1),
(110, NULL, NULL, NULL, NULL, NULL, NULL, 1, NULL, NULL, NULL, NULL, NULL, NULL, 'f8OZbndYL04:APA91bE9cQ4jX4ThvYX1HmJBbl1VGI6GNnEkAZSHjrEjCwC7IW3lv1vWcpKHZ0MD4G-MwQXknTxU-ws9k5NQ41Hvxhb0IV2rwFshjOptzdeepNC1yoKgHNkP7_6ySyDv1eQa78reGtcP', NULL, NULL, 1, NULL, NULL, NULL, 1, NULL, 0, '28C8CBB2-0212-4A46-A52F-A6C8E5260906', NULL, NULL, NULL, NULL, NULL, NULL, 1),
(111, NULL, NULL, NULL, NULL, NULL, NULL, 1, NULL, NULL, NULL, NULL, NULL, NULL, 'embwSisdnXo:APA91bHlbOzVs329h-l3GB3_tsa3tD110GpDTcufuSplJzLF9rFYBs87Pi23HcnjxCW8BRd0GuGmlglrHkVP4DkwoAJl7Ogs-3LUoVQoXLuN2nfIs3f5mQhPoLujm6WA-Dhyd4v2t93b', NULL, NULL, 1, NULL, NULL, NULL, 1, NULL, 0, 'E0F963A3-7FA8-4761-BDBD-8641DFF49C14', NULL, NULL, NULL, NULL, NULL, NULL, 1),
(112, NULL, NULL, NULL, NULL, NULL, NULL, 1, NULL, NULL, NULL, NULL, NULL, NULL, 'fxHGZkwVrKQ:APA91bGlDCoRpR2G4mVUdD0BvuZK1yajmIUssTmS0wkTp4ZRSHT5xgIMllDeuz7EhyPraCO_Ik6A-0TtQWGSg5jVeBC0PzLye2D0lVzDbAPh-uUQgoDSgtENpv2sVvY6se0NSDS4pUPS', NULL, NULL, 1, NULL, NULL, NULL, 1, NULL, 0, 'EB871C01-1670-482C-BA86-16E190B32595', NULL, NULL, NULL, NULL, NULL, NULL, 1),
(113, '3243441402707375', 'sazid', 'iqabal', 'sazid@2.com', '9870163665', 'effabc7a994df7126023adf502be019c', 1, 'India', NULL, NULL, NULL, NULL, NULL, 'eDXXadeqwc4:APA91bEhMdMIceiBiA6jxfo3_JjOZR8iFMLARn4OCgvlxyABxSFLelAKPg_7tQhCYlKo6-Wi0bYrvlXl9zTbaKTPpUvnliut7N7MemyYp4vQoaaSKrvFoKu1kWZDzLMVjm_csPtHwCmp', 'VXRrHbDI23', NULL, 1, ' ', '2019-03-28 07:35:07', '2019-03-28 07:35:07', 1, '8468', 0, 'F4E93237-9A2D-453E-9C8A-63451791D821', NULL, NULL, NULL, NULL, NULL, NULL, 1),
(114, NULL, NULL, NULL, NULL, NULL, NULL, 1, NULL, NULL, NULL, NULL, '28.5864062', '77.31531', 'exw5gHd8zzA:APA91bFNnscmj0CyL7ZRmxUjV_TowAJLiw0-Epz1LqdDp438D3h6Gkv7cQ20M-HiRwI3mWKtqCejulpYiridcMsRrH321TfacHClGLsQ-pRPF2_01ta27V9XgT7SqVKe1QuUfDGOVaMP', NULL, NULL, 1, NULL, NULL, NULL, 1, NULL, 0, 'cb747855b2ee3a4c', NULL, NULL, NULL, NULL, NULL, NULL, 1),
(115, NULL, NULL, NULL, NULL, NULL, NULL, 1, NULL, NULL, NULL, NULL, NULL, NULL, 'ekv0-5H1eEg:APA91bGFCdpe9rGVBqf3xO_tvKxG1HbisDc0SlmIvVCgEbtcj0vK9le7h37guWVB_ammtUuTmvREc9gker7ZD2ApJ06mF_AFJeX3rdiBiUvJd4-aXIQK6BUuWa0PvwxX2IZFxUhkvFiw', NULL, NULL, 1, NULL, NULL, NULL, 1, NULL, 0, '722A98A3-D172-492C-97D9-5763F22D54D2', NULL, NULL, NULL, NULL, NULL, NULL, 1),
(116, NULL, NULL, NULL, NULL, NULL, NULL, 1, NULL, NULL, NULL, NULL, NULL, NULL, 'ecH7Za0tG4I:APA91bHP1hZI8xeaDPINKau46Bl1TuUMtRX7r-3X0tepm5iatYBxdM2B-yrfn-fF7JMflFxb_ECCjJaL1rHSCkEf3EqfR4PoMmec_7l2g4MiV684VOSIF9U9GPdLDkffN0La4TkN8zhB', NULL, NULL, 1, NULL, NULL, NULL, 1, NULL, 0, '46AFBF7D-6519-41EE-9892-E17244C8B463', NULL, NULL, NULL, NULL, NULL, NULL, 1),
(117, NULL, NULL, NULL, NULL, NULL, NULL, 1, NULL, NULL, NULL, NULL, NULL, NULL, 'fHOGlYfKb-0:APA91bH4nuGgucQQWUF7iXx9hoJQTCOT5gbGcnnVhmBjQJID69aP9-jD77h5plwPxT7WOO4kxAqftDxkETm9lMxwKJeb18ei8jD6f-JHCYvXzrwnsAwfCEYj9K_R_QDe1eXDmNVLrgXU', NULL, NULL, 1, NULL, NULL, NULL, 1, NULL, 0, '55F7EA78-6225-4647-A203-B314BE21F314', NULL, NULL, NULL, NULL, NULL, NULL, 1),
(118, NULL, NULL, NULL, NULL, NULL, NULL, 1, NULL, NULL, NULL, NULL, NULL, NULL, 'dFG4MMk8Uqc:APA91bFm_GYjpp8q_w1pOg_E0dsnNpyeUkZT8FFbz55zVLwN6DbaW96vdagxR-FQIoHbpqV8LDGQuu6PcRJUL4Kxs-Ynjx_efzqPn0DnjAM06SqdrDmft1tF06ktX24lyylK9B-YdDrW', NULL, NULL, 1, NULL, NULL, NULL, 1, NULL, 0, 'EF0F8BC7-7A21-4E9A-A809-26AF770186E5', NULL, NULL, NULL, NULL, NULL, NULL, 1),
(119, NULL, NULL, NULL, NULL, NULL, NULL, 1, NULL, NULL, NULL, NULL, NULL, NULL, 'd2HSy3AZtsU:APA91bEDWA00CtqdrPc7xteBqWsTBtTMzR4AZvTKcuLqqxevp4EHMTwu9p6TmL1doJtjrsIbsQOksHVpnoQLp0KOmdXSitZ6n8OsmyKAXPQmCpORK0GzNnNnJ3El7QVfqxc9IBlSi9Mb', NULL, NULL, 1, NULL, NULL, NULL, 1, NULL, 0, '60E1B424-370A-4494-9CE9-9432D93E9AE8', NULL, NULL, NULL, NULL, NULL, NULL, 1),
(120, NULL, NULL, NULL, NULL, NULL, NULL, 1, NULL, NULL, NULL, NULL, NULL, NULL, 'dA4hlulA-iE:APA91bE6sB2zRnYAgdysz8ggC8likFDim6tN13cG6cUnhB179ncwNfXoKu7-JeWT2iBk3D0kQSo_fdgUX6kRhEnvjrwdDB6lsJdGZYOpiWBUevIoZFITyOnY1fPda2rKTz3Z2rry1wqu', NULL, NULL, 1, NULL, NULL, NULL, 1, NULL, 0, 'FBD25A5A-F109-4829-B871-FE51A5A98F2D', NULL, NULL, NULL, NULL, NULL, NULL, 1),
(121, NULL, NULL, NULL, NULL, NULL, NULL, 1, NULL, NULL, NULL, NULL, NULL, NULL, 'd2wd2qkPOjQ:APA91bEMXckP-sc5c6-pxLvTMEm6vkEdPLKCgdl_y_o1XLztXlrLgGL-c9j8_GD6BVbZjKBKaERbEtJjzv4jVsHCFGfNV888zc5tS4exM2i1QCQHzyuvAnK3CXTEihW6Yi_h1MVGgvg1', NULL, NULL, 1, NULL, NULL, NULL, 1, NULL, 0, '0109A9E0-FD94-42A7-9584-389BEA7238FD', NULL, NULL, NULL, NULL, NULL, NULL, 1),
(122, NULL, NULL, NULL, NULL, NULL, NULL, 1, NULL, NULL, NULL, NULL, NULL, NULL, 'eCdFD5oBDIg:APA91bGdVaK4RxXssfWyUDpJgm1Px09BRXbvTGCDCVScx-F9D1_8ZZyKu7Ng1vGQWT40m7qc5om9GKceL8XwRBrZgpq_e15QWZ1Ox_RLEQ7DHCpJGolWSQUnBwptrhMm9i1z8l8CVIWK', NULL, NULL, 1, NULL, NULL, NULL, 1, NULL, 0, 'B12E5954-9D6A-4693-B4E9-B82E00F89137', NULL, NULL, NULL, NULL, NULL, NULL, 1),
(123, NULL, NULL, NULL, NULL, NULL, NULL, 1, NULL, NULL, NULL, NULL, NULL, NULL, 'dN_42xyUu-s:APA91bGc4nWpkXmsZ8emTwTerEZKLtMyrnOzI03qKWqoNZNQIs0q3lH0k1sdSgpn3_ZujUX5_g2G1vh4qlCgBcqcA3u4hHdK6gVWgUaoXicewMzadEqVa5WN1YK0KLwzgURIYZ3VljtP', NULL, NULL, 1, NULL, NULL, NULL, 1, NULL, 0, 'D0D0BDB2-41A1-418B-8346-78D156A96B2C', NULL, NULL, NULL, NULL, NULL, NULL, 1),
(124, NULL, NULL, NULL, NULL, NULL, NULL, 1, NULL, NULL, NULL, NULL, NULL, NULL, 'fj-l3Sln5n4:APA91bEhArYgXi3Xq0N03X_P6iR7y1SC4no9ImMTnSp4n_zQ40E_8PEvYQcHJ29W3A90IWtyIhXSutaG7-0VPQIy60rQqrUfyKzNPSjRjCNLL2QRj8RQsFpm9Az5PgZjGHGfIyF_4y4U', NULL, NULL, 1, NULL, NULL, NULL, 1, NULL, 0, '35C68707-8BC4-478D-A961-F23F0C880B45', NULL, NULL, NULL, NULL, NULL, NULL, 1),
(125, '869937901337', 'Abhishek', 'Singh', 'as8703@gmail.com', '+917054246624', '25f9e794323b453885f5181f1b624d0b', 1, 'India', NULL, NULL, NULL, '28.5863849', '77.315312', 'cFGOfdR1Hdk:APA91bFSacUvtUKpYQkZhpQF5wtQV6B1PrUs0J3qGATge_2Sa6LE0RmsIwHFCSUzRRBv1cMjU6BNcDtwjX01Gh0vlAotdAc7fl1dNxfxhtL_2pVX8gofbAApA3mh5-APOQiHISkofqdu', 'SuL7InprBv', NULL, 1, ' ', '2019-04-12 12:01:14', '2019-04-12 12:01:14', 1, '2240', 0, 'ad369d962f64e5d8', '2019-04-10 07:15:05', NULL, NULL, NULL, NULL, NULL, 1),
(126, NULL, NULL, NULL, NULL, NULL, NULL, 1, NULL, NULL, NULL, NULL, '28.5863714', '77.3153367', 'dXWGPKRMU18:APA91bEjrK0hNZfNDsYNZ3vFLEIc5SMlqQWKVYk25u81MltG1fZEIR6vB2e7k3xAx_o3oPGaOZwJi7DcRF6pq7_xZACIzGW7bwEvfFRzBVI4MV6AVnN53q3WX35EnKx2HCG0Xx_qgP57', NULL, NULL, 1, NULL, NULL, NULL, 1, NULL, 0, '44e458921c2b32e9', NULL, NULL, NULL, NULL, NULL, NULL, 1),
(127, NULL, NULL, NULL, NULL, NULL, NULL, 1, NULL, NULL, NULL, NULL, NULL, NULL, 'fm_gAdX7zSw:APA91bGrT9c8pAetkqZgfZDZtFNOEW60_2Ujpg79bVTA6eHEk0ELM7BS1jVLW-l9xHZvt92bWTLI0qGSd1PmU8d6BVGximL20npUSZwR4MtdgH2AhJbNlPeqPTQwc93HQL45gWpxxtTC', NULL, NULL, 1, NULL, NULL, NULL, 1, NULL, 0, 'B85A391C-B7E2-49A0-9F83-76CD682970B6', NULL, NULL, NULL, NULL, NULL, NULL, 1),
(128, NULL, NULL, NULL, NULL, NULL, NULL, 1, NULL, NULL, NULL, NULL, NULL, NULL, 'fPf3di6duVE:APA91bHve_TV5uQg_cO6N9oGQocHDgB8SEX0npNWio8BTr45T_vSFx33EYtAwz06nMUL66ZC7u4iTEXayQxN6jek7BmdfS8KwR_Wqo8_q5vBIHsidEv-KTK4pZk_6-jr7DX5hU4vcnkN', NULL, NULL, 1, NULL, NULL, NULL, 1, NULL, 0, '122FF275-7F7A-45ED-A0EA-64BB1EB55889', NULL, NULL, NULL, NULL, NULL, NULL, 1),
(129, NULL, NULL, NULL, NULL, NULL, NULL, 1, NULL, NULL, NULL, NULL, NULL, NULL, 'epz0K-FKFbw:APA91bHrdxGfUYVDS74y6XhUaamvPIdxodsvQuTqt_Lj69cb3FLGwZicoG7Xnfx_zMEVcfoq4BogVuV_NWKrpy99PGWqthN8_rDdoqguvjSO7HXvAbLgewrjrDEQmGKV52bQ0Tza9sQf', NULL, NULL, 1, NULL, NULL, NULL, 1, NULL, 0, 'CB777C5C-F926-4712-B459-B7B5E315563B', NULL, NULL, NULL, NULL, NULL, NULL, 1),
(130, NULL, NULL, NULL, NULL, NULL, NULL, 1, NULL, NULL, NULL, NULL, NULL, NULL, 'fvlMSx0In08:APA91bFEpMij8D6xs9MT1VI8PsSlO732_MTE83VQgRcqqkfoM93ipOkebXNHwBIOFM8rE4gXRV9lZR8RqhV25JXReL4ifljiKEQeV-QpasTW3H0re1K8xjTGUvsvbFkYWYm5Os0MplHd', NULL, NULL, 1, NULL, NULL, NULL, 1, NULL, 0, '1EE958BD-66DC-4542-9192-BBA01A75082B', NULL, NULL, NULL, NULL, NULL, NULL, 1),
(131, NULL, NULL, NULL, NULL, NULL, NULL, 1, NULL, NULL, NULL, NULL, NULL, NULL, 'e35ZsPXf5-4:APA91bHV9ZEYW8mZNozTA9SatWH0ZjpqawbBnhgUjL2NHaT-cFq6eUfB39g5tE7afLe8KQFTZEA2Fbz62_-BBkqw1f78z3C9cYmfXpbVxd4nEaQndmnEblwjkdI9La2kFp-EzNAAep2A', NULL, NULL, 1, NULL, NULL, NULL, 1, NULL, 0, '1EC49982-D218-4AE0-BAFA-CFD3B96DA9EB', NULL, NULL, NULL, NULL, NULL, NULL, 1),
(132, '6682638751816087', 'Sazid', 'Iqabal', 'sazid@appsinvo.comm', '+919870163660', 'effabc7a994df7126023adf502be019c', 1, 'India', NULL, NULL, NULL, NULL, NULL, 'eKwN357KuDU:APA91bFjw3rW7o40VQLXj8px_mjfW8lJFVTe8wmdbvvr1dmStItvkfvLNfQOPfRwsRgZCX_TkSuRGSf6A0ugqAMdQ6CC9JWqacm-O7JaLBZ2Yf19l9Lq0Jzz3ej-XodSwoc-X4P85PaV', 'C7ntWBUMeq', NULL, 1, ' ', '2019-04-09 09:08:53', '2019-04-10 06:57:21', 1, '5559', 0, 'A3D4AA8A-B5B3-432D-BBBE-6C1161D60899', '2019-04-15 05:58:11', NULL, NULL, NULL, NULL, NULL, 1),
(133, NULL, NULL, NULL, NULL, NULL, NULL, 1, NULL, NULL, NULL, NULL, NULL, NULL, 'dBAEvHPrBH0:APA91bGhYHMvh-7rTbtETNIuPd18BegepbdWt2wmAMwP_u0SKf4RN-j2q--kztVw1tkxOJZDsa2Y8XxUJIKikjuVYNcRAZsPfyWF1EvLei4_5QQUcdy_tWlpgG-J5fThgqmB754KUA9Q', NULL, NULL, 1, NULL, NULL, NULL, 1, NULL, 0, 'EF348BE1-196C-4481-A779-A6A54479C72B', NULL, NULL, NULL, NULL, NULL, NULL, 1),
(134, '803147535631', 'sazid', 'iqabal', 'sazid@23.com', '+3559870163669', 'effabc7a994df7126023adf502be019c', 1, 'Albania', NULL, NULL, NULL, NULL, NULL, 'dzmpdo2OGIU:APA91bElAf_pPuHBCMRR9ZIhRpixeLrvT7pTdbkuAlKiyzQhqxSqaMBLVV80YYNF10QWAqr4n_yUT8UbFhDgmQsDjmlj3QX-PJznT5KGRBGpZaPhW1Vn4ICp2KuyKr-AYh2QDysBI-AD', 'UjLUQcULmb', NULL, 1, ' ', '2019-04-10 08:09:23', '2019-04-10 08:09:23', 1, '7077', 0, '1705EE30-E071-48E4-B0C1-D185B20C28E5', NULL, NULL, NULL, NULL, NULL, NULL, 1),
(135, NULL, NULL, NULL, NULL, NULL, NULL, 1, NULL, NULL, NULL, NULL, NULL, NULL, 'dqMvjvTxxhI:APA91bFqOhPuQD6VoZnz6z4KJL04U6cJ-wtTrP_yih26ukUYAo9qCPIDohU8bzzJGieQHGUhs-qgsjUtLKJvAtUDK0mn4GKahFURV9_J_fIkiVdiRdRgX6fnngOgdvSTjHHt-8xmhHxW', NULL, NULL, 1, NULL, NULL, NULL, 1, NULL, 0, '7926530F-82CC-4740-B9BF-CC64ECDBA90B', NULL, NULL, NULL, NULL, NULL, NULL, 1),
(136, NULL, NULL, NULL, NULL, NULL, NULL, 1, NULL, NULL, NULL, NULL, NULL, NULL, 'c6ulG6_77D8:APA91bHDJ4B-b1hzC4GRlw53dWyldpNX0UN_ROQG1Iwt8D9riNHFSvsXN7nEsf0PfTWtxxxtoeaXPmjgrXpnUSTqco8iJ6YQbs4ECLht4Qn_It9YMZA4L5_UIodmNiR2NwZTHJrkx-jy', NULL, NULL, 1, NULL, NULL, NULL, 1, NULL, 0, 'C27A509E-3F41-48DE-B1F1-40AE9D5AE09A', NULL, NULL, NULL, NULL, NULL, NULL, 1),
(137, NULL, NULL, NULL, NULL, NULL, NULL, 1, NULL, NULL, NULL, NULL, NULL, NULL, 'ewjxdHgiG7Q:APA91bHw6-OnpV_rvWGRzJmJqafvw_XRtLDOj3bpPoiJ8DWnjANCCqt4gC6cxwDxKTEoC8e7CtY9Ks8Qj42OeH5-R6YN0vAHo0NXtdA6q2J-gcan2sltGziwTHLQB-cGCoLDDFugJly7', NULL, NULL, 1, NULL, NULL, NULL, 1, NULL, 0, 'F7BEFEB6-A4DD-4157-9EDE-6FAF48BB1CEE', NULL, NULL, NULL, NULL, NULL, NULL, 1),
(138, NULL, NULL, NULL, NULL, NULL, NULL, 1, NULL, NULL, NULL, NULL, NULL, NULL, 'etFNwNw40lI:APA91bGsIlaYF6GOYiIboXo4lSe6p1GKHLiHv8qoptxF3n2tRfDtE3V1R5xcz2zgMJJsVJQ3wu4eWgrM3T6IfXfxTKkbKaWGaTyrq25GHhTnX0xD_lSaZKOU5NNIQi-Xfn1nCqzWdRJ4', NULL, NULL, 1, NULL, NULL, NULL, 1, NULL, 0, '4FF1B19B-23A6-4C01-BF4F-FCA5BF38EADE', NULL, NULL, NULL, NULL, NULL, NULL, 1),
(139, NULL, 'Test Admin Add User', NULL, 'test@adminuser.com', '+919090909090', 'b16b0336c957619236c9c7133bd4a9f8', 1, NULL, NULL, NULL, NULL, NULL, NULL, NULL, 'SE8olwDPBk', NULL, 1, 'http://rt66ug.com/admin/public/storage/profile/201904121159401555070380cILTLl5hTI.png', '2019-04-12 11:59:40', '2019-04-12 11:59:40', 1, NULL, 0, NULL, NULL, NULL, NULL, NULL, NULL, NULL, 1),
(140, NULL, NULL, NULL, NULL, NULL, NULL, 1, NULL, NULL, NULL, NULL, NULL, NULL, 'e2pMWHObNU0:APA91bHE9LB6vbFJFwqExp1rwwn6CNd_CjLfppgt1Rzwtn-JO1SKOHKNV3UW3YO1ES9sTmYzg8INZVhQn3ImPFEfTUXxu0-ha-yM7O209W57ghif6X0QqOlz5blsgBZD1jQbOL4eigDX', NULL, NULL, 1, NULL, NULL, NULL, 1, NULL, 0, '07D55745-89CD-4ECE-9367-968365710B47', NULL, NULL, NULL, NULL, NULL, NULL, 1);

-- --------------------------------------------------------

--
-- Table structure for table `user_gps_coordinate`
--

CREATE TABLE `user_gps_coordinate` (
  `id` int(11) NOT NULL,
  `user_id` int(11) NOT NULL,
  `start_date_time` text,
  `end_date_time` text,
  `type` text,
  `number` text,
  `start_latitude` text,
  `start_longitude` text,
  `latitude` text,
  `longitude` text,
  `direction` text,
  `created_at` timestamp NOT NULL DEFAULT CURRENT_TIMESTAMP ON UPDATE CURRENT_TIMESTAMP
) ENGINE=InnoDB DEFAULT CHARSET=latin1;

--
-- Dumping data for table `user_gps_coordinate`
--

INSERT INTO `user_gps_coordinate` (`id`, `user_id`, `start_date_time`, `end_date_time`, `type`, `number`, `start_latitude`, `start_longitude`, `latitude`, `longitude`, `direction`, `created_at`) VALUES
(1, 87, '2019-03-14 16:30:06', '2019-03-14 16:30:43', NULL, NULL, NULL, NULL, '28.5863577', '77.3153458', 'WB', '2019-03-14 11:00:45'),
(2, 87, '2019-03-14 16:33:49', '2019-03-14 16:33:53', NULL, NULL, NULL, NULL, '28.5863577', '77.3153458', 'Any', '2019-03-14 11:03:54'),
(3, 87, '2019-03-14 16:34:01', '2019-03-14 16:34:04', NULL, NULL, NULL, NULL, '28.5863577', '77.3153458', 'WB', '2019-03-14 11:04:06'),
(4, 87, '2019-03-14 16:37:04', '2019-03-14 16:37:44', NULL, NULL, NULL, NULL, '28.5863577', '77.3153458', 'WB', '2019-03-14 11:07:45'),
(5, 87, '2019-03-14 16:37:49', '2019-03-14 16:37:52', NULL, NULL, NULL, NULL, '28.5863577', '77.3153458', 'WB', '2019-03-14 11:07:53'),
(6, 87, '2019-03-14 16:46:25', '2019-03-14 16:46:42', NULL, NULL, NULL, NULL, '28.5863578', '77.3153452', 'EB', '2019-03-14 11:16:43'),
(7, 87, '2019-03-14 16:51:49', '2019-03-14 16:52:12', NULL, NULL, NULL, NULL, '28.5863572', '77.3153455', 'WB', '2019-03-14 11:22:14'),
(8, 87, '2019-03-14 16:57:19', '2019-03-14 16:57:39', NULL, NULL, NULL, NULL, '28.5863586', '77.315343', 'Any', '2019-03-14 11:27:42'),
(9, 87, '2019-03-14 17:22:42', '2019-03-14 17:22:58', NULL, NULL, NULL, NULL, '28.5863586', '77.315343', 'WB', '2019-03-14 11:52:59'),
(10, 87, '2019-03-14 17:25:22', '2019-03-14 17:27:38', NULL, NULL, NULL, NULL, '28.5863586', '77.315343', 'EB', '2019-03-14 11:57:40'),
(11, 87, '2019-03-14 18:10:02', '2019-03-14 18:10:35', NULL, NULL, NULL, NULL, '28.5863583', '77.315342', 'Any', '2019-03-14 12:40:37'),
(12, 87, '2019-03-14 18:13:49', '2019-03-14 18:14:05', NULL, NULL, NULL, NULL, '28.5863577', '77.3153425', 'Any', '2019-03-14 12:44:07'),
(13, 87, '2019-03-14 18:28:38', '2019-03-14 18:28:40', NULL, NULL, NULL, NULL, '28.5863569', '77.3153436', NULL, '2019-03-14 12:58:42'),
(14, 4, '2019-03-14 09:56:36', '2019-03-14 09:56:41', NULL, NULL, NULL, NULL, '40.4438948', '-89.0335454', 'WB', '2019-03-14 14:56:43'),
(15, 87, '2019-03-15 12:20:50', '2019-03-15 12:21:04', NULL, NULL, NULL, NULL, '28.5868464', '77.3179041', 'WB', '2019-03-15 06:51:06'),
(16, 87, '2019-03-15 16:48:57', '2019-03-15 16:49:02', NULL, NULL, NULL, NULL, '28.5863568', '77.3153456', 'WB', '2019-03-15 11:19:03'),
(17, 87, '2019-03-15 19:28:17', '2019-03-15 19:28:20', NULL, NULL, NULL, NULL, '28.586357', '77.3153424', 'Any', '2019-03-15 13:58:22'),
(18, 87, '2019-03-15 19:28:29', '2019-03-15 19:28:31', NULL, NULL, NULL, NULL, '28.586357', '77.3153424', 'WB', '2019-03-15 13:58:32'),
(19, 87, '2019-03-15 19:29:11', '2019-03-15 19:33:17', NULL, NULL, NULL, NULL, '28.586357', '77.3153424', 'WB', '2019-03-15 14:03:18'),
(20, 87, '2019-03-16 14:43:39', '2019-03-16 14:43:52', NULL, NULL, NULL, NULL, '28.5922236', '77.3047509', 'WB', '2019-03-16 09:13:53'),
(21, 87, '2019-03-16 17:42:43', '2019-03-16 17:42:50', NULL, NULL, NULL, NULL, '28.5922228', '77.3047245', 'WB', '2019-03-16 12:12:54'),
(22, 87, '2019-03-19 15:17:06', '2019-03-19 15:17:09', NULL, NULL, NULL, NULL, '28.5863585', '77.3153436', 'WB', '2019-03-19 09:47:10'),
(23, 87, '2019-03-19 15:17:16', '2019-03-19 15:17:19', NULL, NULL, NULL, NULL, '28.5863626', '77.3153435', 'WB', '2019-03-19 09:47:20'),
(24, 87, '2019-03-25 15:19:47', '2019-03-25 15:19:54', NULL, NULL, NULL, NULL, '28.5863673', '77.3153472', 'WB', '2019-03-25 09:49:56'),
(25, 2, '2019-03-25 18:09:03', NULL, NULL, NULL, NULL, NULL, '28.5863963607965', '77.3153691273903', 'WB', '2019-03-25 12:39:11'),
(26, 2, '2019-03-25 18:09:03', NULL, NULL, NULL, NULL, NULL, '28.5863963607965', '77.3153691273903', 'WB', '2019-03-25 12:39:11'),
(27, 87, '2019-03-25 20:30:50', '2019-03-25 20:34:42', NULL, NULL, NULL, NULL, '28.5863588', '77.3153571', 'WB', '2019-03-25 15:04:45'),
(28, 4, '2019-03-25 18:04:20', '2019-03-25 18:18:03', NULL, NULL, NULL, NULL, '40.456955', '-88.9931745', 'EB', '2019-03-25 23:18:04'),
(29, 4, '2019-03-25 18:18:08', '2019-03-25 18:18:13', NULL, NULL, NULL, NULL, '40.4569771', '-88.9931477', 'EB', '2019-03-25 23:18:14'),
(30, 4, '2019-03-25 18:18:16', '2019-03-25 18:46:50', NULL, NULL, NULL, NULL, '40.4439327', '-89.0335124', 'WB', '2019-03-25 23:46:51'),
(31, 4, '2019-03-25 18:47:05', '2019-03-25 18:47:18', NULL, NULL, NULL, NULL, '40.4439325', '-89.0335123', 'WB', '2019-03-25 23:47:19'),
(32, 4, '2019-03-25 19:36:45', '2019-03-25 19:37:38', NULL, NULL, NULL, NULL, '40.449113', '-89.0296482', 'WB', '2019-03-26 00:37:40'),
(33, 87, '2019-03-26 16:05:21', '2019-03-26 16:09:17', NULL, NULL, NULL, NULL, '28.5863625', '77.315358', 'WB', '2019-03-26 10:39:18'),
(34, 87, '2019-03-26 16:17:01', '2019-03-26 16:17:28', NULL, NULL, NULL, NULL, '28.5863625', '77.3153382', 'WB', '2019-03-26 10:47:29'),
(35, 87, '2019-03-26 16:59:27', '2019-03-26 17:03:42', NULL, NULL, NULL, NULL, '28.5863665', '77.3153453', 'EB', '2019-03-26 11:33:43'),
(36, 87, '2019-03-26 17:08:37', '2019-03-26 17:09:51', NULL, NULL, NULL, NULL, '28.5863594', '77.31534', 'EB', '2019-03-26 11:39:52'),
(37, 87, '2019-03-26 17:16:17', '2019-03-26 17:16:54', NULL, NULL, NULL, NULL, '28.5863623', '77.3153387', 'EB', '2019-03-26 11:46:55'),
(38, 87, '2019-03-26 17:19:55', '2019-03-26 17:20:02', NULL, NULL, NULL, NULL, '28.586365', '77.3153456', 'EB', '2019-03-26 11:50:04'),
(39, 87, '2019-03-26 17:20:08', '2019-03-26 17:20:14', NULL, NULL, NULL, NULL, '28.5863661', '77.315345', 'WB', '2019-03-26 11:50:16'),
(40, 87, '2019-03-26 17:21:27', '2019-03-26 17:21:41', NULL, NULL, NULL, NULL, '28.5863618', '77.3153428', 'WB', '2019-03-26 11:51:43'),
(41, 87, '2019-03-26 17:28:16', '2019-03-26 17:28:30', NULL, NULL, NULL, NULL, '28.5863752', '77.3153475', 'West-Bound', '2019-03-26 11:58:31'),
(42, 87, '2019-03-26 17:28:35', '2019-03-26 17:28:41', NULL, NULL, NULL, NULL, '28.5863666', '77.3153401', 'East-Bound', '2019-03-26 11:58:42'),
(43, 87, '2019-03-26 17:33:48', '2019-03-26 17:34:31', NULL, NULL, NULL, NULL, '28.5863689', '77.3153367', 'West-Bound', '2019-03-26 12:04:33'),
(44, 87, '2019-03-26 17:35:18', '2019-03-26 17:37:52', NULL, NULL, NULL, NULL, '28.5863586', '77.3153333', 'West-Bound', '2019-03-26 12:07:55'),
(45, 87, '2019-03-26 17:38:31', '2019-03-26 17:38:48', NULL, NULL, NULL, NULL, '28.586356', '77.3153314', 'West-Bound', '2019-03-26 12:08:49'),
(46, 87, '2019-03-26 17:42:36', '2019-03-26 17:42:43', NULL, NULL, NULL, NULL, '28.586356', '77.3153314', 'East-Bound', '2019-03-26 12:12:44'),
(47, 87, '2019-03-26 17:47:41', '2019-03-26 17:48:15', NULL, NULL, NULL, NULL, '28.586356', '77.3153314', 'West-Bound', '2019-03-26 12:18:17'),
(48, 87, '2019-03-26 17:53:49', '2019-03-26 17:53:54', NULL, NULL, NULL, NULL, '28.586356', '77.3153314', 'West-Bound', '2019-03-26 12:23:55'),
(49, 87, '2019-03-26 17:54:01', '2019-03-26 17:54:38', NULL, NULL, NULL, NULL, '28.586356', '77.3153314', 'West-Bound', '2019-03-26 12:24:39'),
(50, 87, '2019-03-26 18:04:36', '2019-03-26 18:04:45', NULL, NULL, NULL, NULL, '28.586356', '77.3153314', 'West-Bound', '2019-03-26 12:34:46'),
(51, 4, '2019-03-26 09:21:38', '2019-03-26 09:21:50', NULL, NULL, NULL, NULL, '40.451166', '-89.0293199', 'WB', '2019-03-26 14:21:52'),
(52, 87, '2019-03-26 20:58:10', '2019-03-26 20:58:56', NULL, NULL, NULL, NULL, '28.5863654', '77.3153411', 'East-Bound', '2019-03-26 15:28:57'),
(53, 87, '2019-03-26 20:59:07', '2019-03-26 20:59:51', NULL, NULL, NULL, NULL, '28.5863667', '77.3153442', 'West-Bound', '2019-03-26 15:29:53'),
(54, 87, '2019-03-26 21:00:03', '2019-03-26 21:00:10', NULL, NULL, NULL, NULL, '28.5863587', '77.3153335', 'West-Bound', '2019-03-26 15:30:10'),
(55, 4, '2019-03-26 14:03:38', '2019-03-26 14:04:06', NULL, NULL, NULL, NULL, '40.4438919', '-89.0335314', 'West-Bound', '2019-03-26 19:04:08'),
(56, 4, '2019-03-26 14:04:12', '2019-03-26 14:30:39', NULL, NULL, NULL, NULL, '40.4439321', '-89.0335089', 'West-Bound', '2019-03-26 19:30:40'),
(57, 87, '2019-03-27 11:53:50', '2019-03-27 11:54:10', NULL, NULL, NULL, NULL, '28.5863627', '77.3153454', 'West-Bound', '2019-03-27 06:24:12'),
(58, 87, '2019-03-27 11:55:02', '2019-03-27 11:55:04', NULL, NULL, NULL, NULL, '28.5863591', '77.3153333', 'West-Bound', '2019-03-27 06:25:05'),
(59, 87, '2019-03-27 11:59:14', '2019-03-27 11:59:17', NULL, NULL, NULL, NULL, '28.5863661', '77.3153468', 'West-Bound', '2019-03-27 06:29:20'),
(60, 87, '2019-03-27 12:01:15', '2019-03-27 12:01:17', NULL, NULL, NULL, NULL, '28.5863642', '77.3153416', 'West-Bound', '2019-03-27 06:31:19'),
(61, 87, '2019-03-27 12:08:02', '2019-03-27 12:08:19', NULL, NULL, NULL, NULL, '28.5863592', '77.3153416', 'West-Bound', '2019-03-27 06:38:21'),
(62, 87, '2019-03-27 12:55:55', '2019-03-27 12:55:59', NULL, NULL, NULL, NULL, '28.5863673', '77.315342', 'West-Bound', '2019-03-27 07:26:00'),
(63, 87, '2019-03-27 13:12:08', '2019-03-27 13:35:27', NULL, NULL, NULL, NULL, '28.5863642', '77.3153353', 'West-Bound', '2019-03-27 08:05:30'),
(64, 106, '2019-03-27 13:49:15', NULL, NULL, NULL, NULL, NULL, '28.5865', '77.3153', 'WB', '2019-03-27 08:19:34'),
(65, 106, '2019-03-27 13:49:15', NULL, NULL, NULL, NULL, NULL, '28.5865', '77.3153', 'WB', '2019-03-27 08:19:34'),
(66, 106, '2019-03-27 13:58:44', NULL, NULL, NULL, NULL, NULL, '28.5865', '77.3153', 'EB', '2019-03-27 08:30:10'),
(67, 106, '2019-03-27 13:58:44', NULL, NULL, NULL, NULL, NULL, '28.5865', '77.3153', 'EB', '2019-03-27 08:30:10'),
(68, 106, '2019-03-27 14:01:36', NULL, NULL, NULL, NULL, NULL, '28.5865', '77.3153', 'WB', '2019-03-27 08:31:45'),
(69, 106, '2019-03-27 14:01:36', NULL, NULL, NULL, NULL, NULL, '28.5865', '77.3153', 'WB', '2019-03-27 08:31:45'),
(70, 106, '2019-03-27 14:01:49', NULL, NULL, NULL, NULL, NULL, '28.5865', '77.3153', 'EB', '2019-03-27 08:31:54'),
(71, 106, '2019-03-27 14:01:49', NULL, NULL, NULL, NULL, NULL, '28.5865', '77.3153', 'EB', '2019-03-27 08:31:54'),
(72, 106, '2019-03-27 14:01:49', NULL, NULL, NULL, NULL, NULL, '28.5865', '77.3153', 'EB', '2019-03-27 08:31:54'),
(73, 106, '2019-03-27 14:02:04', NULL, NULL, NULL, NULL, NULL, '28.5865', '77.3153', 'EB', '2019-03-27 08:32:14'),
(74, 106, '2019-03-27 14:02:04', NULL, NULL, NULL, NULL, NULL, '28.5865', '77.3153', 'EB', '2019-03-27 08:32:14'),
(75, 106, '2019-03-27 14:02:04', NULL, NULL, NULL, NULL, NULL, '28.5865', '77.3153', 'EB', '2019-03-27 08:32:14'),
(76, 106, '2019-03-27 14:02:04', NULL, NULL, NULL, NULL, NULL, '28.5865', '77.3153', 'EB', '2019-03-27 08:32:14'),
(77, 87, '2019-03-27 17:53:02', '2019-03-27 17:53:45', NULL, NULL, NULL, NULL, '28.5863591', '77.3153445', 'West-Bound', '2019-03-27 12:23:46'),
(78, 2, '2019-03-27 18:19:55', NULL, NULL, NULL, NULL, NULL, '28.5865', '77.3153', 'EB', '2019-03-27 12:50:50'),
(79, 2, '2019-03-27 18:19:55', NULL, NULL, NULL, NULL, NULL, '28.5865', '77.3153', 'EB', '2019-03-27 12:50:50'),
(80, 2, '2019-03-27 18:21:40', NULL, NULL, NULL, NULL, NULL, '28.5865', '77.3153', 'WB', '2019-03-27 12:51:51'),
(81, 2, '2019-03-27 18:21:40', NULL, NULL, NULL, NULL, NULL, '28.5865', '77.3153', 'WB', '2019-03-27 12:51:51'),
(82, 87, '2019-03-27 18:25:12', '2019-03-27 18:25:19', NULL, NULL, NULL, NULL, '28.5863695', '77.3153368', 'West-Bound', '2019-03-27 12:55:20'),
(83, 2, '2019-03-27 18:36:11', NULL, NULL, NULL, NULL, NULL, '28.5865', '77.3153', 'WB', '2019-03-27 13:06:26'),
(84, 2, '2019-03-27 18:36:11', NULL, NULL, NULL, NULL, NULL, '28.5865', '77.3153', 'WB', '2019-03-27 13:06:26'),
(85, 2, '2019-03-27 18:36:28', NULL, NULL, NULL, NULL, NULL, '28.5865', '77.3153', 'EB', '2019-03-27 13:07:16'),
(86, 2, '2019-03-27 18:36:28', NULL, NULL, NULL, NULL, NULL, '28.5865', '77.3153', 'EB', '2019-03-27 13:07:16'),
(87, 2, '2019-03-27 20:03:40', NULL, NULL, NULL, NULL, NULL, '28.5863776272429', '77.31513988233853', 'WB', '2019-03-27 14:34:10'),
(88, 2, '2019-03-27 20:03:40', NULL, NULL, NULL, NULL, NULL, '28.5863776272429', '77.31513988233853', 'WB', '2019-03-27 14:34:10'),
(89, 2, '2019-03-27 20:04:23', NULL, NULL, NULL, NULL, NULL, '28.5863776272429', '77.31513988233853', 'WB', '2019-03-27 14:34:28'),
(90, 2, '2019-03-27 20:04:23', NULL, NULL, NULL, NULL, NULL, '28.5863776272429', '77.31513988233853', 'WB', '2019-03-27 14:34:28'),
(91, 87, '2019-03-27 20:07:15', '2019-03-27 20:09:50', NULL, NULL, NULL, NULL, '28.5863626', '77.3153384', 'West-Bound', '2019-03-27 14:39:51'),
(92, 2, '2019-03-27 20:42:05', NULL, NULL, NULL, NULL, NULL, '28.586300471824206', '77.315484713835', 'WB', '2019-03-27 15:12:15'),
(93, 2, '2019-03-27 20:42:05', NULL, NULL, NULL, NULL, NULL, '28.586300471824206', '77.315484713835', 'WB', '2019-03-27 15:12:15'),
(94, 2, '2019-03-27 20:42:30', NULL, NULL, NULL, NULL, NULL, '28.586338902850247', '77.31542511850346', 'EB', '2019-03-27 15:12:41'),
(95, 2, '2019-03-27 20:42:30', NULL, NULL, NULL, NULL, NULL, '28.586338902850247', '77.31542511850346', 'EB', '2019-03-27 15:12:41'),
(96, 2, '2019-03-27 20:43:13', NULL, NULL, NULL, NULL, NULL, '28.586332029689647', '77.31540894143033', 'WB', '2019-03-27 15:14:04'),
(97, 2, '2019-03-27 20:43:13', NULL, NULL, NULL, NULL, NULL, '28.586332029689647', '77.31540894143033', 'WB', '2019-03-27 15:14:04'),
(98, 2, '2019-03-27 20:51:29', NULL, NULL, NULL, NULL, NULL, '28.586454154018856', '77.31519520289946', 'EB', '2019-03-27 15:21:40'),
(99, 2, '2019-03-27 20:51:29', NULL, NULL, NULL, NULL, NULL, '28.586454154018856', '77.31519520289946', 'EB', '2019-03-27 15:21:40'),
(100, 4, '2019-03-27 10:42:23', '2019-03-27 10:42:29', NULL, NULL, NULL, NULL, '40.4440872', '-89.0334165', 'West-Bound', '2019-03-27 15:42:30'),
(101, 103, '2019-03-27 11:40:01', NULL, NULL, NULL, NULL, NULL, '40.443880450949486', '-89.03333371513433', 'WB', '2019-03-27 16:43:37'),
(102, 103, '2019-03-27 11:40:01', NULL, NULL, NULL, NULL, NULL, '40.443880450949486', '-89.03333371513433', 'WB', '2019-03-27 16:43:37'),
(103, 103, '2019-03-27 11:40:01', NULL, NULL, NULL, NULL, NULL, '40.443880450949486', '-89.03333371513433', 'WB', '2019-03-27 16:43:37'),
(104, 103, '2019-03-27 11:43:45', NULL, NULL, NULL, NULL, NULL, '40.44388732411009', '-89.03331954971797', 'WB', '2019-03-27 16:44:10'),
(105, 103, '2019-03-27 11:43:45', NULL, NULL, NULL, NULL, NULL, '40.44388732411009', '-89.03331954971797', 'WB', '2019-03-27 16:44:10'),
(106, 103, '2019-03-27 11:43:45', NULL, NULL, NULL, NULL, NULL, '40.44388732411009', '-89.03331954971797', 'WB', '2019-03-27 16:44:10'),
(107, 103, '2019-03-27 11:43:45', NULL, NULL, NULL, NULL, NULL, '40.44388732411009', '-89.03331954971797', 'WB', '2019-03-27 16:44:10'),
(108, 103, '2019-03-27 11:44:14', NULL, NULL, NULL, NULL, NULL, '40.44393137619786', '-89.03336809922202', 'WB', '2019-03-27 17:53:49'),
(109, 103, '2019-03-27 11:44:14', NULL, NULL, NULL, NULL, NULL, '40.44393137619786', '-89.03336809922202', 'WB', '2019-03-27 17:53:49'),
(110, 103, '2019-03-27 11:44:14', NULL, NULL, NULL, NULL, NULL, '40.44393137619786', '-89.03336809922202', 'WB', '2019-03-27 17:53:49'),
(111, 103, '2019-03-27 11:44:14', NULL, NULL, NULL, NULL, NULL, '40.44393137619786', '-89.03336809922202', 'WB', '2019-03-27 17:53:49'),
(112, 2, '2019-03-28 10:55:30', NULL, NULL, NULL, NULL, NULL, '28.586432193432547', '77.31540324173618', 'WB', '2019-03-28 05:26:35'),
(113, 2, '2019-03-28 10:55:30', NULL, NULL, NULL, NULL, NULL, '28.586432193432547', '77.31540324173618', 'WB', '2019-03-28 05:26:35'),
(114, 2, '2019-03-28 10:55:30', NULL, NULL, NULL, NULL, NULL, '28.586432193432547', '77.31540324173618', 'WB', '2019-03-28 05:26:35'),
(115, 2, '2019-03-28 10:56:40', NULL, NULL, NULL, NULL, NULL, '28.586455578942395', '77.3154730629896', 'WB', '2019-03-28 05:29:22'),
(116, 2, '2019-03-28 10:56:40', NULL, NULL, NULL, NULL, NULL, '28.586455578942395', '77.3154730629896', 'WB', '2019-03-28 05:29:22'),
(117, 2, '2019-03-28 10:56:40', NULL, NULL, NULL, NULL, NULL, '28.586455578942395', '77.3154730629896', 'WB', '2019-03-28 05:29:22'),
(118, 2, '2019-03-28 10:56:40', NULL, NULL, NULL, NULL, NULL, '28.586455578942395', '77.3154730629896', 'WB', '2019-03-28 05:29:23'),
(119, 2, '2019-03-28 11:14:43', NULL, NULL, NULL, NULL, NULL, '28.586419662487305', '77.3153678701048', 'WB', '2019-03-28 05:49:01'),
(120, 2, '2019-03-28 11:14:43', NULL, NULL, NULL, NULL, NULL, '28.586419662487305', '77.3153678701048', 'WB', '2019-03-28 05:49:01'),
(121, 2, '2019-03-28 11:14:43', NULL, NULL, NULL, NULL, NULL, '28.586419662487305', '77.3153678701048', 'WB', '2019-03-28 05:49:01'),
(122, 2, '2019-03-28 11:28:02', NULL, NULL, NULL, NULL, NULL, '28.586351643343068', '77.31534238911915', 'WB', '2019-03-28 05:58:07'),
(123, 2, '2019-03-28 11:28:02', NULL, NULL, NULL, NULL, NULL, '28.586351643343068', '77.31534238911915', 'WB', '2019-03-28 05:58:07'),
(124, 2, '2019-03-28 11:28:11', NULL, NULL, NULL, NULL, NULL, '28.586388817083634', '77.31532554149378', 'WB', '2019-03-28 06:00:54'),
(125, 2, '2019-03-28 11:28:11', NULL, NULL, NULL, NULL, NULL, '28.586388817083634', '77.31532554149378', 'WB', '2019-03-28 06:00:54'),
(126, 2, '2019-03-28 11:28:11', NULL, NULL, NULL, NULL, NULL, '28.586388817083634', '77.31532554149378', 'WB', '2019-03-28 06:00:54'),
(127, 2, '2019-03-28 11:58:38', NULL, NULL, NULL, NULL, NULL, '28.58646048235575', '77.31526041410613', 'WB', '2019-03-28 06:29:09'),
(128, 2, '2019-03-28 11:58:38', NULL, NULL, NULL, NULL, NULL, '28.58646048235575', '77.31526041410613', 'WB', '2019-03-28 06:29:09'),
(129, 2, '2019-03-28 12:19:29', NULL, NULL, NULL, NULL, NULL, '28.58641345987896', '77.31543324894953', 'WB', '2019-03-28 06:49:48'),
(130, 2, '2019-03-28 12:19:29', NULL, NULL, NULL, NULL, NULL, '28.58641345987896', '77.31543324894953', 'WB', '2019-03-28 06:49:48'),
(131, 2, '2019-03-28 12:22:08', NULL, NULL, NULL, NULL, NULL, '28.58646999581585', '77.31522085152316', 'WB', '2019-03-28 06:53:20'),
(132, 2, '2019-03-28 12:22:08', NULL, NULL, NULL, NULL, NULL, '28.58646999581585', '77.31522085152316', 'WB', '2019-03-28 06:53:20'),
(133, 2, '2019-03-28 12:27:22', NULL, NULL, NULL, NULL, NULL, '28.586427960571445', '77.31525111019361', 'WB', '2019-03-28 06:57:34'),
(134, 2, '2019-03-28 12:27:22', NULL, NULL, NULL, NULL, NULL, '28.586427960571445', '77.31525111019361', 'WB', '2019-03-28 06:57:34'),
(135, 87, '2019-03-28 12:36:18', '2019-03-28 12:36:32', NULL, NULL, NULL, NULL, '28.5863661', '77.3153458', 'West-Bound', '2019-03-28 07:06:34'),
(136, 87, '2019-03-28 13:19:51', '2019-03-28 13:21:36', NULL, NULL, NULL, NULL, '28.5863592', '77.3153335', 'West-Bound', '2019-03-28 07:51:37'),
(137, 113, '2019-03-28 13:45:21', NULL, NULL, NULL, NULL, NULL, '28.586505074080623', '77.31518195949245', 'WB', '2019-03-28 08:16:06'),
(138, 113, '2019-03-28 13:45:21', NULL, NULL, NULL, NULL, NULL, '28.586505074080623', '77.31518195949245', 'WB', '2019-03-28 08:16:06'),
(139, 113, '2019-03-28 13:45:21', NULL, NULL, NULL, NULL, NULL, '28.586505074080623', '77.31518195949245', 'WB', '2019-03-28 08:16:06'),
(140, 113, '2019-03-28 15:00:31', NULL, NULL, NULL, NULL, NULL, '28.58650461307595', '77.31525152928877', 'WB', '2019-03-28 09:30:43'),
(141, 113, '2019-03-28 15:00:31', NULL, NULL, NULL, NULL, NULL, '28.58650461307595', '77.31525152928877', 'WB', '2019-03-28 09:30:43'),
(142, 113, '2019-03-28 15:09:46', NULL, NULL, NULL, NULL, NULL, '28.586486550074614', '77.31525463059295', 'WB', '2019-03-28 09:40:34'),
(143, 113, '2019-03-28 15:09:46', NULL, NULL, NULL, NULL, NULL, '28.586486550074614', '77.31525463059295', 'WB', '2019-03-28 09:40:34'),
(144, 103, '2019-03-28 11:50:23', NULL, NULL, NULL, NULL, NULL, '40.44393979482394', '-89.03339565739877', 'WB', '2019-03-28 18:19:16'),
(145, 103, '2019-03-28 11:50:23', NULL, NULL, NULL, NULL, NULL, '40.44393979482394', '-89.03339565739877', 'WB', '2019-03-28 18:19:16'),
(146, 4, '2019-03-28 14:43:24', '2019-03-28 15:18:36', NULL, NULL, NULL, NULL, '40.4439362', '-89.0335024', 'West-Bound', '2019-03-28 20:18:36'),
(147, 87, '2019-03-29 13:08:00', '2019-03-29 13:12:11', NULL, NULL, NULL, NULL, '28.5863785', '77.3153483', 'West-Bound', '2019-03-29 07:42:13'),
(148, 87, '2019-03-29 13:48:03', '2019-03-29 13:48:20', NULL, NULL, NULL, NULL, '28.5863712', '77.3153379', 'West-Bound', '2019-03-29 08:18:22'),
(149, 2, '2019-03-29 15:19:55', NULL, NULL, NULL, NULL, NULL, '28.586422931429542', '77.31548781513918', 'WB', '2019-03-29 09:51:29'),
(150, 2, '2019-03-29 15:19:55', NULL, NULL, NULL, NULL, NULL, '28.586422931429542', '77.31548781513918', 'WB', '2019-03-29 09:51:30'),
(151, 2, '2019-03-29 16:18:11', NULL, NULL, NULL, NULL, NULL, '28.586587593917347', '77.31531045406807', 'WB', '2019-03-29 10:48:20'),
(152, 2, '2019-03-29 16:18:11', NULL, NULL, NULL, NULL, NULL, '28.586587593917347', '77.31531045406807', 'WB', '2019-03-29 10:48:20'),
(153, 2, '2019-03-29 16:24:08', NULL, NULL, NULL, NULL, NULL, '28.586458386879958', '77.31535831473518', 'WB', '2019-03-29 10:54:43'),
(154, 2, '2019-03-29 16:24:08', NULL, NULL, NULL, NULL, NULL, '28.586458386879958', '77.31535831473518', 'WB', '2019-03-29 10:54:43'),
(155, 2, '2019-03-29 16:31:15', NULL, NULL, NULL, '28.58654819897244', '77.3152584862684', '28.58647494113872', '77.31531288481999', 'WB', '2019-03-29 11:01:31'),
(156, 2, '2019-03-29 16:31:15', NULL, NULL, NULL, '28.58654819897244', '77.3152584862684', '28.58647494113872', '77.31531288481999', 'WB', '2019-03-29 11:01:31'),
(157, 2, '2019-03-29 16:34:37', NULL, NULL, NULL, '28.58647079209665', '77.3153105378871', '28.586455662761427', '77.31530835859228', 'EB', '2019-03-29 11:04:46'),
(158, 2, '2019-03-29 16:34:37', NULL, NULL, NULL, '28.58647079209665', '77.3153105378871', '28.586455662761427', '77.31530835859228', 'EB', '2019-03-29 11:04:46'),
(159, 2, '2019-03-29 16:34:59', NULL, NULL, NULL, '28.586455662761427', '77.31530835859228', '28.586455662761427', '77.31530835859228', 'WB', '2019-03-29 11:05:49'),
(160, 2, '2019-03-29 16:34:59', NULL, NULL, NULL, '28.586455662761427', '77.31530835859228', '28.586455662761427', '77.31530835859228', 'WB', '2019-03-29 11:05:49'),
(161, 2, '2019-03-29 16:40:37', NULL, NULL, NULL, '28.58657259031067', '77.31529670774687', '28.586495518711008', '77.3152780161028', 'WB', '2019-03-29 11:10:52'),
(162, 2, '2019-03-29 16:40:37', NULL, NULL, NULL, '28.58657259031067', '77.31529670774687', '28.586495518711008', '77.3152780161028', 'WB', '2019-03-29 11:10:52'),
(163, 2, '2019-03-29 16:42:56', NULL, NULL, NULL, '28.58655934690366', '77.31533685706306', '28.58645381874273', '77.31537524617958', 'WB', '2019-03-29 11:13:00'),
(164, 2, '2019-03-29 16:42:56', NULL, NULL, NULL, '28.58655934690366', '77.31533685706306', '28.58645381874273', '77.31537524617958', 'WB', '2019-03-29 11:13:00'),
(165, 4, '2019-03-29 18:19:18', '2019-03-29 18:20:26', NULL, NULL, NULL, NULL, '40.4439124', '-89.0334697', 'West-Bound', '2019-03-29 23:20:27'),
(166, 2, '2019-03-30 08:50:01', NULL, NULL, NULL, '27.964858951405223', '77.79252484160723', '27.962233114078657', '77.79946848277928', 'WB', '2019-03-30 03:21:13'),
(167, 2, '2019-03-30 08:50:01', NULL, NULL, NULL, '27.964858951405223', '77.79252484160723', '27.962233114078657', '77.79946848277928', 'WB', '2019-03-30 03:21:13'),
(168, 4, '2019-03-30 12:35:43', '2019-03-30 12:37:11', NULL, NULL, NULL, NULL, '40.4500579', '-89.0296485', 'West-Bound', '2019-03-30 17:37:12'),
(169, 4, '2019-03-30 21:08:10', '2019-03-30 21:08:36', NULL, NULL, NULL, NULL, '40.4488754', '-89.0295995', 'West-Bound', '2019-03-31 02:08:37'),
(170, 4, '2019-03-31 23:13:31', '2019-03-31 23:20:13', NULL, NULL, NULL, NULL, '40.4438283', '-89.0336531', 'West-Bound', '2019-04-01 04:20:14'),
(171, 87, '2019-04-01 12:10:43', '2019-04-01 12:10:52', NULL, NULL, '77.3153455', '77.3153455', '28.5863646', '77.3153421', 'East-Bound', '2019-04-01 06:40:53'),
(172, 103, '2019-04-01 08:17:48', NULL, NULL, NULL, NULL, NULL, '40.44362048622262', '-89.03354745366521', 'WB', '2019-04-01 13:54:16'),
(173, 103, '2019-04-01 08:17:48', NULL, NULL, NULL, NULL, NULL, '40.44362048622262', '-89.03354745366521', 'WB', '2019-04-01 13:54:16'),
(174, 4, '2019-04-01 11:36:04', '2019-04-01 11:39:46', NULL, NULL, '-89.0335021', '-89.0335021', '40.4514722', '-89.029598', 'East-Bound', '2019-04-01 16:39:48'),
(175, 4, '2019-04-01 11:40:10', '2019-04-01 11:42:10', NULL, NULL, '-89.02964', '-89.02964', '40.446415', '-89.0325753', 'West-Bound', '2019-04-01 16:42:12'),
(176, 4, '2019-04-01 12:01:40', '2019-04-01 12:22:19', NULL, NULL, '-89.0324679', '-89.0324679', '40.4439363', '-89.0335005', 'West-Bound', '2019-04-01 17:22:21'),
(177, 87, '2019-04-02 00:10:03', '2019-04-02 00:11:03', NULL, NULL, '77.3047655', '77.3047655', '28.5922446', '77.3047655', 'West-Bound', '2019-04-01 18:41:05'),
(178, 87, '2019-04-02 11:37:55', '2019-04-02 11:38:21', NULL, NULL, '77.3153373', '77.3153373', '28.5863698', '77.3153361', 'West-Bound', '2019-04-02 06:08:22'),
(179, 4, '2019-04-02 15:18:26', '2019-04-02 15:18:29', NULL, NULL, '-89.0332928', '-89.0332928', '40.4439442', '-89.0333579', 'West-Bound', '2019-04-02 20:18:30'),
(180, 4, '2019-04-02 21:35:30', '2019-04-02 21:37:54', NULL, NULL, '-89.0334744', '-89.0334744', '40.4439906', '-89.0334708', 'West-Bound', '2019-04-03 02:37:55'),
(181, 87, '2019-04-03 12:09:25', '2019-04-03 12:09:32', NULL, NULL, '77.3153368', '77.3153368', '28.5863702', '77.3153358', 'West-Bound', '2019-04-03 06:39:33'),
(182, 125, '2019-04-03 20:14:13', '2019-04-03 20:14:34', NULL, NULL, '77.3153363', '77.3153363', '28.586382', '77.3153526', 'West-Bound', '2019-04-03 14:44:37'),
(183, 125, '2019-04-03 20:26:30', '2019-04-03 20:29:41', NULL, NULL, '77.3153538', '77.3153538', '28.5863853', '77.3153522', 'West-Bound', '2019-04-03 14:59:43'),
(184, 125, '2019-04-03 20:32:39', '2019-04-03 20:32:42', NULL, NULL, '77.315337', '77.315337', '28.5863714', '77.315337', 'West-Bound', '2019-04-03 15:02:44'),
(185, 125, '2019-04-03 20:55:32', '2019-04-03 20:55:45', NULL, NULL, '77.3153434', '77.3153434', '28.5864291', '77.315276', 'West-Bound', '2019-04-03 15:25:46'),
(186, 4, '2019-04-04 17:14:58', '2019-04-04 17:16:49', NULL, NULL, '-89.0335122', '-89.0335122', '40.4502991', '-89.01758', 'East-Bound', '2019-04-04 22:16:49'),
(187, 125, '2019-04-05 12:22:59', '2019-04-05 12:23:03', NULL, NULL, '77.3153361', '77.3153361', '28.5864571', '77.3150855', 'West-Bound', '2019-04-05 06:53:04'),
(188, 125, '2019-04-05 12:23:09', '2019-04-05 12:23:18', NULL, NULL, '77.3150855', '77.3150855', '28.5863647', '77.3153328', 'West-Bound', '2019-04-05 06:53:19'),
(189, 2, '2019-04-05 13:42:33', NULL, NULL, NULL, '28.58644795141051', '77.31519972912717', '28.58644795141051', '77.31519972912717', 'WB', '2019-04-05 08:13:06'),
(190, 2, '2019-04-05 13:42:33', NULL, NULL, NULL, '28.58644795141051', '77.31519972912717', '28.58644795141051', '77.31519972912717', 'WB', '2019-04-05 08:13:07'),
(191, 125, '2019-04-05 13:43:05', '2019-04-05 13:43:31', NULL, NULL, '77.3153359', '77.3153359', '28.5863707', '77.315336', 'West-Bound', '2019-04-05 08:13:32'),
(192, 125, '2019-04-05 13:43:43', '2019-04-05 13:43:47', NULL, NULL, '77.315336', '77.315336', '28.5863714', '77.3153367', 'West-Bound', '2019-04-05 08:13:48'),
(193, 125, '2019-04-05 13:44:07', '2019-04-05 13:44:26', NULL, NULL, '77.3153367', '77.3153367', '28.5863719', '77.3153362', 'West-Bound', '2019-04-05 08:14:27'),
(194, 2, '2019-04-05 15:18:31', NULL, NULL, NULL, '28.58645847069899', '77.31534590951848', '28.58649539298246', '77.31527541771281', 'EB', '2019-04-05 09:48:51'),
(195, 2, '2019-04-05 15:18:31', NULL, NULL, NULL, '28.58645847069899', '77.31534590951848', '28.58649539298246', '77.31527541771281', 'EB', '2019-04-05 09:48:51'),
(196, 2, '2019-04-05 15:37:23', NULL, NULL, NULL, '28.58660360335241', '77.31542302302766', '28.58643487564156', '77.31545730501163', 'WB', '2019-04-05 10:07:52'),
(197, 2, '2019-04-05 15:37:23', NULL, NULL, NULL, '28.58660360335241', '77.31542302302766', '28.58643487564156', '77.31545730501163', 'WB', '2019-04-05 10:07:52'),
(198, 2, '2019-04-05 17:03:43', NULL, NULL, NULL, '28.586481353294648', '77.31538069441665', '28.586438186493314', '77.31542503468442', 'WB', '2019-04-05 11:33:51'),
(199, 2, '2019-04-05 17:03:43', NULL, NULL, NULL, '28.586481353294648', '77.31538069441665', '28.586438186493314', '77.31542503468442', 'WB', '2019-04-05 11:33:51'),
(200, 2, '2019-04-05 17:03:55', NULL, NULL, NULL, '28.586434414636887', '77.31536359533418', '28.586455076028205', '77.31528949931014', 'EB', '2019-04-05 11:34:04'),
(201, 2, '2019-04-05 17:03:55', NULL, NULL, NULL, '28.586434414636887', '77.31536359533418', '28.586455076028205', '77.31528949931014', 'EB', '2019-04-05 11:34:04'),
(202, 4, '2019-04-05 10:11:23', '2019-04-05 10:34:03', NULL, NULL, '-89.0334921', '-89.0334921', '40.4439045', '-89.0334921', 'West-Bound', '2019-04-05 15:34:05'),
(203, 103, '2019-04-05 11:55:16', NULL, NULL, NULL, NULL, NULL, '40.443988861708604', '-89.03324470577404', 'WB', '2019-04-05 16:57:56'),
(204, 103, '2019-04-05 11:55:16', NULL, NULL, NULL, NULL, NULL, '40.443988861708604', '-89.03324470577404', 'WB', '2019-04-05 16:57:56'),
(205, 103, '2019-04-05 11:58:00', NULL, NULL, NULL, '40.443988861708604', '-89.03324470577404', '40.44396730079025', '-89.03331798167345', 'EB', '2019-04-05 16:58:04'),
(206, 103, '2019-04-05 11:58:00', NULL, NULL, NULL, '40.443988861708604', '-89.03324470577404', '40.44396730079025', '-89.03331798167345', 'EB', '2019-04-05 16:58:04'),
(207, 103, '2019-04-05 11:58:07', NULL, NULL, NULL, '40.44396730079025', '-89.03331798167345', '40.443945058973874', '-89.03335243674273', 'WB', '2019-04-05 16:58:15'),
(208, 103, '2019-04-05 11:58:07', NULL, NULL, NULL, '40.44396730079025', '-89.03331798167345', '40.443945058973874', '-89.03335243674273', 'WB', '2019-04-05 16:58:15'),
(209, 103, '2019-04-05 11:59:25', NULL, NULL, NULL, '40.44395570456433', '-89.03332217872088', '40.44395140375983', '-89.03330806651063', 'WB', '2019-04-05 16:59:43'),
(210, 103, '2019-04-05 11:59:25', NULL, NULL, NULL, '40.44395570456433', '-89.03332217872088', '40.44395140375983', '-89.03330806651063', 'WB', '2019-04-05 16:59:43'),
(211, 2, '2019-04-08 12:23:13', NULL, NULL, NULL, '40.471073', '-89.006368', '40.451272', '-89.029619', 'WB', '2019-04-08 06:54:11'),
(212, 2, '2019-04-08 12:23:13', NULL, NULL, NULL, '40.471073', '-89.006368', '40.451272', '-89.029619', 'WB', '2019-04-08 06:54:11'),
(213, 2, '2019-04-08 12:24:59', NULL, NULL, NULL, '40.451272', '-89.029619', '40.451272', '-89.029619', 'WB', '2019-04-08 06:55:32'),
(214, 2, '2019-04-08 12:24:59', NULL, NULL, NULL, '40.451272', '-89.029619', '40.451272', '-89.029619', 'WB', '2019-04-08 06:55:32'),
(215, 2, '2019-04-08 12:25:34', NULL, NULL, NULL, '40.451272', '-89.029619', '40.451272', '-89.029619', 'WB', '2019-04-08 06:55:47'),
(216, 2, '2019-04-08 12:25:34', NULL, NULL, NULL, '40.451272', '-89.029619', '40.451272', '-89.029619', 'WB', '2019-04-08 06:55:47'),
(217, 2, '2019-04-08 12:25:53', NULL, NULL, NULL, '40.451272', '-89.029619', '40.478078', '-89.016362', 'EB', '2019-04-08 06:56:21'),
(218, 2, '2019-04-08 12:25:53', NULL, NULL, NULL, '40.451272', '-89.029619', '40.478078', '-89.016362', 'EB', '2019-04-08 06:56:21'),
(219, 2, '2019-04-08 12:26:26', NULL, NULL, NULL, '40.478078', '-89.016362', '40.478078', '-89.016362', 'EB', '2019-04-08 06:56:32'),
(220, 2, '2019-04-08 12:26:26', NULL, NULL, NULL, '40.478078', '-89.016362', '40.478078', '-89.016362', 'EB', '2019-04-08 06:56:33'),
(221, 2, '2019-04-08 12:26:37', NULL, NULL, NULL, '40.478078', '-89.016362', '40.509029', '-89.034759', 'WB', '2019-04-08 06:57:08'),
(222, 2, '2019-04-08 12:26:37', NULL, NULL, NULL, '40.478078', '-89.016362', '40.509029', '-89.034759', 'WB', '2019-04-08 06:57:08'),
(223, 2, '2019-04-08 12:27:14', NULL, NULL, NULL, '40.509029', '-89.034759', '40.509029', '-89.034759', 'WB', '2019-04-08 06:57:41'),
(224, 2, '2019-04-08 12:27:14', NULL, NULL, NULL, '40.509029', '-89.034759', '40.509029', '-89.034759', 'WB', '2019-04-08 06:57:42'),
(225, 2, '2019-04-08 12:28:02', NULL, NULL, NULL, '40.509029', '-89.034759', '40.509029', '-89.034759', 'WB', '2019-04-08 06:58:13'),
(226, 2, '2019-04-08 12:28:02', NULL, NULL, NULL, '40.509029', '-89.034759', '40.509029', '-89.034759', 'WB', '2019-04-08 06:58:13'),
(227, 2, '2019-04-08 12:30:37', NULL, NULL, NULL, '28.5865', '77.3153', '44.349349', '55.3153', 'EB', '2019-04-08 07:11:43'),
(228, 2, '2019-04-08 12:30:37', NULL, NULL, NULL, '28.5865', '77.3153', '44.349349', '55.3153', 'EB', '2019-04-08 07:11:43'),
(229, 103, '2019-04-09 10:58:29', NULL, NULL, NULL, '40.44388070240658', '-89.0333146043951', '40.44388070240658', '-89.0333146043951', 'WB', '2019-04-09 15:58:50'),
(230, 4, '2019-04-09 11:01:36', '2019-04-09 11:04:46', NULL, NULL, '-89.032534', '-89.032534', '40.4481879', '-89.0289751', 'West-Bound', '2019-04-09 16:04:51'),
(231, 132, '2019-04-10 11:53:11', NULL, NULL, NULL, '28.586617223945062', '77.31530517346907', '28.586573470410503', '77.31536175131548', 'WB', '2019-04-10 06:23:24'),
(232, 132, '2019-04-10 11:53:11', NULL, NULL, NULL, '28.586617223945062', '77.31530517346907', '28.586573470410503', '77.31536175131548', 'WB', '2019-04-10 06:23:24'),
(233, 132, '2019-04-10 11:53:11', NULL, NULL, NULL, '28.586617223945062', '77.31530517346907', '28.586573470410503', '77.31536175131548', 'WB', '2019-04-10 06:23:24'),
(234, 132, '2019-04-10 17:40:27', NULL, NULL, NULL, '44.349349', '55.3153', '44.349349', '55.3153', 'WB', '2019-04-10 12:10:43'),
(235, 132, '2019-04-10 17:40:27', NULL, NULL, NULL, '44.349349', '55.3153', '44.349349', '55.3153', 'WB', '2019-04-10 12:10:43'),
(236, 132, '2019-04-10 17:40:44', NULL, NULL, NULL, '44.349349', '55.3153', '44.349349', '55.3153', 'WB', '2019-04-10 12:10:53'),
(237, 132, '2019-04-10 17:40:44', NULL, NULL, NULL, '44.349349', '55.3153', '44.349349', '55.3153', 'WB', '2019-04-10 12:10:53'),
(238, 132, '2019-04-10 17:40:55', NULL, NULL, NULL, '44.349349', '55.3153', '44.349349', '55.3153', 'WB', '2019-04-10 12:10:59'),
(239, 132, '2019-04-10 17:40:55', NULL, NULL, NULL, '44.349349', '55.3153', '44.349349', '55.3153', 'WB', '2019-04-10 12:11:00'),
(240, 132, '2019-04-10 17:41:01', NULL, NULL, NULL, '44.349349', '55.3153', '44.349349', '55.3153', 'EB', '2019-04-10 12:34:25'),
(241, 132, '2019-04-10 17:41:01', NULL, NULL, NULL, '44.349349', '55.3153', '44.349349', '55.3153', 'EB', '2019-04-10 12:34:25'),
(242, 132, '2019-04-10 18:04:29', NULL, NULL, NULL, '44.349349', '55.3153', '44.349349', '55.3153', 'WB', '2019-04-10 12:36:56'),
(243, 132, '2019-04-10 18:04:29', NULL, NULL, NULL, '44.349349', '55.3153', '44.349349', '55.3153', 'WB', '2019-04-10 12:36:56'),
(244, 132, '2019-04-10 18:07:01', NULL, NULL, NULL, '44.349349', '55.3153', '44.349349', '55.3153', 'WB', '2019-04-10 12:37:08'),
(245, 132, '2019-04-10 18:07:01', NULL, NULL, NULL, '44.349349', '55.3153', '44.349349', '55.3153', 'WB', '2019-04-10 12:37:08'),
(246, 132, '2019-04-10 18:08:43', NULL, NULL, NULL, '44.349349', '55.3153', '44.349349', '55.3153', 'WB', '2019-04-10 12:38:59'),
(247, 132, '2019-04-10 18:08:43', NULL, NULL, NULL, '44.349349', '55.3153', '44.349349', '55.3153', 'WB', '2019-04-10 12:38:59'),
(248, 132, '2019-04-10 18:12:14', NULL, NULL, NULL, '44.349349', '55.3153', '28.5865', '77.3153', 'EB', '2019-04-10 12:44:31'),
(249, 132, '2019-04-10 18:12:14', NULL, NULL, NULL, '44.349349', '55.3153', '28.5865', '77.3153', 'EB', '2019-04-10 12:44:31'),
(250, 132, '2019-04-10 18:14:44', NULL, NULL, NULL, '28.5865', '77.3153', '28.5865', '77.3153', 'EB', '2019-04-10 12:53:05'),
(251, 132, '2019-04-10 18:14:44', NULL, NULL, NULL, '28.5865', '77.3153', '28.5865', '77.3153', 'EB', '2019-04-10 12:53:05'),
(252, 103, '2019-04-10 09:53:03', NULL, NULL, NULL, '40.44388091195416', '-89.03366144754834', '40.44392076790374', '-89.0336666443283', 'WB', '2019-04-10 14:53:29'),
(253, 103, '2019-04-10 09:53:03', NULL, NULL, NULL, '40.44388091195416', '-89.03366144754834', '40.44392076790374', '-89.0336666443283', 'WB', '2019-04-10 14:53:29'),
(254, 103, '2019-04-10 09:53:33', NULL, NULL, NULL, '40.44392076790374', '-89.0336666443283', '40.44393183201593', '-89.0336171910996', 'WB', '2019-04-10 14:53:45'),
(255, 103, '2019-04-10 09:53:33', NULL, NULL, NULL, '40.44392076790374', '-89.0336666443283', '40.44393183201593', '-89.0336171910996', 'WB', '2019-04-10 14:53:45'),
(256, 103, '2019-04-10 10:23:45', NULL, NULL, NULL, '40.45177720956546', '-89.02924401693886', '40.443959873218056', '-89.03343384829547', 'EB', '2019-04-10 15:31:07'),
(257, 103, '2019-04-10 10:23:45', NULL, NULL, NULL, '40.45177720956546', '-89.02924401693886', '40.443959873218056', '-89.03343384829547', 'EB', '2019-04-10 15:31:07'),
(258, 103, '2019-04-10 15:22:25', NULL, NULL, NULL, '40.47782074663832', '-89.01650813416487', '40.443984763734456', '-89.03337989942081', 'WB', '2019-04-10 21:07:14'),
(259, 103, '2019-04-10 15:22:25', NULL, NULL, NULL, '40.47782074663832', '-89.01650813416487', '40.443984763734456', '-89.03337989942081', 'WB', '2019-04-10 21:07:14'),
(260, 4, '2019-04-12 12:07:15', '2019-04-12 12:33:50', NULL, NULL, '-89.0333887', '-89.0333887', '40.5107527', '-88.9933185', 'West-Bound', '2019-04-12 17:33:52');

-- --------------------------------------------------------

--
-- Table structure for table `user_visited`
--

CREATE TABLE `user_visited` (
  `visit_id` bigint(20) NOT NULL,
  `user_id` bigint(20) NOT NULL DEFAULT '0',
  `poi_id` bigint(20) NOT NULL DEFAULT '0',
  `created_at` varchar(255) DEFAULT NULL,
  `rating` varchar(255) DEFAULT NULL,
  `comment` varchar(255) DEFAULT NULL,
  `status` int(11) DEFAULT '0' COMMENT '0 pending, 1 approve,2 denied'
) ENGINE=MyISAM DEFAULT CHARSET=latin1;

--
-- Dumping data for table `user_visited`
--

INSERT INTO `user_visited` (`visit_id`, `user_id`, `poi_id`, `created_at`, `rating`, `comment`, `status`) VALUES
(1, 2, 4, '2018-11-04 06:44:54', NULL, NULL, 0),
(2, 2, 4, '2018-11-03 06:44:54', NULL, NULL, 0),
(3, 4, 212, '2018-05-29 19:39:56', NULL, NULL, 0),
(4, 2, 4, '2018-11-02 06:44:54', NULL, NULL, 0),
(25, 4, 251, '2018-08-13 04:02:09', NULL, NULL, 0),
(6, 2, 4, '2018-11-08 06:44:54', '3', 'Hcjdkkfgcjjcjckfk', 1),
(7, 4, 249, '2018-06-18 17:44:53', NULL, NULL, 0),
(8, 4, 249, '2018-07-19 19:33:56', NULL, NULL, 0),
(24, 4, 249, '2018-08-13 03:54:32', NULL, NULL, 0),
(23, 5, 6, '2018-08-09 11:23:11', NULL, NULL, 0),
(11, 4, 249, '2018-07-30 03:26:25', NULL, NULL, 0),
(22, 4, 224, '2018-08-07 13:13:18', NULL, NULL, 0),
(13, 4, 249, '2018-08-06 21:58:24', NULL, NULL, 0),
(14, 4, 730, '2018-08-07 03:14:19', NULL, NULL, 0),
(15, 4, 251, '2018-08-07 03:14:31', NULL, NULL, 0),
(16, 4, 285, '2018-08-07 03:21:11', NULL, NULL, 0),
(17, 4, 225, '2018-08-07 03:21:21', NULL, NULL, 0),
(21, 5, 6, '2018-08-07 10:34:28', NULL, NULL, 0),
(20, 5, 5, '2018-08-07 10:32:40', NULL, NULL, 0),
(26, 4, 169, '2018-08-13 04:07:08', NULL, NULL, 0),
(27, 4, 568, '2018-08-20 13:35:07', NULL, NULL, 0),
(28, 4, 249, '2018-08-20 18:52:32', NULL, NULL, 0),
(29, 4, 568, '2018-08-23 13:42:36', NULL, NULL, 0),
(30, 4, 568, '2018-08-30 18:08:20', NULL, NULL, 0),
(31, 4, 249, '2018-08-30 18:11:10', NULL, NULL, 0),
(32, 2, 781, '2018-11-08 10:58:23', NULL, NULL, 0),
(33, 2, 594, '2018-11-08 11:07:41', NULL, NULL, 0),
(34, 2, 771, '2018-11-08 11:54:03', '5', 'Xhjdhd', 0),
(35, 47, 781, '2018-11-09 12:07:00', '4', NULL, 0),
(36, 2, 781, '2018-11-13 06:44:23', NULL, NULL, 0),
(37, 87, 4, '2019-03-11 08:14:26', '5.0', NULL, 0),
(38, 2, 4, '2019-03-26 11:58:01', '5', NULL, 0),
(39, 87, 4, '2019-04-02 06:16:02', NULL, NULL, 0),
(40, 87, 376, '2019-04-02 07:09:44', NULL, NULL, 0),
(41, 125, 4, '2019-04-12 12:01:41', NULL, NULL, 0),
(42, 125, 4, '2019-04-15 04:24:49', NULL, NULL, 0);

--
-- Indexes for dumped tables
--

--
-- Indexes for table `categories`
--
ALTER TABLE `categories`
  ADD PRIMARY KEY (`id`);

--
-- Indexes for table `collectorstamps`
--
ALTER TABLE `collectorstamps`
  ADD PRIMARY KEY (`id`);

--
-- Indexes for table `community`
--
ALTER TABLE `community`
  ADD PRIMARY KEY (`id`);

--
-- Indexes for table `drive_mode`
--
ALTER TABLE `drive_mode`
  ADD PRIMARY KEY (`id`);

--
-- Indexes for table `drive_sound`
--
ALTER TABLE `drive_sound`
  ADD PRIMARY KEY (`id`);

--
-- Indexes for table `family`
--
ALTER TABLE `family`
  ADD PRIMARY KEY (`id`);

--
-- Indexes for table `favorite`
--
ALTER TABLE `favorite`
  ADD PRIMARY KEY (`fav_id`);

--
-- Indexes for table `highway`
--
ALTER TABLE `highway`
  ADD PRIMARY KEY (`id`);

--
-- Indexes for table `last_poi_update`
--
ALTER TABLE `last_poi_update`
  ADD PRIMARY KEY (`id`);

--
-- Indexes for table `main_categories`
--
ALTER TABLE `main_categories`
  ADD PRIMARY KEY (`id`);

--
-- Indexes for table `master_route`
--
ALTER TABLE `master_route`
  ADD PRIMARY KEY (`id`);

--
-- Indexes for table `master_route_connect`
--
ALTER TABLE `master_route_connect`
  ADD PRIMARY KEY (`id`);

--
-- Indexes for table `notifications`
--
ALTER TABLE `notifications`
  ADD PRIMARY KEY (`id`);

--
-- Indexes for table `notifications_data`
--
ALTER TABLE `notifications_data`
  ADD PRIMARY KEY (`id`);

--
-- Indexes for table `options`
--
ALTER TABLE `options`
  ADD PRIMARY KEY (`id`,`audio_tour`);

--
-- Indexes for table `options_buttons`
--
ALTER TABLE `options_buttons`
  ADD PRIMARY KEY (`id`);

--
-- Indexes for table `options_switches`
--
ALTER TABLE `options_switches`
  ADD PRIMARY KEY (`id`);

--
-- Indexes for table `owners`
--
ALTER TABLE `owners`
  ADD PRIMARY KEY (`id`);

--
-- Indexes for table `poi`
--
ALTER TABLE `poi`
  ADD PRIMARY KEY (`id`);

--
-- Indexes for table `route`
--
ALTER TABLE `route`
  ADD PRIMARY KEY (`id`);

--
-- Indexes for table `route_alternate`
--
ALTER TABLE `route_alternate`
  ADD PRIMARY KEY (`id`);

--
-- Indexes for table `route_community`
--
ALTER TABLE `route_community`
  ADD PRIMARY KEY (`id`);

--
-- Indexes for table `route_community_poi`
--
ALTER TABLE `route_community_poi`
  ADD PRIMARY KEY (`id`);

--
-- Indexes for table `route_community_sub_poi`
--
ALTER TABLE `route_community_sub_poi`
  ADD PRIMARY KEY (`id`);

--
-- Indexes for table `states`
--
ALTER TABLE `states`
  ADD PRIMARY KEY (`id`);

--
-- Indexes for table `sub_categories`
--
ALTER TABLE `sub_categories`
  ADD PRIMARY KEY (`id`);

--
-- Indexes for table `sub_sub_categories`
--
ALTER TABLE `sub_sub_categories`
  ADD PRIMARY KEY (`id`);

--
-- Indexes for table `timezone`
--
ALTER TABLE `timezone`
  ADD PRIMARY KEY (`id`);

--
-- Indexes for table `trip_plan`
--
ALTER TABLE `trip_plan`
  ADD PRIMARY KEY (`plan_id`);

--
-- Indexes for table `users`
--
ALTER TABLE `users`
  ADD PRIMARY KEY (`id`);

--
-- Indexes for table `user_gps_coordinate`
--
ALTER TABLE `user_gps_coordinate`
  ADD PRIMARY KEY (`id`);

--
-- Indexes for table `user_visited`
--
ALTER TABLE `user_visited`
  ADD PRIMARY KEY (`visit_id`);

--
-- AUTO_INCREMENT for dumped tables
--

--
-- AUTO_INCREMENT for table `categories`
--
ALTER TABLE `categories`
  MODIFY `id` int(11) NOT NULL AUTO_INCREMENT, AUTO_INCREMENT=8;

--
-- AUTO_INCREMENT for table `collectorstamps`
--
ALTER TABLE `collectorstamps`
  MODIFY `id` bigint(20) NOT NULL AUTO_INCREMENT, AUTO_INCREMENT=8;

--
-- AUTO_INCREMENT for table `community`
--
ALTER TABLE `community`
  MODIFY `id` int(11) NOT NULL AUTO_INCREMENT, AUTO_INCREMENT=239;

--
-- AUTO_INCREMENT for table `drive_mode`
--
ALTER TABLE `drive_mode`
  MODIFY `id` int(11) NOT NULL AUTO_INCREMENT, AUTO_INCREMENT=12;

--
-- AUTO_INCREMENT for table `drive_sound`
--
ALTER TABLE `drive_sound`
  MODIFY `id` int(11) NOT NULL AUTO_INCREMENT, AUTO_INCREMENT=11;

--
-- AUTO_INCREMENT for table `family`
--
ALTER TABLE `family`
  MODIFY `id` int(11) NOT NULL AUTO_INCREMENT, AUTO_INCREMENT=117;

--
-- AUTO_INCREMENT for table `favorite`
--
ALTER TABLE `favorite`
  MODIFY `fav_id` bigint(20) NOT NULL AUTO_INCREMENT, AUTO_INCREMENT=128;

--
-- AUTO_INCREMENT for table `highway`
--
ALTER TABLE `highway`
  MODIFY `id` int(11) NOT NULL AUTO_INCREMENT, AUTO_INCREMENT=979;

--
-- AUTO_INCREMENT for table `last_poi_update`
--
ALTER TABLE `last_poi_update`
  MODIFY `id` int(5) NOT NULL AUTO_INCREMENT, AUTO_INCREMENT=2;

--
-- AUTO_INCREMENT for table `main_categories`
--
ALTER TABLE `main_categories`
  MODIFY `id` int(11) NOT NULL AUTO_INCREMENT, AUTO_INCREMENT=977;

--
-- AUTO_INCREMENT for table `master_route`
--
ALTER TABLE `master_route`
  MODIFY `id` int(11) NOT NULL AUTO_INCREMENT, AUTO_INCREMENT=54;

--
-- AUTO_INCREMENT for table `master_route_connect`
--
ALTER TABLE `master_route_connect`
  MODIFY `id` int(11) NOT NULL AUTO_INCREMENT, AUTO_INCREMENT=365;

--
-- AUTO_INCREMENT for table `notifications`
--
ALTER TABLE `notifications`
  MODIFY `id` bigint(20) NOT NULL AUTO_INCREMENT, AUTO_INCREMENT=5244;

--
-- AUTO_INCREMENT for table `notifications_data`
--
ALTER TABLE `notifications_data`
  MODIFY `id` int(11) NOT NULL AUTO_INCREMENT, AUTO_INCREMENT=217;

--
-- AUTO_INCREMENT for table `options`
--
ALTER TABLE `options`
  MODIFY `id` int(11) NOT NULL AUTO_INCREMENT, AUTO_INCREMENT=973;

--
-- AUTO_INCREMENT for table `options_buttons`
--
ALTER TABLE `options_buttons`
  MODIFY `id` int(11) NOT NULL AUTO_INCREMENT, AUTO_INCREMENT=975;

--
-- AUTO_INCREMENT for table `options_switches`
--
ALTER TABLE `options_switches`
  MODIFY `id` int(11) NOT NULL AUTO_INCREMENT, AUTO_INCREMENT=975;

--
-- AUTO_INCREMENT for table `owners`
--
ALTER TABLE `owners`
  MODIFY `id` int(11) NOT NULL AUTO_INCREMENT, AUTO_INCREMENT=3;

--
-- AUTO_INCREMENT for table `poi`
--
ALTER TABLE `poi`
  MODIFY `id` int(11) NOT NULL AUTO_INCREMENT, AUTO_INCREMENT=972;

--
-- AUTO_INCREMENT for table `route`
--
ALTER TABLE `route`
  MODIFY `id` int(11) NOT NULL AUTO_INCREMENT, AUTO_INCREMENT=418;

--
-- AUTO_INCREMENT for table `route_alternate`
--
ALTER TABLE `route_alternate`
  MODIFY `id` int(11) NOT NULL AUTO_INCREMENT, AUTO_INCREMENT=59;

--
-- AUTO_INCREMENT for table `route_community`
--
ALTER TABLE `route_community`
  MODIFY `id` int(11) NOT NULL AUTO_INCREMENT, AUTO_INCREMENT=466;

--
-- AUTO_INCREMENT for table `route_community_poi`
--
ALTER TABLE `route_community_poi`
  MODIFY `id` int(11) NOT NULL AUTO_INCREMENT, AUTO_INCREMENT=1304;

--
-- AUTO_INCREMENT for table `route_community_sub_poi`
--
ALTER TABLE `route_community_sub_poi`
  MODIFY `id` int(11) NOT NULL AUTO_INCREMENT, AUTO_INCREMENT=32;

--
-- AUTO_INCREMENT for table `states`
--
ALTER TABLE `states`
  MODIFY `id` int(11) NOT NULL AUTO_INCREMENT, AUTO_INCREMENT=11;

--
-- AUTO_INCREMENT for table `sub_categories`
--
ALTER TABLE `sub_categories`
  MODIFY `id` int(11) NOT NULL AUTO_INCREMENT, AUTO_INCREMENT=57;

--
-- AUTO_INCREMENT for table `sub_sub_categories`
--
ALTER TABLE `sub_sub_categories`
  MODIFY `id` int(11) NOT NULL AUTO_INCREMENT, AUTO_INCREMENT=82;

--
-- AUTO_INCREMENT for table `timezone`
--
ALTER TABLE `timezone`
  MODIFY `id` int(11) NOT NULL AUTO_INCREMENT, AUTO_INCREMENT=5;

--
-- AUTO_INCREMENT for table `trip_plan`
--
ALTER TABLE `trip_plan`
  MODIFY `plan_id` bigint(20) NOT NULL AUTO_INCREMENT, AUTO_INCREMENT=180;

--
-- AUTO_INCREMENT for table `users`
--
ALTER TABLE `users`
  MODIFY `id` int(20) NOT NULL AUTO_INCREMENT, AUTO_INCREMENT=141;

--
-- AUTO_INCREMENT for table `user_gps_coordinate`
--
ALTER TABLE `user_gps_coordinate`
  MODIFY `id` int(11) NOT NULL AUTO_INCREMENT, AUTO_INCREMENT=261;

--
-- AUTO_INCREMENT for table `user_visited`
--
ALTER TABLE `user_visited`
  MODIFY `visit_id` bigint(20) NOT NULL AUTO_INCREMENT, AUTO_INCREMENT=43;
COMMIT;

